-- Table structure for table `paragraph_revision__field_titre_competence`
--

CREATE TABLE `paragraph_revision__field_titre_competence` (
  `bundle` varchar(128) CHARACTER SET ascii NOT NULL DEFAULT '' COMMENT 'The field instance bundle to which this row belongs, used when deleting a field instance',
  `deleted` tinyint(4) NOT NULL DEFAULT 0 COMMENT 'A boolean indicating whether this data item has been deleted',
  `entity_id` int(10) unsigned NOT NULL COMMENT 'The entity id this data is attached to',
  `revision_id` int(10) unsigned NOT NULL COMMENT 'The entity revision id this data is attached to',
  `langcode` varchar(32) CHARACTER SET ascii NOT NULL DEFAULT '' COMMENT 'The language code for this data item.',
  `delta` int(10) unsigned NOT NULL COMMENT 'The sequence number for this data item, used for multi-value fields',
  `field_titre_competence_value` varchar(255) NOT NULL,
  `field_titre_competence_format` varchar(255) DEFAULT NULL,
  PRIMARY KEY (`entity_id`,`revision_id`,`deleted`,`delta`,`langcode`),
  KEY `bundle` (`bundle`),
  KEY `revision_id` (`revision_id`),
  KEY `field_titre_competence_format` (`field_titre_competence_format`(191))
) ENGINE=InnoDB DEFAULT CHARSET=utf8mb4 COMMENT='Revision archive storage for paragraph field field_titre…';

--
-- Dumping data for table `paragraph_revision__field_titre_competence`
--

INSERT INTO `paragraph_revision__field_titre_competence` VALUES ('type_paragraph_1',0,1,1,'fr',0,'Web Design','basic_html'),('type_paragraph_1',0,2,2,'fr',0,'Acsi aptent augue diam hendrerit nisl odio usitas vel. Appellatio esca esse macto occuro praemitto quidne utrum vero ymo. Dolore hendrerit iriure meus mos os suscipit. Acsi bene haero hos importunus premo proprius vero. Humo loquor nutus premo valde. Apte','plain_text'),('type_paragraph_1',0,3,3,'fr',0,'Abico cogo duis ea elit iaceo paulatim. Augue blandit diam interdico iusto utrum vero vulpes. Commodo eligo iaceo iriure oppeto patria proprius sit typicus. Aliquam ille lucidus ludus roto utinam velit venio. Incassum inhibeo mos olim tation vulputate ymo','plain_text'),('type_paragraph_1',0,4,4,'fr',0,'Exerci nutus obruo quidne suscipere tation utinam. Capto dolor iaceo illum luptatum nisl obruo singularis tego. Adipiscing dolus wisi. Brevitas humo illum imputo paratus pertineo sagaciter vel vulputate. Abico duis gravis vindico. At importunus neque. Con','plain_text');

--
-- Table structure for table `paragraphs_item`
--

CREATE TABLE `paragraphs_item` (
  `id` int(10) unsigned NOT NULL AUTO_INCREMENT,
  `revision_id` int(10) unsigned DEFAULT NULL,
  `type` varchar(32) CHARACTER SET ascii NOT NULL COMMENT 'The ID of the target entity.',
  `uuid` varchar(128) CHARACTER SET ascii NOT NULL,
  `langcode` varchar(12) CHARACTER SET ascii NOT NULL,
  PRIMARY KEY (`id`),
  UNIQUE KEY `paragraph_field__uuid__value` (`uuid`),
  UNIQUE KEY `paragraph__revision_id` (`revision_id`),
  KEY `paragraph_field__type__target_id` (`type`)
) ENGINE=InnoDB AUTO_INCREMENT=6 DEFAULT CHARSET=utf8mb4 COMMENT='The base table for paragraph entities.';

--
-- Dumping data for table `paragraphs_item`
--

INSERT INTO `paragraphs_item` VALUES (1,1,'type_paragraph_1','5bf0122c-5c41-4620-b986-0fe15ed333ec','fr'),(2,2,'type_paragraph_1','ffaaafac-0b25-4aa1-b320-fbb817d2bf73','fr'),(3,3,'type_paragraph_1','a5f51a41-cd5e-4ecb-bc2a-693dc7d489d2','fr'),(4,4,'type_paragraph_1','88d74b83-6624-4094-a378-a6675efcf041','fr');

--
-- Table structure for table `paragraphs_item_field_data`
--

CREATE TABLE `paragraphs_item_field_data` (
  `id` int(10) unsigned NOT NULL,
  `revision_id` int(10) unsigned NOT NULL,
  `type` varchar(32) CHARACTER SET ascii NOT NULL COMMENT 'The ID of the target entity.',
  `langcode` varchar(12) CHARACTER SET ascii NOT NULL,
  `status` tinyint(4) NOT NULL,
  `created` int(11) DEFAULT NULL,
  `parent_id` varchar(255) CHARACTER SET ascii DEFAULT NULL,
  `parent_type` varchar(32) CHARACTER SET ascii DEFAULT NULL,
  `parent_field_name` varchar(32) CHARACTER SET ascii DEFAULT NULL,
  `behavior_settings` longtext DEFAULT NULL,
  `default_langcode` tinyint(4) NOT NULL,
  `revision_translation_affected` tinyint(4) DEFAULT NULL,
  PRIMARY KEY (`id`,`langcode`),
  KEY `paragraph__id__default_langcode__langcode` (`id`,`default_langcode`,`langcode`),
  KEY `paragraph__revision_id` (`revision_id`),
  KEY `paragraph_field__type__target_id` (`type`),
  KEY `paragraph__status_type` (`status`,`type`,`id`),
  KEY `paragraphs__parent_fields` (`parent_type`,`parent_id`,`parent_field_name`)
) ENGINE=InnoDB DEFAULT CHARSET=utf8mb4 COMMENT='The data table for paragraph entities.';

--
-- Dumping data for table `paragraphs_item_field_data`
--

INSERT INTO `paragraphs_item_field_data` VALUES (1,1,'type_paragraph_1','fr',1,1642516133,'135','node','field_paragraph_test','a:0:{}',1,1),(2,2,'type_paragraph_1','fr',1,1642516176,NULL,NULL,NULL,'a:0:{}',1,1),(3,3,'type_paragraph_1','fr',1,1642516977,NULL,NULL,NULL,'a:0:{}',1,1),(4,4,'type_paragraph_1','fr',1,1642518429,NULL,NULL,NULL,'a:0:{}',1,1);

--
-- Table structure for table `paragraphs_item_revision`
--

CREATE TABLE `paragraphs_item_revision` (
  `id` int(10) unsigned NOT NULL,
  `revision_id` int(10) unsigned NOT NULL AUTO_INCREMENT,
  `langcode` varchar(12) CHARACTER SET ascii NOT NULL,
  `revision_default` tinyint(4) DEFAULT NULL,
  PRIMARY KEY (`revision_id`),
  KEY `paragraph__id` (`id`)
) ENGINE=InnoDB AUTO_INCREMENT=6 DEFAULT CHARSET=utf8mb4 COMMENT='The revision table for paragraph entities.';

--
-- Dumping data for table `paragraphs_item_revision`
--

INSERT INTO `paragraphs_item_revision` VALUES (1,1,'fr',1),(2,2,'fr',1),(3,3,'fr',1),(4,4,'fr',1);

--
-- Table structure for table `paragraphs_item_revision_field_data`
--

CREATE TABLE `paragraphs_item_revision_field_data` (
  `id` int(10) unsigned NOT NULL,
  `revision_id` int(10) unsigned NOT NULL,
  `langcode` varchar(12) CHARACTER SET ascii NOT NULL,
  `status` tinyint(4) NOT NULL,
  `created` int(11) DEFAULT NULL,
  `parent_id` varchar(255) CHARACTER SET ascii DEFAULT NULL,
  `parent_type` varchar(32) CHARACTER SET ascii DEFAULT NULL,
  `parent_field_name` varchar(32) CHARACTER SET ascii DEFAULT NULL,
  `behavior_settings` longtext DEFAULT NULL,
  `default_langcode` tinyint(4) NOT NULL,
  `revision_translation_affected` tinyint(4) DEFAULT NULL,
  PRIMARY KEY (`revision_id`,`langcode`),
  KEY `paragraph__id__default_langcode__langcode` (`id`,`default_langcode`,`langcode`),
  KEY `paragraphs__parent_fields` (`parent_type`,`parent_id`,`parent_field_name`)
) ENGINE=InnoDB DEFAULT CHARSET=utf8mb4 COMMENT='The revision data table for paragraph entities.';

--
-- Dumping data for table `paragraphs_item_revision_field_data`
--

INSERT INTO `paragraphs_item_revision_field_data` VALUES (1,1,'fr',1,1642516133,'135','node','field_paragraph_test','a:0:{}',1,1),(2,2,'fr',1,1642516176,NULL,NULL,NULL,'a:0:{}',1,1),(3,3,'fr',1,1642516977,NULL,NULL,NULL,'a:0:{}',1,1),(4,4,'fr',1,1642518429,NULL,NULL,NULL,'a:0:{}',1,1);

--
-- Table structure for table `path_alias`
--

CREATE TABLE `path_alias` (
  `id` int(10) unsigned NOT NULL AUTO_INCREMENT,
  `revision_id` int(10) unsigned DEFAULT NULL,
  `uuid` varchar(128) CHARACTER SET ascii NOT NULL,
  `langcode` varchar(12) CHARACTER SET ascii NOT NULL,
  `path` varchar(255) DEFAULT NULL,
  `alias` varchar(255) DEFAULT NULL,
  `status` tinyint(4) NOT NULL,
  PRIMARY KEY (`id`),
  UNIQUE KEY `path_alias_field__uuid__value` (`uuid`),
  UNIQUE KEY `path_alias__revision_id` (`revision_id`),
  KEY `path_alias__status` (`status`,`id`),
  KEY `path_alias__alias_langcode_id_status` (`alias`(191),`langcode`,`id`,`status`),
  KEY `path_alias__path_langcode_id_status` (`path`(191),`langcode`,`id`,`status`)
) ENGINE=InnoDB AUTO_INCREMENT=162 DEFAULT CHARSET=utf8mb4 COMMENT='The base table for path_alias entities.';

--
-- Dumping data for table `path_alias`
--

INSERT INTO `path_alias` VALUES (2,2,'8881d63c-4821-47c5-b4fa-577d1530edfe','fr','/node/8','/accueil',1),(116,116,'8420e2bb-0c2e-42f4-8ffe-67835e8175f0','fr','/node/15','/services',1),(117,117,'de8d3fb3-6877-473e-9599-50539740590d','fr','/node/16','/a-propos-de-nous',1),(118,118,'b61ae3e1-b18e-4027-aeea-3cb2ad045591','fr','/node/17','/ressources-V.1',1),(119,119,'cfc9b18c-5920-4f09-a3a1-0a87ac845031','fr','/node/18','/ressources-V.2',1),(120,120,'d1c54903-820d-4822-a13b-2c60a0e0d293','fr','/node/19','/portfolio-default',1),(121,121,'b0552c26-5521-4740-a539-41a42153ea91','fr','/node/20','/portfolio-alter',1),(122,122,'3da56173-bba4-4190-9dbc-284b51cf5304','fr','/node/21','/portfolio-gallery',1),(124,124,'c1df0578-ae96-4e43-9904-4f74221be69d','fr','/node/23','/blog-grid+sidebar',1),(125,125,'e0d7b294-1f86-40d0-8ee2-b5b9edc48b68','fr','/node/24','/blog-standard',1),(126,126,'fc254832-f76d-4fa7-9814-55c2763e656b','fr','/node/25','/blog-post',1),(127,127,'ba763626-78b8-431b-8706-ce0f87dcd85b','fr','/node/26','/404-error-page',1),(128,128,'881289c9-96eb-47d5-8e56-916fc460b4d1','fr','/node/27','/buttons',1),(129,129,'b73b0856-6d05-4551-ba6a-4b719fe4921e','fr','/node/28','/forms',1),(130,130,'c0ff34c3-9d84-4190-92d0-31daf3cd3a31','fr','/node/29','/typography',1),(134,134,'c5a444c4-0597-4484-81d5-a8cc2c7697b2','fr','/node/44','/contact',1),(135,135,'889aa928-175b-4f53-9e7d-26b45eee425c','fr','/node/47','/actualites',1),(139,139,'cbf4b6f5-2a0b-4614-b1cb-f4c3cce98c71','fr','/node/59','/alarme',1),(140,140,'8ac643a7-7986-4b8d-aead-a238e2d61ff6','fr','/node/65','/realisation',1),(151,151,'9e3bfce3-d543-45c5-ba31-5f96cbd6747e','fr','/node/135','/homepage',1),(152,152,'dc447201-aeae-42a6-9f34-9b4d1d08261a','fr','/node/137','/domotique',1),(153,153,'038e88f3-16f2-4aff-8b6e-41f6d95117dd','fr','/node/138','/electricite',1),(154,154,'05b0c8b3-93ce-43fa-a33c-55b569c7fb2c','fr','/node/139','/assurance',1),(155,155,'eecdbdeb-6466-40bf-a6ec-17386aa2d254','fr','/node/140','/ouvertures',1),(156,156,'f75c61ec-91a0-4d73-b963-4c36c3a1821c','fr','/node/141','/confort',1),(157,157,'cc36489a-4164-4a81-a6d5-5a2849488de6','fr','/node/142','/securite',1),(158,158,'6479f85f-8d86-411e-a881-5a7e05542432','fr','/node/143','/scenario',1),(159,159,'24d094b7-57cf-4a8c-86ab-4b1fe175ac82','fr','/node/144','/renovation',1),(160,160,'269ca4ca-acd8-41e5-824b-9b06465c0b44','fr','/node/145','/neuf',1),(161,161,'453b4540-37e8-4125-9a38-83dc9c496be9','fr','/node/146','/borne-de-recharge-de-vehicules-electrique',1);

--
-- Table structure for table `path_alias_revision`
--

CREATE TABLE `path_alias_revision` (
  `id` int(10) unsigned NOT NULL,
  `revision_id` int(10) unsigned NOT NULL AUTO_INCREMENT,
  `langcode` varchar(12) CHARACTER SET ascii NOT NULL,
  `path` varchar(255) DEFAULT NULL,
  `alias` varchar(255) DEFAULT NULL,
  `status` tinyint(4) NOT NULL,
  `revision_default` tinyint(4) DEFAULT NULL,
  PRIMARY KEY (`revision_id`),
  KEY `path_alias__id` (`id`)
) ENGINE=InnoDB AUTO_INCREMENT=162 DEFAULT CHARSET=utf8mb4 COMMENT='The revision table for path_alias entities.';

--
-- Dumping data for table `path_alias_revision`
--

INSERT INTO `path_alias_revision` VALUES (2,2,'fr','/node/8','/accueil',1,1),(116,116,'fr','/node/15','/services',1,1),(117,117,'fr','/node/16','/a-propos-de-nous',1,1),(118,118,'fr','/node/17','/ressources-V.1',1,1),(119,119,'fr','/node/18','/ressources-V.2',1,1),(120,120,'fr','/node/19','/portfolio-default',1,1),(121,121,'fr','/node/20','/portfolio-alter',1,1),(122,122,'fr','/node/21','/portfolio-gallery',1,1),(124,124,'fr','/node/23','/blog-grid+sidebar',1,1),(125,125,'fr','/node/24','/blog-standard',1,1),(126,126,'fr','/node/25','/blog-post',1,1),(127,127,'fr','/node/26','/404-error-page',1,1),(128,128,'fr','/node/27','/buttons',1,1),(129,129,'fr','/node/28','/forms',1,1),(130,130,'fr','/node/29','/typography',1,1),(134,134,'fr','/node/44','/contact',1,1),(135,135,'fr','/node/47','/actualites',1,1),(139,139,'fr','/node/59','/alarme',1,1),(140,140,'fr','/node/65','/realisation',1,1),(151,151,'fr','/node/135','/homepage',1,1),(152,152,'fr','/node/137','/domotique',1,1),(153,153,'fr','/node/138','/electricite',1,1),(154,154,'fr','/node/139','/assurance',1,1),(155,155,'fr','/node/140','/ouvertures',1,1),(156,156,'fr','/node/141','/confort',1,1),(157,157,'fr','/node/142','/securite',1,1),(158,158,'fr','/node/143','/scenario',1,1),(159,159,'fr','/node/144','/renovation',1,1),(160,160,'fr','/node/145','/neuf',1,1),(161,161,'fr','/node/146','/borne-de-recharge-de-vehicules-electrique',1,1);

--
-- Table structure for table `queue`
--

CREATE TABLE `queue` (
  `item_id` int(10) unsigned NOT NULL AUTO_INCREMENT COMMENT 'Primary Key: Unique item ID.',
  `name` varchar(255) CHARACTER SET ascii NOT NULL DEFAULT '' COMMENT 'The queue name.',
  `data` longblob DEFAULT NULL COMMENT 'The arbitrary data for the item.',
  `expire` int(11) NOT NULL DEFAULT 0 COMMENT 'Timestamp when the claim lease expires on the item.',
  `created` int(11) NOT NULL DEFAULT 0 COMMENT 'Timestamp when the item was created.',
  PRIMARY KEY (`item_id`),
  KEY `name_created` (`name`,`created`),
  KEY `expire` (`expire`)
) ENGINE=InnoDB AUTO_INCREMENT=645 DEFAULT CHARSET=utf8mb4 COMMENT='Stores items in queues.';

--
-- Dumping data for table `queue`
--


--
-- Table structure for table `router`
--

CREATE TABLE `router` (
  `name` varchar(255) CHARACTER SET ascii NOT NULL DEFAULT '' COMMENT 'Primary Key: Machine name of this route',
  `path` varchar(255) NOT NULL DEFAULT '' COMMENT 'The path for this URI',
  `pattern_outline` varchar(255) NOT NULL DEFAULT '' COMMENT 'The pattern',
  `fit` int(11) NOT NULL DEFAULT 0 COMMENT 'A numeric representation of how specific the path is.',
  `route` longblob DEFAULT NULL COMMENT 'A serialized Route object',
  `number_parts` smallint(6) NOT NULL DEFAULT 0 COMMENT 'Number of parts in this router path.',
  PRIMARY KEY (`name`),
  KEY `pattern_outline_parts` (`pattern_outline`(191),`number_parts`)
) ENGINE=InnoDB DEFAULT CHARSET=utf8mb4 COMMENT='Maps paths to various callbacks (access, page and title)';

--
-- Dumping data for table `router`
--



--
-- Table structure for table `search_dataset`
--

CREATE TABLE `search_dataset` (
  `sid` int(10) unsigned NOT NULL DEFAULT 0 COMMENT 'Search item ID, e.g. node ID for nodes.',
  `langcode` varchar(12) CHARACTER SET ascii NOT NULL DEFAULT '' COMMENT 'The "languages".langcode of the item variant.',
  `type` varchar(64) CHARACTER SET ascii NOT NULL COMMENT 'Type of item, e.g. node.',
  `data` longtext NOT NULL COMMENT 'List of space-separated words from the item.',
  `reindex` int(10) unsigned NOT NULL DEFAULT 0 COMMENT 'Set to force node reindexing.',
  PRIMARY KEY (`sid`,`langcode`,`type`)
) ENGINE=InnoDB DEFAULT CHARSET=utf8mb4 COMMENT='Stores items that will be searched.';

--
-- Dumping data for table `search_dataset`
--

INSERT INTO `search_dataset` VALUES (8,'fr','node_search',' ma banniere ma banniere theowseils mar 19102021 1728 ex t cepteur sint occaecat cupid proident  ',0),(15,'fr','node_search',' banniere services banniere services theowseils jeu 28102021 1418 body  ',0),(16,'fr','node_search',' banniere a propo banniere a propo theowseils jeu 28102021 1422 body  ',0),(17,'fr','node_search',' banniere ressource v1 banniere ressource v1 theowseils jeu 28102021 1426 body  ',0),(18,'fr','node_search',' banniere ressource v2 banniere ressource v2 theowseils jeu 28102021 1429 body  ',0),(19,'fr','node_search',' banniere portfoliodefault banniere portfoliodefault theowseils jeu 28102021 1431 body  ',0),(20,'fr','node_search',' banniere portfolioalter banniere portfolioalter theowseils jeu 28102021 1433 body  ',0),(21,'fr','node_search',' banniere portfoliogallery banniere portfoliogallery theowseils jeu 28102021 1435 body  ',0),(23,'fr','node_search',' banniere bloggrid sidebar banniere bloggrid sidebar theowseils jeu 28102021 1442 body  ',0),(24,'fr','node_search',' banniere blogstandard banniere blogstandard theowseils jeu 28102021 1446 body  ',0),(25,'fr','node_search',' banniere blogpost banniere blogpost theowseils jeu 28102021 1449 body  ',0),(26,'fr','node_search',' banniere 404errorpage banniere 404errorpage theowseils jeu 28102021 1452 body  ',0),(27,'fr','node_search',' banniere buttons banniere buttons theowseils jeu 28102021 1458 body  ',0),(28,'fr','node_search',' banniere forms banniere forms theowseils jeu 28102021 1500 body  ',0),(29,'fr','node_search',' banniere typography banniere typography theowseils jeu 28102021 1503 body  ',0),(34,'fr','node_search',' ma page ma page language french theowseils ven 29102021 1527 fusce fringilla nisi turpis ac vehicula magna laoreet ut in lacinia nisi id dignissim posuere etiam at massa ante nulla sapien nibh quis dignissim cursus hendrerit 121 king street melbourne victoria 3000 australia phone 123 456 789  youremail infocom  ',0),(35,'fr','node_search',' responsive webdesign 50 exemples and best practices responsive webdesign 50 exemples and best practices theowseils lun 15112021  web design coding ',0),(36,'fr','node_search',' 25 free and premium admin html website templates and layouts 25 free and premium admin html website templates and layouts theowseils lun 15112021 959 resources actublog ',0),(37,'fr','node_search',' why designers and web developers must work together why designers and web developers must work together theowseils lun 15112021 1058 coding viverra ipsum libero consequatur sit lectus convallis in vehicula enim libero eget mauris consequat nonummy etiam varius porta quam nibh porta nam euismod in debitis sociis phasellus feugiat luctus diam vitae aenean odio ligula interdum suscipit viverra massa blandit tempor sit nam ',0),(38,'fr','node_search',' timesaving tools and resources for freelance designers timesaving tools and resources for freelance designers theowseils lun 15112021 1645 resources actublog ',0),(39,'fr','node_search',' how to create a flat cityscape in adobe illustrator how to create a flat cityscape in adobe illustrator theowseils lun 15112021 1648 tutorials actublog ',0),(40,'fr','node_search',' 21 tips for creating a great personal online portfolio 21 tips for creating a great personal online portfolio theowseils lun 15112021 1649 freebies actublog ',0),(41,'fr','node_search',' convert psd to html useful resources for web designers convert psd to html useful resources for web designers theowseils lun 15112021 1650 web design actublog ',0),(42,'fr','node_search',' premium web tools services recommended by professionals premium web tools services recommended by professionals theowseils lun 15112021 1652 resources actublog ',0),(43,'fr','node_search',' premium web tools services recommended by professionals premium web tools services recommended by professionals theowseils lun 15112021 1653 resources actublog ',0),(44,'fr','node_search',' banniere contact banniere contact theowseils mer 17112021 1133 ',0),(47,'fr','node_search',' banniere actualites banniere actualites theowseils jeu 18112021 1040 nos articles  ',0),(59,'fr','node_search',' banniere article alarme banniere article alarme theowseils jeu 9122021 903 ',0),(60,'fr','node_search',' domotique domotique theowseils jeu 9122021 913 domotique ',0),(63,'fr','node_search',' texte exemple accueil texte exemple accueil theowseils jeu 9122021 1638 le specialiste de la domotique et de l electrique notre societe experte domotique electrique  est specialisee dans la programmation et l installation de systemes domotiques electrique  nos integrateurs domotiques sont specialises dans les systemes connectees suivants lorawan simonsvoss knx knx expert lutron loxone control4 rti crestron jeedom pro legrand my home niko wifi et ipx800 notre entreprise specialise en  domotique electricite  intervient dans les alpesmaritimes 6 cannes mougins le cannet antibes nice eze villefranche sur mer menton vence mandelieu theoule grasse cagnes sur mer vallauris saint laurent du var villeneuve loubet beausoleil roquebrune cap martin valbonne carros mouans sartoux biot peymeinade la colle sur loup contes la gaude pegomas roquefort les pins cap d ail beaulieu sur mer le var 83 frejus saint raphael fayence montauroux grimaud sainttropez draguignan sainte maxime roquebrune sur argens lorgues le luc le muy puget sur argens les arcs trans en provence et monaco pour les collectivites les entreprises et les particuliers vous avez un projet  domotique ou electricite  contactez notre societe pour plus d informations  ',0),(64,'fr','node_search',' texterealisation texterealisation ut velit mauris egestas sed gravida nec ornare ut mi aenean ut orci vel massa suscipit pulvinar nulla sollicitudin fusce varius ligula non tempus aliquam nunc turpis ullamcorper nibh in tempus sapien eros vitae ligula pellentesque rhoncus nunc et augue integer id felis curabitur aliquet pellentesque diam integer quis metus vitae elit lobortis egestas lorem ipsum dolor sit amet consectetuer adipiscing elit morbi vel erat non mauris convallis vehicula nulla et sapien integer tortor tellus aliquam faucibus convallis id congue eu quam theowseils jeu 9122021 1738  ',0),(65,'fr','node_search',' banniere realisation banniere realisation theowseils ven 10122021 359 ',0),(67,'fr','node_search',' electricite electricite theowseils ven 10122021 942 electricite ',0),(68,'fr','node_search',' depose et repose tableaux electrique depose et repose tableaux electrique theowseils ven 10122021 1016 depose et repose tableaux electrique  ',0),(70,'fr','node_search',' assurance assurance theowseils ven 10122021 1407 assurance ',0),(72,'fr','node_search',' ouvertures ouvertures theowseils ven 10122021 1445 ouvertures ',0),(75,'fr','node_search',' confort confort theowseils ven 10122021 1512 confort ',0),(76,'fr','node_search',' securite securite theowseils ven 10122021 1517 securite ',0),(79,'fr','node_search',' scenario scenario theowseils ven 10122021 1520 scenario ',0),(80,'fr','node_search',' portail electrique portail electrique theowseils ven 10122021 1526 information portail electrique  ',0),(82,'fr','node_search',' volets roulants volets roulants theowseils ven 10122021 1640 aliquam convallis sollicitudin purus praesent aliquam enim at fermentum mollis ligula massa adipiscing nisl ac euismod nibh nisl eu lectus fusce vulputate sem at sapien vivamus leo aliquam euismod libero eu enim nulla nec felis sed leo placerat imperdiet aenean suscipit nulla in justo suspendisse cursus rutrum augue nulla tincidunt tincidunt mi curabitur iaculis lorem vel rhoncus faucibus felis magna fermentum augue et ultricies lacus lorem varius purus curabitur eu amet  ',0),(83,'fr','node_search',' interphonie interphonie theowseils ven 10122021 1642 aliquam convallis sollicitudin purus praesent aliquam enim at fermentum mollis ligula massa adipiscing nisl ac euismod nibh nisl eu lectus fusce vulputate sem at sapien vivamus leo aliquam euismod libero eu enim nulla nec felis sed leo placerat imperdiet aenean suscipit nulla in justo suspendisse cursus rutrum augue nulla tincidunt tincidunt mi curabitur iaculis lorem vel rhoncus faucibus felis magna fermentum augue et ultricies lacus lorem varius purus curabitur eu amet  ',0),(84,'fr','node_search',' chauffage chauffage theowseils ven 10122021 1646 aliquam convallis sollicitudin purus praesent aliquam enim at fermentum mollis ligula massa adipiscing nisl ac euismod nibh nisl eu lectus fusce vulputate sem at sapien vivamus leo aliquam euismod libero eu enim nulla nec felis sed leo placerat imperdiet aenean suscipit nulla in justo suspendisse cursus rutrum augue nulla tincidunt tincidunt mi curabitur iaculis lorem vel rhoncus faucibus felis magna fermentum augue et ultricies lacus lorem varius purus curabitur eu amet  ',0),(85,'fr','node_search',' alarme alarme theowseils ven 10122021 1648 aliquam convallis sollicitudin purus praesent aliquam enim at fermentum mollis ligula massa adipiscing nisl ac euismod nibh nisl eu lectus fusce vulputate sem at sapien vivamus leo aliquam euismod libero eu enim nulla nec felis sed leo placerat imperdiet aenean suscipit nulla in justo suspendisse cursus rutrum augue nulla tincidunt tincidunt mi curabitur iaculis lorem vel rhoncus faucibus felis magna fermentum augue et ultricies lacus lorem varius purus curabitur eu amet  ',0),(86,'fr','node_search',' j arrive a la maison j arrive a la maison theowseils ven 10122021 1651 aliquam convallis sollicitudin purus praesent aliquam enim at fermentum mollis ligula massa adipiscing nisl ac euismod nibh nisl eu lectus fusce vulputate sem at sapien vivamus leo aliquam euismod libero eu enim nulla nec felis sed leo placerat imperdiet aenean suscipit nulla in justo suspendisse cursus rutrum augue nulla tincidunt tincidunt mi curabitur iaculis lorem vel rhoncus faucibus felis magna fermentum augue et ultricies lacus lorem varius purus curabitur eu amet  ',0),(89,'fr','node_search',' renovation renovation theowseils ven 10122021 1721 renovation ',0),(90,'fr','node_search',' neuf neuf theowseils ven 10122021 1721 neuf ',0),(91,'fr','node_search',' borne de recharge de vehicules electriques borne de recharge de vehicules electriques theowseils ven 10122021 1722 borne de recharge de vehicules electriques ',0),(93,'fr','node_search',' depose et repose tableaux electrique depose et repose tableaux electrique theowseils ven 10122021 1731  ',0),(94,'fr','node_search',' ajout prises ajout prises theowseils ven 10122021 1732  ',0),(95,'fr','node_search',' verification verification theowseils ven 10122021 1743  ',0),(99,'fr','node_search',' vintage handmade vintage handmade theowseils jeu 23122021 844  ',0),(100,'fr','node_search',' mountain mountain theowseils jeu 23122021 846  ',0),(101,'fr','node_search',' ransom wilder ransom wilder theowseils jeu 23122021 847  ',0),(102,'fr','node_search',' mineapolis mineapolis theowseils jeu 23122021 848  ',0),(103,'fr','node_search',' steak house steak house theowseils jeu 23122021 852  ',0),(104,'fr','node_search',' collection collection theowseils jeu 23122021 853  ',0),(105,'fr','node_search',' shabby chic shabby chic theowseils jeu 23122021 856  ',0),(106,'fr','node_search','  1 which plan is right for me   1 which plan is right for me theowseils jeu 23122021 1136 anim pariatur cliche reprehenderit enim eiusmod high life accusamus terry richardson ad squid 3 wolf moon officia aute non cupidatat skateboard dolor brunch food truck quinoa nesciunt laborum eiusmod brunch 3 wolf moon tempor sunt aliqua put a bird on it squid singleorigin coffee nulla assumenda shoreditch et nihil anim keffiyeh helvetica craft beer labore wes anderson cred nesciunt sapiente ea proident ad vegan excepteur butcher vice lomo leggings occaecat craft beer farmtotable raw denim aesthetic synth nesciunt you probably haven t heard of them accusamus labore sustainable vhs  ',0),(107,'fr','node_search','  2 what payment methods are available   2 what payment methods are available theowseils jeu 23122021 1139 anim pariatur cliche reprehenderit enim eiusmod high life accusamus terry richardson ad squid 3 wolf moon officia aute non cupidatat skateboard dolor brunch food truck quinoa nesciunt laborum eiusmod brunch 3 wolf moon tempor sunt aliqua put a bird on it squid singleorigin coffee nulla assumenda shoreditch et nihil anim keffiyeh helvetica craft beer labore wes anderson cred nesciunt sapiente ea proident ad vegan excepteur butcher vice lomo leggings occaecat craft beer farmtotable raw denim aesthetic synth nesciunt you probably haven t heard of them accusamus labore sustainable vhs  ',0),(108,'fr','node_search','  3 what if i pick the wrong plan   3 what if i pick the wrong plan theowseils jeu 23122021 1142 anim pariatur cliche reprehenderit enim eiusmod high life accusamus terry richardson ad squid 3 wolf moon officia aute non cupidatat skateboard dolor brunch food truck quinoa nesciunt laborum eiusmod brunch 3 wolf moon tempor sunt aliqua put a bird on it squid singleorigin coffee nulla assumenda shoreditch et nihil anim keffiyeh helvetica craft beer labore wes anderson cred nesciunt sapiente ea proident ad vegan excepteur butcher vice lomo leggings occaecat craft beer farmtotable raw denim aesthetic synth nesciunt you probably haven t heard of them accusamus labore sustainable vhs  ',0),(111,'fr','node_search',' who we are who we are theowseils lun 10012022 1035 who we are read more lorem ipsum dolor sit amet consectetur adipisicing elit sed do eiusmod tempor incididunt ut labore et dolore magna aliqua ut enim ad minim veniam quis nostrud exercitation ullamco laboris nisi ut aliquip ex ea commodo consequat  ',0),(112,'fr','node_search',' welcome welcome theowseils lun 10012022 1459 inspiring cool stylish simple creative in ut mi dapibus aliquet justo et lobortis neque duis lobortis urna vel velit mattis nec aliquam mauris convallis quisque molestie ipsum sit amet mauris bibendum vel vehicula diam vehicula fusce dui augue feugiat ultrices urna vitae  buy this template now  ',0),(114,'fr','node_search',' portfolio 1 portfolio 1 theowseils mar 11012022 923  ',0),(116,'fr','node_search',' portfolio 2 portfolio 2 theowseils mar 11012022 926  ',0),(117,'fr','node_search',' portfolio 3 portfolio 3 theowseils mar 11012022 927  ',0),(118,'fr','node_search',' portfolio 4 portfolio 4 theowseils mar 11012022 928  ',0),(119,'fr','node_search',' portfolio 5 portfolio 5 theowseils mar 11012022 929  ',0),(120,'fr','node_search',' portfolio 6 portfolio 6 theowseils mar 11012022 930  ',0),(121,'fr','node_search',' portfolio 7 portfolio 7 theowseils mar 11012022 931  ',0),(123,'fr','node_search',' portfolio portfolio theowseils mar 11012022 910 portfolio see entire portfolio  ',0),(124,'fr','node_search',' faq faq theowseils mar 11012022 1026 egestas ultrices felis purus lacinia ante sollicitudin viverra ex eros ac elit lorem ipsum dolor sit amet consectetur adipiscing elit ut sagittis elit odio a ultrices dolor dignissim duis aute irure dolor in  ',0),(126,'fr','node_search',' welcome2 welcome2 theowseils mar 11012022 1744 in ut mi dapibus aliquet justo et lobortis neque duis lobortis urna vel velit mattis nec aliquam mauris convallis quisque molestie ipsum sit amet mauris bibendum vel vehicula diam vehicula fusce dui augue feugiat ultrices urna vitae  buy this template now  ',0),(128,'fr','node_search',' satisfied customers satisfied customers theowseils mer 12012022 1025 6211 stats ',0),(129,'fr','node_search',' completed projects completed projects theowseils mer 12012022 1026 126 stats ',0),(130,'fr','node_search',' winning awards winning awards theowseils mer 12012022 1027 18 stats ',0),(131,'fr','node_search',' pizza s ordered pizza s ordered theowseils mer 12012022 1028 459 stats ',0),(132,'fr','node_search',' who we areimg who we areimg theowseils mer 12012022 1123  ',0),(133,'fr','node_search',' wwaleft wwaleft theowseils mer 12012022 1629  ',0),(134,'fr','node_search',' wwarigth wwarigth theowseils mer 12012022 1631 lorem ipsum dolor sit amet consectetur adipisicing elit sed do eiusmod tempor incididunt ut labore et dolore magna aliqua ut enim ad minim veniam quis nostrud exercitation ullamco laboris nisi ut aliquip ex ea commodo consequat read more ',0),(135,'fr','node_search',' homepage homepage  ',1642769989),(137,'fr','node_search',' page domotique page domotique theowseils ven 21012022 1042 domotique ouvertures  ',0),(138,'fr','node_search',' page electricite page electricite theowseils ven 21012022 1056 electricite  ',0),(139,'fr','node_search',' page assurance page assurance theowseils ven 21012022 1101 assurance  ',0),(140,'fr','node_search',' page ouvertures page ouvertures theowseils ven 21012022 1103 ouvertures  ',0),(141,'fr','node_search',' page confort page confort theowseils ven 21012022 1115 confort  ',0),(142,'fr','node_search',' page securite page securite theowseils ven 21012022 1117 securite  ',0),(143,'fr','node_search',' page scenario page scenario theowseils ven 21012022 1121 scenario  ',0),(144,'fr','node_search',' page renovation page renovation theowseils ven 21012022 1123 renovation  ',0),(145,'fr','node_search',' page neuf page neuf theowseils ven 21012022 1124 neuf  ',0),(146,'fr','node_search',' page bornederecharge page bornederecharge theowseils ven 21012022 1126 bornederecharge  ',0);

--
-- Table structure for table `search_index`
--

CREATE TABLE `search_index` (
  `word` varchar(50) NOT NULL DEFAULT '' COMMENT 'The "search_total".word that is associated with the search item.',
  `sid` int(10) unsigned NOT NULL DEFAULT 0 COMMENT 'The "search_dataset".sid of the searchable item to which the word belongs.',
  `langcode` varchar(12) CHARACTER SET ascii NOT NULL DEFAULT '' COMMENT 'The "languages".langcode of the item variant.',
  `type` varchar(64) CHARACTER SET ascii NOT NULL COMMENT 'The "search_dataset".type of the searchable item to which the word belongs.',
  `score` float DEFAULT NULL COMMENT 'The numeric score of the word, higher being more important.',
  PRIMARY KEY (`word`,`sid`,`langcode`,`type`),
  KEY `sid_type` (`sid`,`langcode`,`type`)
) ENGINE=InnoDB DEFAULT CHARSET=utf8mb4 COMMENT='Stores the search index, associating words, items and…';

--
-- Dumping data for table `search_index`
--

INSERT INTO `search_index` VALUES ('1',106,'fr','node_search',27),('1',114,'fr','node_search',27),('10012022',111,'fr','node_search',1),('10012022',112,'fr','node_search',1),('10122021',65,'fr','node_search',1),('10122021',67,'fr','node_search',1),('10122021',68,'fr','node_search',1),('10122021',70,'fr','node_search',1),('10122021',72,'fr','node_search',1),('10122021',75,'fr','node_search',1),('10122021',76,'fr','node_search',1),('10122021',79,'fr','node_search',1),('10122021',80,'fr','node_search',1),('10122021',82,'fr','node_search',1),('10122021',83,'fr','node_search',1),('10122021',84,'fr','node_search',1),('10122021',85,'fr','node_search',1),('10122021',86,'fr','node_search',1),('10122021',89,'fr','node_search',1),('10122021',90,'fr','node_search',1),('10122021',91,'fr','node_search',1),('10122021',93,'fr','node_search',1),('10122021',94,'fr','node_search',1),('10122021',95,'fr','node_search',1),('1016',68,'fr','node_search',1),('1025',128,'fr','node_search',1),('1026',124,'fr','node_search',1),('1026',129,'fr','node_search',1),('1027',130,'fr','node_search',1),('1028',131,'fr','node_search',1),('1035',111,'fr','node_search',1),('1040',47,'fr','node_search',1),('1042',137,'fr','node_search',1),('1056',138,'fr','node_search',1),('1058',37,'fr','node_search',1),('1101',139,'fr','node_search',1),('11012022',114,'fr','node_search',1),('11012022',116,'fr','node_search',1),('11012022',117,'fr','node_search',1),('11012022',118,'fr','node_search',1),('11012022',119,'fr','node_search',1),('11012022',120,'fr','node_search',1),('11012022',121,'fr','node_search',1),('11012022',123,'fr','node_search',1),('11012022',124,'fr','node_search',1),('11012022',126,'fr','node_search',1),('1103',140,'fr','node_search',1),('1115',141,'fr','node_search',1),('1117',142,'fr','node_search',1),('1121',143,'fr','node_search',1),('1123',132,'fr','node_search',1),('1123',144,'fr','node_search',1),('1124',145,'fr','node_search',1),('1126',146,'fr','node_search',1),('1133',44,'fr','node_search',1),('1136',106,'fr','node_search',1),('1139',107,'fr','node_search',1),('1142',108,'fr','node_search',1),('12012022',128,'fr','node_search',1),('12012022',129,'fr','node_search',1),('12012022',130,'fr','node_search',1),('12012022',131,'fr','node_search',1),('12012022',132,'fr','node_search',1),('12012022',133,'fr','node_search',1),('12012022',134,'fr','node_search',1),('121',34,'fr','node_search',1),('123',34,'fr','node_search',1),('126',129,'fr','node_search',1),('1407',70,'fr','node_search',1),('1418',15,'fr','node_search',1),('1422',16,'fr','node_search',1),('1426',17,'fr','node_search',1),('1429',18,'fr','node_search',1),('1431',19,'fr','node_search',1),('1433',20,'fr','node_search',1),('1435',21,'fr','node_search',1),('1442',23,'fr','node_search',1),('1445',72,'fr','node_search',1),('1446',24,'fr','node_search',1),('1449',25,'fr','node_search',1),('1452',26,'fr','node_search',1),('1458',27,'fr','node_search',1),('1459',112,'fr','node_search',1),('1500',28,'fr','node_search',1),('1503',29,'fr','node_search',1),('15112021',35,'fr','node_search',1),('15112021',36,'fr','node_search',1),('15112021',37,'fr','node_search',1),('15112021',38,'fr','node_search',1),('15112021',39,'fr','node_search',1),('15112021',40,'fr','node_search',1),('15112021',41,'fr','node_search',1),('15112021',42,'fr','node_search',1),('15112021',43,'fr','node_search',1),('1512',75,'fr','node_search',1),('1517',76,'fr','node_search',1),('1520',79,'fr','node_search',1),('1526',80,'fr','node_search',1),('1527',34,'fr','node_search',1),('1629',133,'fr','node_search',1),('1631',134,'fr','node_search',1),('1638',63,'fr','node_search',1),('1640',82,'fr','node_search',1),('1642',83,'fr','node_search',1),('1645',38,'fr','node_search',1),('1646',84,'fr','node_search',1),('1648',39,'fr','node_search',1),('1648',85,'fr','node_search',1),('1649',40,'fr','node_search',1),('1650',41,'fr','node_search',1),('1651',86,'fr','node_search',1),('1652',42,'fr','node_search',1),('1653',43,'fr','node_search',1),('17112021',44,'fr','node_search',1),('1721',89,'fr','node_search',1),('1721',90,'fr','node_search',1),('1722',91,'fr','node_search',1),('1728',8,'fr','node_search',1),('1731',93,'fr','node_search',1),('1732',94,'fr','node_search',1),('1738',64,'fr','node_search',1),('1743',95,'fr','node_search',1),('1744',126,'fr','node_search',1),('18',130,'fr','node_search',1),('18112021',47,'fr','node_search',1),('19102021',8,'fr','node_search',1),('2',107,'fr','node_search',27),('2',116,'fr','node_search',27),('21',40,'fr','node_search',27),('21012022',137,'fr','node_search',1),('21012022',138,'fr','node_search',1),('21012022',139,'fr','node_search',1),('21012022',140,'fr','node_search',1),('21012022',141,'fr','node_search',1),('21012022',142,'fr','node_search',1),('21012022',143,'fr','node_search',1),('21012022',144,'fr','node_search',1),('21012022',145,'fr','node_search',1),('21012022',146,'fr','node_search',1),('23122021',99,'fr','node_search',1),('23122021',100,'fr','node_search',1),('23122021',101,'fr','node_search',1),('23122021',102,'fr','node_search',1),('23122021',103,'fr','node_search',1),('23122021',104,'fr','node_search',1),('23122021',105,'fr','node_search',1),('23122021',106,'fr','node_search',1),('23122021',107,'fr','node_search',1),('23122021',108,'fr','node_search',1),('25',36,'fr','node_search',27),('28102021',15,'fr','node_search',1),('28102021',16,'fr','node_search',1),('28102021',17,'fr','node_search',1),('28102021',18,'fr','node_search',1),('28102021',19,'fr','node_search',1),('28102021',20,'fr','node_search',1),('28102021',21,'fr','node_search',1),('28102021',23,'fr','node_search',1),('28102021',24,'fr','node_search',1),('28102021',25,'fr','node_search',1),('28102021',26,'fr','node_search',1),('28102021',27,'fr','node_search',1),('28102021',28,'fr','node_search',1),('28102021',29,'fr','node_search',1),('29102021',34,'fr','node_search',1),('3',106,'fr','node_search',2),('3',107,'fr','node_search',2),('3',108,'fr','node_search',29),('3',117,'fr','node_search',27),('3000',34,'fr','node_search',1),('359',65,'fr','node_search',1),('4',118,'fr','node_search',27),('404errorpage',26,'fr','node_search',27),('456',34,'fr','node_search',1),('459',131,'fr','node_search',1),('5',119,'fr','node_search',27),('50',35,'fr','node_search',27),('6',63,'fr','node_search',1),('6',120,'fr','node_search',27),('6211',128,'fr','node_search',1),('7',121,'fr','node_search',27),('789',34,'fr','node_search',1),('83',63,'fr','node_search',1),('844',99,'fr','node_search',1),('846',100,'fr','node_search',1),('847',101,'fr','node_search',1),('848',102,'fr','node_search',1),('852',103,'fr','node_search',1),('853',104,'fr','node_search',1),('856',105,'fr','node_search',1),('903',59,'fr','node_search',1),('910',123,'fr','node_search',1),('9122021',59,'fr','node_search',1),('9122021',60,'fr','node_search',1),('9122021',63,'fr','node_search',1),('9122021',64,'fr','node_search',1),('913',60,'fr','node_search',1),('923',114,'fr','node_search',1),('926',116,'fr','node_search',1),('927',117,'fr','node_search',1),('928',118,'fr','node_search',1),('929',119,'fr','node_search',1),('930',120,'fr','node_search',1),('931',121,'fr','node_search',1),('942',67,'fr','node_search',1),('959',36,'fr','node_search',1),('accueil',63,'fr','node_search',27),('accusamus',106,'fr','node_search',2),('accusamus',107,'fr','node_search',2),('accusamus',108,'fr','node_search',2),('actualites',47,'fr','node_search',27),('actublog',36,'fr','node_search',11),('actublog',38,'fr','node_search',11),('actublog',39,'fr','node_search',11),('actublog',40,'fr','node_search',11),('actublog',41,'fr','node_search',11),('actublog',42,'fr','node_search',11),('actublog',43,'fr','node_search',11),('adipiscing',64,'fr','node_search',1),('adipiscing',82,'fr','node_search',1),('adipiscing',83,'fr','node_search',1),('adipiscing',84,'fr','node_search',1),('adipiscing',85,'fr','node_search',1),('adipiscing',86,'fr','node_search',1),('adipiscing',124,'fr','node_search',1),('adipisicing',111,'fr','node_search',1),('adipisicing',134,'fr','node_search',1),('admin',36,'fr','node_search',27),('adobe',39,'fr','node_search',27),('aenean',37,'fr','node_search',1),('aenean',64,'fr','node_search',1),('aenean',82,'fr','node_search',1),('aenean',83,'fr','node_search',1),('aenean',84,'fr','node_search',1),('aenean',85,'fr','node_search',1),('aenean',86,'fr','node_search',1),('aesthetic',106,'fr','node_search',1),('aesthetic',107,'fr','node_search',1),('aesthetic',108,'fr','node_search',1),('ail',63,'fr','node_search',1),('ajout',94,'fr','node_search',27),('alarme',59,'fr','node_search',27),('alarme',85,'fr','node_search',27),('aliqua',106,'fr','node_search',1),('aliqua',107,'fr','node_search',1),('aliqua',108,'fr','node_search',1),('aliqua',111,'fr','node_search',1),('aliqua',134,'fr','node_search',1),('aliquam',64,'fr','node_search',2),('aliquam',82,'fr','node_search',3),('aliquam',83,'fr','node_search',3),('aliquam',84,'fr','node_search',3),('aliquam',85,'fr','node_search',3),('aliquam',86,'fr','node_search',3),('aliquam',112,'fr','node_search',1),('aliquam',126,'fr','node_search',1),('aliquet',64,'fr','node_search',1),('aliquet',112,'fr','node_search',1),('aliquet',126,'fr','node_search',1),('aliquip',111,'fr','node_search',1),('aliquip',134,'fr','node_search',1),('alpesmaritimes',63,'fr','node_search',1),('amet',64,'fr','node_search',1),('amet',82,'fr','node_search',1),('amet',83,'fr','node_search',1),('amet',84,'fr','node_search',1),('amet',85,'fr','node_search',1),('amet',86,'fr','node_search',1),('amet',111,'fr','node_search',1),('amet',112,'fr','node_search',1),('amet',124,'fr','node_search',1),('amet',126,'fr','node_search',1),('amet',134,'fr','node_search',1),('and',35,'fr','node_search',27),('and',36,'fr','node_search',54),('and',37,'fr','node_search',27),('and',38,'fr','node_search',27),('anderson',106,'fr','node_search',1),('anderson',107,'fr','node_search',1),('anderson',108,'fr','node_search',1),('anim',106,'fr','node_search',2),('anim',107,'fr','node_search',2),('anim',108,'fr','node_search',2),('ante',34,'fr','node_search',1),('ante',124,'fr','node_search',1),('antibes',63,'fr','node_search',1),('arcs',63,'fr','node_search',0.993146),('are',107,'fr','node_search',27),('are',111,'fr','node_search',28),('areimg',132,'fr','node_search',27),('argens',63,'fr','node_search',1.99315),('arrive',86,'fr','node_search',27),('article',59,'fr','node_search',27),('articles',47,'fr','node_search',1),('assumenda',106,'fr','node_search',1),('assumenda',107,'fr','node_search',1),('assumenda',108,'fr','node_search',1),('assurance',70,'fr','node_search',38),('assurance',139,'fr','node_search',28),('augue',64,'fr','node_search',1),('augue',82,'fr','node_search',2),('augue',83,'fr','node_search',2),('augue',84,'fr','node_search',2),('augue',85,'fr','node_search',2),('augue',86,'fr','node_search',2),('augue',112,'fr','node_search',1),('augue',126,'fr','node_search',1),('australia',34,'fr','node_search',1),('aute',106,'fr','node_search',1),('aute',107,'fr','node_search',1),('aute',108,'fr','node_search',1),('aute',124,'fr','node_search',1),('available',107,'fr','node_search',27),('avez',63,'fr','node_search',0.957226),('awards',130,'fr','node_search',27),('banniere',8,'fr','node_search',27),('banniere',15,'fr','node_search',27),('banniere',16,'fr','node_search',27),('banniere',17,'fr','node_search',27),('banniere',18,'fr','node_search',27),('banniere',19,'fr','node_search',27),('banniere',20,'fr','node_search',27),('banniere',21,'fr','node_search',27),('banniere',23,'fr','node_search',27),('banniere',24,'fr','node_search',27),('banniere',25,'fr','node_search',27),('banniere',26,'fr','node_search',27),('banniere',27,'fr','node_search',27),('banniere',28,'fr','node_search',27),('banniere',29,'fr','node_search',27),('banniere',44,'fr','node_search',27),('banniere',47,'fr','node_search',27),('banniere',59,'fr','node_search',27),('banniere',65,'fr','node_search',27),('beaulieu',63,'fr','node_search',1),('beausoleil',63,'fr','node_search',1),('beer',106,'fr','node_search',2),('beer',107,'fr','node_search',2),('beer',108,'fr','node_search',2),('best',35,'fr','node_search',27),('bibendum',112,'fr','node_search',1),('bibendum',126,'fr','node_search',1),('biot',63,'fr','node_search',1),('bird',106,'fr','node_search',1),('bird',107,'fr','node_search',1),('bird',108,'fr','node_search',1),('blandit',37,'fr','node_search',1),('bloggrid',23,'fr','node_search',27),('blogpost',25,'fr','node_search',27),('blogstandard',24,'fr','node_search',27),('body',15,'fr','node_search',26),('body',16,'fr','node_search',26),('body',17,'fr','node_search',26),('body',18,'fr','node_search',26),('body',19,'fr','node_search',26),('body',20,'fr','node_search',26),('body',21,'fr','node_search',26),('body',23,'fr','node_search',26),('body',24,'fr','node_search',26),('body',25,'fr','node_search',26),('body',26,'fr','node_search',26),('body',27,'fr','node_search',26),('body',28,'fr','node_search',26),('body',29,'fr','node_search',26),('borne',91,'fr','node_search',38),('bornederecharge',146,'fr','node_search',28),('brunch',106,'fr','node_search',2),('brunch',107,'fr','node_search',2),('brunch',108,'fr','node_search',2),('butcher',106,'fr','node_search',1),('butcher',107,'fr','node_search',1),('butcher',108,'fr','node_search',1),('buttons',27,'fr','node_search',27),('buy',112,'fr','node_search',11),('buy',126,'fr','node_search',11),('cagnes',63,'fr','node_search',1),('cannes',63,'fr','node_search',1),('cannet',63,'fr','node_search',1),('cap',63,'fr','node_search',2),('carros',63,'fr','node_search',1),('cepteur',8,'fr','node_search',1),('chauffage',84,'fr','node_search',27),('chic',105,'fr','node_search',27),('cityscape',39,'fr','node_search',27),('cliche',106,'fr','node_search',1),('cliche',107,'fr','node_search',1),('cliche',108,'fr','node_search',1),('coding',35,'fr','node_search',1),('coding',37,'fr','node_search',1),('coffee',106,'fr','node_search',1),('coffee',107,'fr','node_search',1),('coffee',108,'fr','node_search',1),('colle',63,'fr','node_search',1),('collection',104,'fr','node_search',27),('collectivites',63,'fr','node_search',0.972861),('commodo',111,'fr','node_search',1),('commodo',134,'fr','node_search',1),('completed',129,'fr','node_search',27),('confort',75,'fr','node_search',38),('confort',141,'fr','node_search',28),('congue',64,'fr','node_search',1),('connectees',63,'fr','node_search',1),('consectetuer',64,'fr','node_search',1),('consectetur',111,'fr','node_search',1),('consectetur',124,'fr','node_search',1),('consectetur',134,'fr','node_search',1),('consequat',37,'fr','node_search',4),('consequat',111,'fr','node_search',1),('consequat',134,'fr','node_search',1),('consequatur',37,'fr','node_search',4),('contact',44,'fr','node_search',27),('contactez',63,'fr','node_search',0.949597),('contes',63,'fr','node_search',1),('control4',63,'fr','node_search',1),('convallis',37,'fr','node_search',4),('convallis',64,'fr','node_search',2),('convallis',82,'fr','node_search',1),('convallis',83,'fr','node_search',1),('convallis',84,'fr','node_search',1),('convallis',85,'fr','node_search',1),('convallis',86,'fr','node_search',1),('convallis',112,'fr','node_search',1),('convallis',126,'fr','node_search',1),('convert',41,'fr','node_search',27),('cool',112,'fr','node_search',1),('craft',106,'fr','node_search',2),('craft',107,'fr','node_search',2),('craft',108,'fr','node_search',2),('create',39,'fr','node_search',27),('creating',40,'fr','node_search',27),('creative',112,'fr','node_search',1),('cred',106,'fr','node_search',1),('cred',107,'fr','node_search',1),('cred',108,'fr','node_search',1),('crestron',63,'fr','node_search',1),('cupid',8,'fr','node_search',1),('cupidatat',106,'fr','node_search',1),('cupidatat',107,'fr','node_search',1),('cupidatat',108,'fr','node_search',1),('curabitur',64,'fr','node_search',1),('curabitur',82,'fr','node_search',2),('curabitur',83,'fr','node_search',2),('curabitur',84,'fr','node_search',2),('curabitur',85,'fr','node_search',2),('curabitur',86,'fr','node_search',2),('cursus',34,'fr','node_search',1),('cursus',82,'fr','node_search',1),('cursus',83,'fr','node_search',1),('cursus',84,'fr','node_search',1),('cursus',85,'fr','node_search',1),('cursus',86,'fr','node_search',1),('customers',128,'fr','node_search',27),('dans',63,'fr','node_search',3),('dapibus',112,'fr','node_search',1),('dapibus',126,'fr','node_search',1),('debitis',37,'fr','node_search',1),('denim',106,'fr','node_search',1),('denim',107,'fr','node_search',1),('denim',108,'fr','node_search',1),('depose',68,'fr','node_search',28),('depose',93,'fr','node_search',27),('design',35,'fr','node_search',1),('design',41,'fr','node_search',1),('designers',37,'fr','node_search',27),('designers',38,'fr','node_search',27),('designers',41,'fr','node_search',27),('developers',37,'fr','node_search',27),('diam',37,'fr','node_search',1),('diam',64,'fr','node_search',1),('diam',112,'fr','node_search',1),('diam',126,'fr','node_search',1),('dignissim',34,'fr','node_search',2),('dignissim',124,'fr','node_search',1),('dolor',64,'fr','node_search',1),('dolor',106,'fr','node_search',1),('dolor',107,'fr','node_search',1),('dolor',108,'fr','node_search',1),('dolor',111,'fr','node_search',1),('dolor',124,'fr','node_search',3),('dolor',134,'fr','node_search',1),('dolore',111,'fr','node_search',1),('dolore',134,'fr','node_search',1),('domotique',60,'fr','node_search',38),('domotique',63,'fr','node_search',15.7984),('domotique',137,'fr','node_search',28),('domotiques',63,'fr','node_search',8),('draguignan',63,'fr','node_search',1),('dui',112,'fr','node_search',1),('dui',126,'fr','node_search',1),('duis',112,'fr','node_search',1),('duis',124,'fr','node_search',1),('duis',126,'fr','node_search',1),('egestas',64,'fr','node_search',2),('egestas',124,'fr','node_search',1),('eget',37,'fr','node_search',4),('eiusmod',106,'fr','node_search',2),('eiusmod',107,'fr','node_search',2),('eiusmod',108,'fr','node_search',2),('eiusmod',111,'fr','node_search',1),('eiusmod',134,'fr','node_search',1),('electricite',63,'fr','node_search',7.79839),('electricite',67,'fr','node_search',38),('electricite',138,'fr','node_search',28),('electrique',63,'fr','node_search',12),('electrique',68,'fr','node_search',28),('electrique',80,'fr','node_search',28),('electrique',93,'fr','node_search',27),('electriques',91,'fr','node_search',38),('elit',64,'fr','node_search',2),('elit',111,'fr','node_search',1),('elit',124,'fr','node_search',3),('elit',134,'fr','node_search',1),('enim',37,'fr','node_search',4),('enim',82,'fr','node_search',2),('enim',83,'fr','node_search',2),('enim',84,'fr','node_search',2),('enim',85,'fr','node_search',2),('enim',86,'fr','node_search',2),('enim',106,'fr','node_search',1),('enim',107,'fr','node_search',1),('enim',108,'fr','node_search',1),('enim',111,'fr','node_search',1),('enim',134,'fr','node_search',1),('entire',123,'fr','node_search',1),('entreprise',63,'fr','node_search',1),('entreprises',63,'fr','node_search',0.968904),('erat',64,'fr','node_search',1),('eros',64,'fr','node_search',1),('eros',124,'fr','node_search',1),('est',63,'fr','node_search',1),('etiam',34,'fr','node_search',1),('etiam',37,'fr','node_search',1),('euismod',37,'fr','node_search',1),('euismod',82,'fr','node_search',2),('euismod',83,'fr','node_search',2),('euismod',84,'fr','node_search',2),('euismod',85,'fr','node_search',2),('euismod',86,'fr','node_search',2),('excepteur',106,'fr','node_search',1),('excepteur',107,'fr','node_search',1),('excepteur',108,'fr','node_search',1),('exemple',63,'fr','node_search',27),('exemples',35,'fr','node_search',27),('exercitation',111,'fr','node_search',1),('exercitation',134,'fr','node_search',1),('expert',63,'fr','node_search',1),('experte',63,'fr','node_search',1),('eze',63,'fr','node_search',1),('faq',124,'fr','node_search',27),('farmtotable',106,'fr','node_search',1),('farmtotable',107,'fr','node_search',1),('farmtotable',108,'fr','node_search',1),('faucibus',64,'fr','node_search',1),('faucibus',82,'fr','node_search',1),('faucibus',83,'fr','node_search',1),('faucibus',84,'fr','node_search',1),('faucibus',85,'fr','node_search',1),('faucibus',86,'fr','node_search',1),('fayence',63,'fr','node_search',1),('felis',64,'fr','node_search',1),('felis',82,'fr','node_search',2),('felis',83,'fr','node_search',2),('felis',84,'fr','node_search',2),('felis',85,'fr','node_search',2),('felis',86,'fr','node_search',2),('felis',124,'fr','node_search',1),('fermentum',82,'fr','node_search',2),('fermentum',83,'fr','node_search',2),('fermentum',84,'fr','node_search',2),('fermentum',85,'fr','node_search',2),('fermentum',86,'fr','node_search',2),('feugiat',37,'fr','node_search',1),('feugiat',112,'fr','node_search',1),('feugiat',126,'fr','node_search',1),('flat',39,'fr','node_search',27),('food',106,'fr','node_search',1),('food',107,'fr','node_search',1),('food',108,'fr','node_search',1),('for',38,'fr','node_search',27),('for',40,'fr','node_search',27),('for',41,'fr','node_search',27),('for',106,'fr','node_search',27),('forms',28,'fr','node_search',27),('free',36,'fr','node_search',27),('freebies',40,'fr','node_search',1),('freelance',38,'fr','node_search',27),('frejus',63,'fr','node_search',1),('french',34,'fr','node_search',1),('fringilla',34,'fr','node_search',1),('fusce',34,'fr','node_search',1),('fusce',64,'fr','node_search',1),('fusce',82,'fr','node_search',1),('fusce',83,'fr','node_search',1),('fusce',84,'fr','node_search',1),('fusce',85,'fr','node_search',1),('fusce',86,'fr','node_search',1),('fusce',112,'fr','node_search',1),('fusce',126,'fr','node_search',1),('gaude',63,'fr','node_search',1),('grasse',63,'fr','node_search',1),('gravida',64,'fr','node_search',1),('great',40,'fr','node_search',27),('grimaud',63,'fr','node_search',1),('handmade',99,'fr','node_search',27),('haven',106,'fr','node_search',1),('haven',107,'fr','node_search',1),('haven',108,'fr','node_search',1),('heard',106,'fr','node_search',1),('heard',107,'fr','node_search',1),('heard',108,'fr','node_search',1),('helvetica',106,'fr','node_search',1),('helvetica',107,'fr','node_search',1),('helvetica',108,'fr','node_search',1),('hendrerit',34,'fr','node_search',1),('high',106,'fr','node_search',1),('high',107,'fr','node_search',1),('high',108,'fr','node_search',1),('home',63,'fr','node_search',1),('homepage',135,'fr','node_search',27),('house',103,'fr','node_search',27),('how',39,'fr','node_search',27),('html',36,'fr','node_search',27),('html',41,'fr','node_search',27),('iaculis',82,'fr','node_search',1),('iaculis',83,'fr','node_search',1),('iaculis',84,'fr','node_search',1),('iaculis',85,'fr','node_search',1),('iaculis',86,'fr','node_search',1),('illustrator',39,'fr','node_search',27),('imperdiet',82,'fr','node_search',1),('imperdiet',83,'fr','node_search',1),('imperdiet',84,'fr','node_search',1),('imperdiet',85,'fr','node_search',1),('imperdiet',86,'fr','node_search',1),('incididunt',111,'fr','node_search',1),('incididunt',134,'fr','node_search',1),('infocom',34,'fr','node_search',1),('information',80,'fr','node_search',1),('informations',63,'fr','node_search',0.942091),('inspiring',112,'fr','node_search',1),('installation',63,'fr','node_search',1),('integer',64,'fr','node_search',3),('integrateurs',63,'fr','node_search',1),('interdum',37,'fr','node_search',1),('interphonie',83,'fr','node_search',27),('intervient',63,'fr','node_search',1),('ipsum',37,'fr','node_search',4),('ipsum',64,'fr','node_search',1),('ipsum',111,'fr','node_search',1),('ipsum',112,'fr','node_search',1),('ipsum',124,'fr','node_search',1),('ipsum',126,'fr','node_search',1),('ipsum',134,'fr','node_search',1),('ipx800',63,'fr','node_search',1),('irure',124,'fr','node_search',1),('jeedom',63,'fr','node_search',1),('jeu',15,'fr','node_search',1),('jeu',16,'fr','node_search',1),('jeu',17,'fr','node_search',1),('jeu',18,'fr','node_search',1),('jeu',19,'fr','node_search',1),('jeu',20,'fr','node_search',1),('jeu',21,'fr','node_search',1),('jeu',23,'fr','node_search',1),('jeu',24,'fr','node_search',1),('jeu',25,'fr','node_search',1),('jeu',26,'fr','node_search',1),('jeu',27,'fr','node_search',1),('jeu',28,'fr','node_search',1),('jeu',29,'fr','node_search',1),('jeu',47,'fr','node_search',1),('jeu',59,'fr','node_search',1),('jeu',60,'fr','node_search',1),('jeu',63,'fr','node_search',1),('jeu',64,'fr','node_search',1),('jeu',99,'fr','node_search',1),('jeu',100,'fr','node_search',1),('jeu',101,'fr','node_search',1),('jeu',102,'fr','node_search',1),('jeu',103,'fr','node_search',1),('jeu',104,'fr','node_search',1),('jeu',105,'fr','node_search',1),('jeu',106,'fr','node_search',1),('jeu',107,'fr','node_search',1),('jeu',108,'fr','node_search',1),('justo',82,'fr','node_search',1),('justo',83,'fr','node_search',1),('justo',84,'fr','node_search',1),('justo',85,'fr','node_search',1),('justo',86,'fr','node_search',1),('justo',112,'fr','node_search',1),('justo',126,'fr','node_search',1),('keffiyeh',106,'fr','node_search',1),('keffiyeh',107,'fr','node_search',1),('keffiyeh',108,'fr','node_search',1),('king',34,'fr','node_search',1),('knx',63,'fr','node_search',2),('labore',106,'fr','node_search',2),('labore',107,'fr','node_search',2),('labore',108,'fr','node_search',2),('labore',111,'fr','node_search',1),('labore',134,'fr','node_search',1),('laboris',111,'fr','node_search',1),('laboris',134,'fr','node_search',1),('laborum',106,'fr','node_search',1),('laborum',107,'fr','node_search',1),('laborum',108,'fr','node_search',1),('lacinia',34,'fr','node_search',1),('lacinia',124,'fr','node_search',1),('lacus',82,'fr','node_search',1),('lacus',83,'fr','node_search',1),('lacus',84,'fr','node_search',1),('lacus',85,'fr','node_search',1),('lacus',86,'fr','node_search',1),('language',34,'fr','node_search',1),('laoreet',34,'fr','node_search',1),('laurent',63,'fr','node_search',1),('layouts',36,'fr','node_search',27),('lectus',37,'fr','node_search',4),('lectus',82,'fr','node_search',1),('lectus',83,'fr','node_search',1),('lectus',84,'fr','node_search',1),('lectus',85,'fr','node_search',1),('lectus',86,'fr','node_search',1),('leggings',106,'fr','node_search',1),('leggings',107,'fr','node_search',1),('leggings',108,'fr','node_search',1),('legrand',63,'fr','node_search',1),('leo',82,'fr','node_search',2),('leo',83,'fr','node_search',2),('leo',84,'fr','node_search',2),('leo',85,'fr','node_search',2),('leo',86,'fr','node_search',2),('les',63,'fr','node_search',6.89989),('libero',37,'fr','node_search',8),('libero',82,'fr','node_search',1),('libero',83,'fr','node_search',1),('libero',84,'fr','node_search',1),('libero',85,'fr','node_search',1),('libero',86,'fr','node_search',1),('life',106,'fr','node_search',1),('life',107,'fr','node_search',1),('life',108,'fr','node_search',1),('ligula',37,'fr','node_search',1),('ligula',64,'fr','node_search',2),('ligula',82,'fr','node_search',1),('ligula',83,'fr','node_search',1),('ligula',84,'fr','node_search',1),('ligula',85,'fr','node_search',1),('ligula',86,'fr','node_search',1),('lobortis',64,'fr','node_search',1),('lobortis',112,'fr','node_search',2),('lobortis',126,'fr','node_search',2),('lomo',106,'fr','node_search',1),('lomo',107,'fr','node_search',1),('lomo',108,'fr','node_search',1),('lorawan',63,'fr','node_search',1),('lorem',64,'fr','node_search',1),('lorem',82,'fr','node_search',2),('lorem',83,'fr','node_search',2),('lorem',84,'fr','node_search',2),('lorem',85,'fr','node_search',2),('lorem',86,'fr','node_search',2),('lorem',111,'fr','node_search',1),('lorem',124,'fr','node_search',1),('lorem',134,'fr','node_search',1),('lorgues',63,'fr','node_search',1),('loubet',63,'fr','node_search',1),('loup',63,'fr','node_search',1),('loxone',63,'fr','node_search',1),('luc',63,'fr','node_search',1),('luctus',37,'fr','node_search',1),('lun',35,'fr','node_search',1),('lun',36,'fr','node_search',1),('lun',37,'fr','node_search',1),('lun',38,'fr','node_search',1),('lun',39,'fr','node_search',1),('lun',40,'fr','node_search',1),('lun',41,'fr','node_search',1),('lun',42,'fr','node_search',1),('lun',43,'fr','node_search',1),('lun',111,'fr','node_search',1),('lun',112,'fr','node_search',1),('lutron',63,'fr','node_search',1),('magna',34,'fr','node_search',1),('magna',82,'fr','node_search',1),('magna',83,'fr','node_search',1),('magna',84,'fr','node_search',1),('magna',85,'fr','node_search',1),('magna',86,'fr','node_search',1),('magna',111,'fr','node_search',1),('magna',134,'fr','node_search',1),('maison',86,'fr','node_search',27),('mandelieu',63,'fr','node_search',1),('mar',8,'fr','node_search',1),('mar',114,'fr','node_search',1),('mar',116,'fr','node_search',1),('mar',117,'fr','node_search',1),('mar',118,'fr','node_search',1),('mar',119,'fr','node_search',1),('mar',120,'fr','node_search',1),('mar',121,'fr','node_search',1),('mar',123,'fr','node_search',1),('mar',124,'fr','node_search',1),('mar',126,'fr','node_search',1),('martin',63,'fr','node_search',1),('massa',34,'fr','node_search',1),('massa',37,'fr','node_search',1),('massa',64,'fr','node_search',1),('massa',82,'fr','node_search',1),('massa',83,'fr','node_search',1),('massa',84,'fr','node_search',1),('massa',85,'fr','node_search',1),('massa',86,'fr','node_search',1),('mattis',112,'fr','node_search',1),('mattis',126,'fr','node_search',1),('mauris',37,'fr','node_search',4),('mauris',64,'fr','node_search',2),('mauris',112,'fr','node_search',2),('mauris',126,'fr','node_search',2),('maxime',63,'fr','node_search',1),('melbourne',34,'fr','node_search',1),('menton',63,'fr','node_search',1),('mer',44,'fr','node_search',1),('mer',63,'fr','node_search',3),('mer',128,'fr','node_search',1),('mer',129,'fr','node_search',1),('mer',130,'fr','node_search',1),('mer',131,'fr','node_search',1),('mer',132,'fr','node_search',1),('mer',133,'fr','node_search',1),('mer',134,'fr','node_search',1),('methods',107,'fr','node_search',27),('metus',64,'fr','node_search',1),('mineapolis',102,'fr','node_search',27),('minim',111,'fr','node_search',1),('minim',134,'fr','node_search',1),('molestie',112,'fr','node_search',1),('molestie',126,'fr','node_search',1),('mollis',82,'fr','node_search',1),('mollis',83,'fr','node_search',1),('mollis',84,'fr','node_search',1),('mollis',85,'fr','node_search',1),('mollis',86,'fr','node_search',1),('monaco',63,'fr','node_search',0.980874),('montauroux',63,'fr','node_search',1),('moon',106,'fr','node_search',2),('moon',107,'fr','node_search',2),('moon',108,'fr','node_search',2),('morbi',64,'fr','node_search',1),('more',111,'fr','node_search',11),('more',134,'fr','node_search',11),('mouans',63,'fr','node_search',1),('mougins',63,'fr','node_search',1),('mountain',100,'fr','node_search',27),('must',37,'fr','node_search',27),('muy',63,'fr','node_search',1),('nam',37,'fr','node_search',2),('nec',64,'fr','node_search',1),('nec',82,'fr','node_search',1),('nec',83,'fr','node_search',1),('nec',84,'fr','node_search',1),('nec',85,'fr','node_search',1),('nec',86,'fr','node_search',1),('nec',112,'fr','node_search',1),('nec',126,'fr','node_search',1),('neque',112,'fr','node_search',1),('neque',126,'fr','node_search',1),('nesciunt',106,'fr','node_search',3),('nesciunt',107,'fr','node_search',3),('nesciunt',108,'fr','node_search',3),('neuf',90,'fr','node_search',38),('neuf',145,'fr','node_search',28),('nibh',34,'fr','node_search',1),('nibh',37,'fr','node_search',1),('nibh',64,'fr','node_search',1),('nibh',82,'fr','node_search',1),('nibh',83,'fr','node_search',1),('nibh',84,'fr','node_search',1),('nibh',85,'fr','node_search',1),('nibh',86,'fr','node_search',1),('nice',63,'fr','node_search',1),('nihil',106,'fr','node_search',1),('nihil',107,'fr','node_search',1),('nihil',108,'fr','node_search',1),('niko',63,'fr','node_search',1),('nisi',34,'fr','node_search',2),('nisi',111,'fr','node_search',1),('nisi',134,'fr','node_search',1),('nisl',82,'fr','node_search',2),('nisl',83,'fr','node_search',2),('nisl',84,'fr','node_search',2),('nisl',85,'fr','node_search',2),('nisl',86,'fr','node_search',2),('non',64,'fr','node_search',2),('non',106,'fr','node_search',1),('non',107,'fr','node_search',1),('non',108,'fr','node_search',1),('nonummy',37,'fr','node_search',4),('nos',47,'fr','node_search',1),('nos',63,'fr','node_search',1),('nostrud',111,'fr','node_search',1),('nostrud',134,'fr','node_search',1),('notre',63,'fr','node_search',2.94583),('now',112,'fr','node_search',11),('now',126,'fr','node_search',11),('nulla',34,'fr','node_search',1),('nulla',64,'fr','node_search',2),('nulla',82,'fr','node_search',3),('nulla',83,'fr','node_search',3),('nulla',84,'fr','node_search',3),('nulla',85,'fr','node_search',3),('nulla',86,'fr','node_search',3),('nulla',106,'fr','node_search',1),('nulla',107,'fr','node_search',1),('nulla',108,'fr','node_search',1),('nunc',64,'fr','node_search',2),('occaecat',8,'fr','node_search',1),('occaecat',106,'fr','node_search',1),('occaecat',107,'fr','node_search',1),('occaecat',108,'fr','node_search',1),('odio',37,'fr','node_search',1),('odio',124,'fr','node_search',1),('officia',106,'fr','node_search',1),('officia',107,'fr','node_search',1),('officia',108,'fr','node_search',1),('online',40,'fr','node_search',27),('orci',64,'fr','node_search',1),('ordered',131,'fr','node_search',27),('ornare',64,'fr','node_search',1),('ouvertures',72,'fr','node_search',38),('ouvertures',137,'fr','node_search',1),('ouvertures',140,'fr','node_search',28),('page',34,'fr','node_search',27),('page',137,'fr','node_search',27),('page',138,'fr','node_search',27),('page',139,'fr','node_search',27),('page',140,'fr','node_search',27),('page',141,'fr','node_search',27),('page',142,'fr','node_search',27),('page',143,'fr','node_search',27),('page',144,'fr','node_search',27),('page',145,'fr','node_search',27),('page',146,'fr','node_search',27),('pariatur',106,'fr','node_search',1),('pariatur',107,'fr','node_search',1),('pariatur',108,'fr','node_search',1),('particuliers',63,'fr','node_search',0.96498),('payment',107,'fr','node_search',27),('pegomas',63,'fr','node_search',1),('pellentesque',64,'fr','node_search',2),('personal',40,'fr','node_search',27),('peymeinade',63,'fr','node_search',1),('phasellus',37,'fr','node_search',1),('phone',34,'fr','node_search',1),('pick',108,'fr','node_search',27),('pins',63,'fr','node_search',1),('pizza',131,'fr','node_search',27),('placerat',82,'fr','node_search',1),('placerat',83,'fr','node_search',1),('placerat',84,'fr','node_search',1),('placerat',85,'fr','node_search',1),('placerat',86,'fr','node_search',1),('plan',106,'fr','node_search',27),('plan',108,'fr','node_search',27),('plus',63,'fr','node_search',0.945829),('porta',37,'fr','node_search',2),('portail',80,'fr','node_search',28),('portfolio',40,'fr','node_search',27),('portfolio',114,'fr','node_search',27),('portfolio',116,'fr','node_search',27),('portfolio',117,'fr','node_search',27),('portfolio',118,'fr','node_search',27),('portfolio',119,'fr','node_search',27),('portfolio',120,'fr','node_search',27),('portfolio',121,'fr','node_search',27),('portfolio',123,'fr','node_search',29),('portfolioalter',20,'fr','node_search',27),('portfoliodefault',19,'fr','node_search',27),('portfoliogallery',21,'fr','node_search',27),('posuere',34,'fr','node_search',1),('pour',63,'fr','node_search',1.92268),('practices',35,'fr','node_search',27),('praesent',82,'fr','node_search',1),('praesent',83,'fr','node_search',1),('praesent',84,'fr','node_search',1),('praesent',85,'fr','node_search',1),('praesent',86,'fr','node_search',1),('premium',36,'fr','node_search',27),('premium',42,'fr','node_search',27),('premium',43,'fr','node_search',27),('prises',94,'fr','node_search',27),('pro',63,'fr','node_search',1),('probably',106,'fr','node_search',1),('probably',107,'fr','node_search',1),('probably',108,'fr','node_search',1),('professionals',42,'fr','node_search',27),('professionals',43,'fr','node_search',27),('programmation',63,'fr','node_search',1),('proident',8,'fr','node_search',1),('proident',106,'fr','node_search',1),('proident',107,'fr','node_search',1),('proident',108,'fr','node_search',1),('projects',129,'fr','node_search',27),('projet',63,'fr','node_search',0.953396),('propo',16,'fr','node_search',27),('provence',63,'fr','node_search',0.98493),('psd',41,'fr','node_search',27),('puget',63,'fr','node_search',0.997306),('pulvinar',64,'fr','node_search',1),('purus',82,'fr','node_search',2),('purus',83,'fr','node_search',2),('purus',84,'fr','node_search',2),('purus',85,'fr','node_search',2),('purus',86,'fr','node_search',2),('purus',124,'fr','node_search',1),('put',106,'fr','node_search',1),('put',107,'fr','node_search',1),('put',108,'fr','node_search',1),('quam',37,'fr','node_search',1),('quam',64,'fr','node_search',1),('quinoa',106,'fr','node_search',1),('quinoa',107,'fr','node_search',1),('quinoa',108,'fr','node_search',1),('quis',34,'fr','node_search',1),('quis',64,'fr','node_search',1),('quis',111,'fr','node_search',1),('quis',134,'fr','node_search',1),('quisque',112,'fr','node_search',1),('quisque',126,'fr','node_search',1),('ransom',101,'fr','node_search',27),('raphael',63,'fr','node_search',1),('raw',106,'fr','node_search',1),('raw',107,'fr','node_search',1),('raw',108,'fr','node_search',1),('read',111,'fr','node_search',11),('read',134,'fr','node_search',11),('realisation',65,'fr','node_search',27),('recharge',91,'fr','node_search',38),('recommended',42,'fr','node_search',27),('recommended',43,'fr','node_search',27),('renovation',89,'fr','node_search',38),('renovation',144,'fr','node_search',28),('repose',68,'fr','node_search',28),('repose',93,'fr','node_search',27),('reprehenderit',106,'fr','node_search',1),('reprehenderit',107,'fr','node_search',1),('reprehenderit',108,'fr','node_search',1),('resources',36,'fr','node_search',1),('resources',38,'fr','node_search',28),('resources',41,'fr','node_search',27),('resources',42,'fr','node_search',1),('resources',43,'fr','node_search',1),('responsive',35,'fr','node_search',27),('ressource',17,'fr','node_search',27),('ressource',18,'fr','node_search',27),('rhoncus',64,'fr','node_search',1),('rhoncus',82,'fr','node_search',1),('rhoncus',83,'fr','node_search',1),('rhoncus',84,'fr','node_search',1),('rhoncus',85,'fr','node_search',1),('rhoncus',86,'fr','node_search',1),('richardson',106,'fr','node_search',1),('richardson',107,'fr','node_search',1),('richardson',108,'fr','node_search',1),('right',106,'fr','node_search',27),('roquebrune',63,'fr','node_search',2),('roquefort',63,'fr','node_search',1),('roulants',82,'fr','node_search',27),('rti',63,'fr','node_search',1),('rutrum',82,'fr','node_search',1),('rutrum',83,'fr','node_search',1),('rutrum',84,'fr','node_search',1),('rutrum',85,'fr','node_search',1),('rutrum',86,'fr','node_search',1),('sagittis',124,'fr','node_search',1),('saint',63,'fr','node_search',2),('sainte',63,'fr','node_search',1),('sainttropez',63,'fr','node_search',1),('sapien',34,'fr','node_search',1),('sapien',64,'fr','node_search',2),('sapien',82,'fr','node_search',1),('sapien',83,'fr','node_search',1),('sapien',84,'fr','node_search',1),('sapien',85,'fr','node_search',1),('sapien',86,'fr','node_search',1),('sapiente',106,'fr','node_search',1),('sapiente',107,'fr','node_search',1),('sapiente',108,'fr','node_search',1),('sartoux',63,'fr','node_search',1),('satisfied',128,'fr','node_search',27),('scenario',79,'fr','node_search',38),('scenario',143,'fr','node_search',28),('securite',76,'fr','node_search',38),('securite',142,'fr','node_search',28),('sed',64,'fr','node_search',1),('sed',82,'fr','node_search',1),('sed',83,'fr','node_search',1),('sed',84,'fr','node_search',1),('sed',85,'fr','node_search',1),('sed',86,'fr','node_search',1),('sed',111,'fr','node_search',1),('sed',134,'fr','node_search',1),('see',123,'fr','node_search',1),('sem',82,'fr','node_search',1),('sem',83,'fr','node_search',1),('sem',84,'fr','node_search',1),('sem',85,'fr','node_search',1),('sem',86,'fr','node_search',1),('services',15,'fr','node_search',27),('services',42,'fr','node_search',27),('services',43,'fr','node_search',27),('shabby',105,'fr','node_search',27),('shoreditch',106,'fr','node_search',1),('shoreditch',107,'fr','node_search',1),('shoreditch',108,'fr','node_search',1),('sidebar',23,'fr','node_search',27),('simonsvoss',63,'fr','node_search',1),('simple',112,'fr','node_search',1),('singleorigin',106,'fr','node_search',1),('singleorigin',107,'fr','node_search',1),('singleorigin',108,'fr','node_search',1),('sint',8,'fr','node_search',1),('sit',37,'fr','node_search',5),('sit',64,'fr','node_search',1),('sit',111,'fr','node_search',1),('sit',112,'fr','node_search',1),('sit',124,'fr','node_search',1),('sit',126,'fr','node_search',1),('sit',134,'fr','node_search',1),('skateboard',106,'fr','node_search',1),('skateboard',107,'fr','node_search',1),('skateboard',108,'fr','node_search',1),('societe',63,'fr','node_search',1.94583),('sociis',37,'fr','node_search',1),('sollicitudin',64,'fr','node_search',1),('sollicitudin',82,'fr','node_search',1),('sollicitudin',83,'fr','node_search',1),('sollicitudin',84,'fr','node_search',1),('sollicitudin',85,'fr','node_search',1),('sollicitudin',86,'fr','node_search',1),('sollicitudin',124,'fr','node_search',1),('sont',63,'fr','node_search',1),('specialise',63,'fr','node_search',1),('specialisee',63,'fr','node_search',1),('specialises',63,'fr','node_search',1),('specialiste',63,'fr','node_search',4),('squid',106,'fr','node_search',2),('squid',107,'fr','node_search',2),('squid',108,'fr','node_search',2),('stats',128,'fr','node_search',11),('stats',129,'fr','node_search',11),('stats',130,'fr','node_search',11),('stats',131,'fr','node_search',11),('steak',103,'fr','node_search',27),('street',34,'fr','node_search',1),('stylish',112,'fr','node_search',1),('suivants',63,'fr','node_search',1),('sunt',106,'fr','node_search',1),('sunt',107,'fr','node_search',1),('sunt',108,'fr','node_search',1),('sur',63,'fr','node_search',5.99315),('suscipit',37,'fr','node_search',1),('suscipit',64,'fr','node_search',1),('suscipit',82,'fr','node_search',1),('suscipit',83,'fr','node_search',1),('suscipit',84,'fr','node_search',1),('suscipit',85,'fr','node_search',1),('suscipit',86,'fr','node_search',1),('suspendisse',82,'fr','node_search',1),('suspendisse',83,'fr','node_search',1),('suspendisse',84,'fr','node_search',1),('suspendisse',85,'fr','node_search',1),('suspendisse',86,'fr','node_search',1),('sustainable',106,'fr','node_search',1),('sustainable',107,'fr','node_search',1),('sustainable',108,'fr','node_search',1),('synth',106,'fr','node_search',1),('synth',107,'fr','node_search',1),('synth',108,'fr','node_search',1),('systemes',63,'fr','node_search',2),('tableaux',68,'fr','node_search',28),('tableaux',93,'fr','node_search',27),('tellus',64,'fr','node_search',1),('template',112,'fr','node_search',11),('template',126,'fr','node_search',11),('templates',36,'fr','node_search',27),('tempor',37,'fr','node_search',1),('tempor',106,'fr','node_search',1),('tempor',107,'fr','node_search',1),('tempor',108,'fr','node_search',1),('tempor',111,'fr','node_search',1),('tempor',134,'fr','node_search',1),('tempus',64,'fr','node_search',2),('terry',106,'fr','node_search',1),('terry',107,'fr','node_search',1),('terry',108,'fr','node_search',1),('texte',63,'fr','node_search',27),('texterealisation',64,'fr','node_search',27),('the',108,'fr','node_search',27),('them',106,'fr','node_search',1),('them',107,'fr','node_search',1),('them',108,'fr','node_search',1),('theoule',63,'fr','node_search',1),('theowseils',8,'fr','node_search',1),('theowseils',15,'fr','node_search',1),('theowseils',16,'fr','node_search',1),('theowseils',17,'fr','node_search',1),('theowseils',18,'fr','node_search',1),('theowseils',19,'fr','node_search',1),('theowseils',20,'fr','node_search',1),('theowseils',21,'fr','node_search',1),('theowseils',23,'fr','node_search',1),('theowseils',24,'fr','node_search',1),('theowseils',25,'fr','node_search',1),('theowseils',26,'fr','node_search',1),('theowseils',27,'fr','node_search',1),('theowseils',28,'fr','node_search',1),('theowseils',29,'fr','node_search',1),('theowseils',34,'fr','node_search',1),('theowseils',35,'fr','node_search',1),('theowseils',36,'fr','node_search',1),('theowseils',37,'fr','node_search',1),('theowseils',38,'fr','node_search',1),('theowseils',39,'fr','node_search',1),('theowseils',40,'fr','node_search',1),('theowseils',41,'fr','node_search',1),('theowseils',42,'fr','node_search',1),('theowseils',43,'fr','node_search',1),('theowseils',44,'fr','node_search',1),('theowseils',47,'fr','node_search',1),('theowseils',59,'fr','node_search',1),('theowseils',60,'fr','node_search',1),('theowseils',63,'fr','node_search',1),('theowseils',64,'fr','node_search',1),('theowseils',65,'fr','node_search',1),('theowseils',67,'fr','node_search',1),('theowseils',68,'fr','node_search',1),('theowseils',70,'fr','node_search',1),('theowseils',72,'fr','node_search',1),('theowseils',75,'fr','node_search',1),('theowseils',76,'fr','node_search',1),('theowseils',79,'fr','node_search',1),('theowseils',80,'fr','node_search',1),('theowseils',82,'fr','node_search',1),('theowseils',83,'fr','node_search',1),('theowseils',84,'fr','node_search',1),('theowseils',85,'fr','node_search',1),('theowseils',86,'fr','node_search',1),('theowseils',89,'fr','node_search',1),('theowseils',90,'fr','node_search',1),('theowseils',91,'fr','node_search',1),('theowseils',93,'fr','node_search',1),('theowseils',94,'fr','node_search',1),('theowseils',95,'fr','node_search',1),('theowseils',99,'fr','node_search',1),('theowseils',100,'fr','node_search',1),('theowseils',101,'fr','node_search',1),('theowseils',102,'fr','node_search',1),('theowseils',103,'fr','node_search',1),('theowseils',104,'fr','node_search',1),('theowseils',105,'fr','node_search',1),('theowseils',106,'fr','node_search',1),('theowseils',107,'fr','node_search',1),('theowseils',108,'fr','node_search',1),('theowseils',111,'fr','node_search',1),('theowseils',112,'fr','node_search',1),('theowseils',114,'fr','node_search',1),('theowseils',116,'fr','node_search',1),('theowseils',117,'fr','node_search',1),('theowseils',118,'fr','node_search',1),('theowseils',119,'fr','node_search',1),('theowseils',120,'fr','node_search',1),('theowseils',121,'fr','node_search',1),('theowseils',123,'fr','node_search',1),('theowseils',124,'fr','node_search',1),('theowseils',126,'fr','node_search',1),('theowseils',128,'fr','node_search',1),('theowseils',129,'fr','node_search',1),('theowseils',130,'fr','node_search',1),('theowseils',131,'fr','node_search',1),('theowseils',132,'fr','node_search',1),('theowseils',133,'fr','node_search',1),('theowseils',134,'fr','node_search',1),('theowseils',137,'fr','node_search',1),('theowseils',138,'fr','node_search',1),('theowseils',139,'fr','node_search',1),('theowseils',140,'fr','node_search',1),('theowseils',141,'fr','node_search',1),('theowseils',142,'fr','node_search',1),('theowseils',143,'fr','node_search',1),('theowseils',144,'fr','node_search',1),('theowseils',145,'fr','node_search',1),('theowseils',146,'fr','node_search',1),('this',112,'fr','node_search',11),('this',126,'fr','node_search',11),('timesaving',38,'fr','node_search',27),('tincidunt',82,'fr','node_search',2),('tincidunt',83,'fr','node_search',2),('tincidunt',84,'fr','node_search',2),('tincidunt',85,'fr','node_search',2),('tincidunt',86,'fr','node_search',2),('tips',40,'fr','node_search',27),('together',37,'fr','node_search',27),('tools',38,'fr','node_search',27),('tools',42,'fr','node_search',27),('tools',43,'fr','node_search',27),('tortor',64,'fr','node_search',1),('trans',63,'fr','node_search',0.989021),('truck',106,'fr','node_search',1),('truck',107,'fr','node_search',1),('truck',108,'fr','node_search',1),('turpis',34,'fr','node_search',1),('turpis',64,'fr','node_search',1),('tutorials',39,'fr','node_search',1),('typography',29,'fr','node_search',27),('ullamco',111,'fr','node_search',1),('ullamco',134,'fr','node_search',1),('ullamcorper',64,'fr','node_search',1),('ultrices',112,'fr','node_search',1),('ultrices',124,'fr','node_search',2),('ultrices',126,'fr','node_search',1),('ultricies',82,'fr','node_search',1),('ultricies',83,'fr','node_search',1),('ultricies',84,'fr','node_search',1),('ultricies',85,'fr','node_search',1),('ultricies',86,'fr','node_search',1),('urna',112,'fr','node_search',2),('urna',126,'fr','node_search',2),('useful',41,'fr','node_search',27),('valbonne',63,'fr','node_search',1),('vallauris',63,'fr','node_search',1),('var',63,'fr','node_search',2),('varius',37,'fr','node_search',1),('varius',64,'fr','node_search',1),('varius',82,'fr','node_search',1),('varius',83,'fr','node_search',1),('varius',84,'fr','node_search',1),('varius',85,'fr','node_search',1),('varius',86,'fr','node_search',1),('vegan',106,'fr','node_search',1),('vegan',107,'fr','node_search',1),('vegan',108,'fr','node_search',1),('vehicula',34,'fr','node_search',1),('vehicula',37,'fr','node_search',4),('vehicula',64,'fr','node_search',1),('vehicula',112,'fr','node_search',2),('vehicula',126,'fr','node_search',2),('vehicules',91,'fr','node_search',38),('vel',64,'fr','node_search',2),('vel',82,'fr','node_search',1),('vel',83,'fr','node_search',1),('vel',84,'fr','node_search',1),('vel',85,'fr','node_search',1),('vel',86,'fr','node_search',1),('vel',112,'fr','node_search',2),('vel',126,'fr','node_search',2),('velit',64,'fr','node_search',1),('velit',112,'fr','node_search',1),('velit',126,'fr','node_search',1),('ven',34,'fr','node_search',1),('ven',65,'fr','node_search',1),('ven',67,'fr','node_search',1),('ven',68,'fr','node_search',1),('ven',70,'fr','node_search',1),('ven',72,'fr','node_search',1),('ven',75,'fr','node_search',1),('ven',76,'fr','node_search',1),('ven',79,'fr','node_search',1),('ven',80,'fr','node_search',1),('ven',82,'fr','node_search',1),('ven',83,'fr','node_search',1),('ven',84,'fr','node_search',1),('ven',85,'fr','node_search',1),('ven',86,'fr','node_search',1),('ven',89,'fr','node_search',1),('ven',90,'fr','node_search',1),('ven',91,'fr','node_search',1),('ven',93,'fr','node_search',1),('ven',94,'fr','node_search',1),('ven',95,'fr','node_search',1),('ven',137,'fr','node_search',1),('ven',138,'fr','node_search',1),('ven',139,'fr','node_search',1),('ven',140,'fr','node_search',1),('ven',141,'fr','node_search',1),('ven',142,'fr','node_search',1),('ven',143,'fr','node_search',1),('ven',144,'fr','node_search',1),('ven',145,'fr','node_search',1),('ven',146,'fr','node_search',1),('vence',63,'fr','node_search',1),('veniam',111,'fr','node_search',1),('veniam',134,'fr','node_search',1),('verification',95,'fr','node_search',27),('vhs',106,'fr','node_search',1),('vhs',107,'fr','node_search',1),('vhs',108,'fr','node_search',1),('vice',106,'fr','node_search',1),('vice',107,'fr','node_search',1),('vice',108,'fr','node_search',1),('victoria',34,'fr','node_search',1),('villefranche',63,'fr','node_search',1),('villeneuve',63,'fr','node_search',1),('vintage',99,'fr','node_search',27),('vitae',37,'fr','node_search',1),('vitae',64,'fr','node_search',2),('vitae',112,'fr','node_search',1),('vitae',126,'fr','node_search',1),('vivamus',82,'fr','node_search',1),('vivamus',83,'fr','node_search',1),('vivamus',84,'fr','node_search',1),('vivamus',85,'fr','node_search',1),('vivamus',86,'fr','node_search',1),('viverra',37,'fr','node_search',5),('viverra',124,'fr','node_search',1),('volets',82,'fr','node_search',27),('vous',63,'fr','node_search',0.961087),('vulputate',82,'fr','node_search',1),('vulputate',83,'fr','node_search',1),('vulputate',84,'fr','node_search',1),('vulputate',85,'fr','node_search',1),('vulputate',86,'fr','node_search',1),('web',35,'fr','node_search',1),('web',37,'fr','node_search',27),('web',41,'fr','node_search',28),('web',42,'fr','node_search',27),('web',43,'fr','node_search',27),('webdesign',35,'fr','node_search',27),('website',36,'fr','node_search',27),('welcome',112,'fr','node_search',27),('welcome2',126,'fr','node_search',27),('wes',106,'fr','node_search',1),('wes',107,'fr','node_search',1),('wes',108,'fr','node_search',1),('what',107,'fr','node_search',27),('what',108,'fr','node_search',27),('which',106,'fr','node_search',27),('who',111,'fr','node_search',28),('who',132,'fr','node_search',27),('why',37,'fr','node_search',27),('wifi',63,'fr','node_search',1),('wilder',101,'fr','node_search',27),('winning',130,'fr','node_search',27),('wolf',106,'fr','node_search',2),('wolf',107,'fr','node_search',2),('wolf',108,'fr','node_search',2),('work',37,'fr','node_search',27),('wrong',108,'fr','node_search',27),('wwaleft',133,'fr','node_search',27),('wwarigth',134,'fr','node_search',27),('you',106,'fr','node_search',1),('you',107,'fr','node_search',1),('you',108,'fr','node_search',1),('youremail',34,'fr','node_search',1);

--
-- Table structure for table `search_total`
--

CREATE TABLE `search_total` (
  `word` varchar(50) NOT NULL DEFAULT '' COMMENT 'Primary Key: Unique word in the search index.',
  `count` float DEFAULT NULL COMMENT 'The count of the word in the index using Zipf''s law to equalize the probability distribution.',
  PRIMARY KEY (`word`)
) ENGINE=InnoDB DEFAULT CHARSET=utf8mb4 COMMENT='Stores search totals for words.';

--
-- Dumping data for table `search_total`
--

INSERT INTO `search_total` VALUES ('1',0.00590886),('10012022',0.176091),('10122021',0.0147233),('1016',0.30103),('1025',0.30103),('1026',0.176091),('1027',0.30103),('1028',0.30103),('1035',0.30103),('1040',0.30103),('1042',0.30103),('1056',0.30103),('1058',0.30103),('1101',0.30103),('11012022',0.0413927),('1103',0.30103),('1115',0.30103),('1117',0.30103),('1121',0.30103),('1123',0.176091),('1124',0.30103),('1126',0.30103),('1133',0.30103),('1136',0.30103),('1139',0.30103),('1142',0.30103),('12012022',0.0579919),('121',0.30103),('123',0.30103),('126',0.179244),('1407',0.30103),('1418',0.30103),('1422',0.30103),('1426',0.30103),('1429',0.30103),('1431',0.30103),('1433',0.30103),('1435',0.30103),('1442',0.30103),('1445',0.30103),('1446',0.30103),('1449',0.30103),('1452',0.176091),('1458',0.30103),('1459',0.30103),('1500',0.30103),('1503',0.30103),('15112021',0.0457575),('1512',0.30103),('1517',0.124939),('1520',0.30103),('1526',0.30103),('1527',0.30103),('1629',0.30103),('1631',0.30103),('1638',0.30103),('1640',0.30103),('1642',0.30103),('1645',0.30103),('1646',0.30103),('1648',0.176091),('1649',0.30103),('1650',0.30103),('1651',0.30103),('1652',0.30103),('1653',0.30103),('17112021',0.30103),('1721',0.176091),('1722',0.30103),('1728',0.30103),('1731',0.30103),('1732',0.30103),('1738',0.30103),('1743',0.30103),('1744',0.30103),('18',0.180387),('18112021',0.30103),('19102021',0.30103),('2',0.00590886),('21',0.0157943),('21012022',0.0413927),('23122021',0.0413927),('25',0.0157943),('28102021',0.0248236),('29102021',0.30103),('3',0.00649096),('3000',0.30103),('359',0.30103),('4',0.00934003),('404errorpage',0.0157943),('456',0.30103),('459',0.181508),('5',0.00935032),('50',0.0157943),('6',0.01524),('6211',0.178078),('7',0.0157943),('789',0.30103),('83',0.30103),('844',0.30103),('846',0.30103),('847',0.30103),('848',0.30103),('852',0.30103),('853',0.30103),('856',0.30103),('903',0.30103),('910',0.30103),('9122021',0.09691),('913',0.30103),('923',0.30103),('926',0.30103),('927',0.30103),('928',0.30103),('929',0.30103),('930',0.30103),('931',0.30103),('942',0.30103),('959',0.30103),('accueil',0.0157943),('accusamus',0.0337863),('actualites',0.0157943),('actublog',0.00436481),('adipiscing',0.0427804),('adipisicing',0.0460486),('admin',0.0157943),('adobe',0.0157943),('aenean',0.0579919),('aesthetic',0.0655053),('ail',0.30103),('ajout',0.0157943),('alarme',0.00796893),('aliqua',0.0448639),('aliquam',0.0211893),('aliquet',0.09691),('aliquip',0.124939),('alpesmaritimes',0.30103),('amet',0.0196547),('and',0.00318575),('anderson',0.0652936),('anim',0.0336477),('ante',0.0844318),('antibes',0.30103),('arcs',0.30103),('are',0.00751977),('areimg',0.0157943),('argens',0.176589),('arrive',0.0157943),('article',0.0157943),('articles',0.209082),('assumenda',0.0651452),('assurance',0.00653087),('augue',0.0299632),('australia',0.30103),('aute',0.0513557),('available',0.0154405),('avez',0.30103),('awards',0.015275),('banniere',0.000574084),('beaulieu',0.30103),('beausoleil',0.30103),('beer',0.0339058),('best',0.0157943),('bibendum',0.124939),('biot',0.30103),('bird',0.0650686),('blandit',0.0457575),('bloggrid',0.00796893),('blogpost',0.0157943),('blogstandard',0.0157943),('body',0.00104272),('borne',0.00663058),('bornederecharge',0.01524),('brunch',0.0336989),('butcher',0.0653833),('buttons',0.0157943),('buy',0.0184834),('cagnes',0.30103),('cannes',0.30103),('cannet',0.30103),('cap',0.176091),('carros',0.30103),('cepteur',0.176091),('chauffage',0.0157943),('chic',0.0157943),('cityscape',0.0157943),('cliche',0.0645955),('coding',0.141388),('coffee',0.0651071),('colle',0.30103),('collection',0.0157943),('collectivites',0.30103),('commodo',0.124939),('completed',0.0152649),('confort',0.00653087),('congue',0.0457575),('connectees',0.30103),('consectetuer',0.30103),('consectetur',0.0331684),('consequat',0.0579919),('consequatur',0.09691),('contact',0.0157943),('contactez',0.30103),('contes',0.30103),('control4',0.30103),('convallis',0.0299632),('convert',0.0157943),('cool',0.176091),('craft',0.0339008),('create',0.0157943),('creating',0.0157943),('creative',0.176091),('cred',0.0653117),('crestron',0.30103),('cupid',0.176091),('cupidatat',0.0648701),('curabitur',0.0377886),('cursus',0.0669468),('customers',0.0152587),('dans',0.124939),('dapibus',0.124939),('debitis',0.30103),('denim',0.0654881),('depose',0.00782534),('design',0.124939),('designers',0.00532883),('developers',0.0157943),('diam',0.0791812),('dignissim',0.0706587),('dolor',0.0168907),('dolore',0.124939),('domotique',0.00527714),('domotiques',0.0511525),('draguignan',0.30103),('dui',0.124939),('duis',0.082862),('egestas',0.0706587),('eget',0.09691),('eiusmod',0.0198686),('electricite',0.00584536),('electrique',0.00454763),('electriques',0.011281),('elit',0.0193742),('enim',0.017563),('entire',0.183954),('entreprise',0.30103),('entreprises',0.30103),('erat',0.0791812),('eros',0.0844318),('est',0.0791812),('etiam',0.176091),('euismod',0.0377886),('excepteur',0.0653656),('exemple',0.0157943),('exemples',0.0157943),('exercitation',0.124939),('expert',0.30103),('experte',0.30103),('eze',0.30103),('faq',0.0153697),('farmtotable',0.0654535),('faucibus',0.0669468),('fayence',0.30103),('felis',0.0275761),('fermentum',0.0413927),('feugiat',0.09691),('flat',0.0157943),('food',0.0649308),('for',0.00397543),('forms',0.0157943),('free',0.0157943),('freebies',0.176091),('freelance',0.0157943),('frejus',0.30103),('french',0.177783),('fringilla',0.30103),('fusce',0.0413927),('gaude',0.30103),('grasse',0.30103),('gravida',0.30103),('great',0.0157943),('grimaud',0.30103),('handmade',0.0157943),('haven',0.0655562),('heard',0.0655731),('helvetica',0.0652202),('hendrerit',0.0791812),('high',0.064639),('home',0.30103),('homepage',0.0157943),('house',0.0157943),('how',0.0157943),('html',0.00796893),('iaculis',0.0791812),('illustrator',0.0157943),('imperdiet',0.0791812),('incididunt',0.0460486),('infocom',0.30103),('information',0.30103),('informations',0.30103),('inspiring',0.176091),('installation',0.30103),('integer',0.124939),('integrateurs',0.30103),('interdum',0.30103),('interphonie',0.0157943),('intervient',0.30103),('ipsum',0.0200071),('ipx800',0.30103),('irure',0.195873),('jeedom',0.30103),('jeu',0.0142404),('justo',0.0511525),('keffiyeh',0.0652016),('king',0.30103),('knx',0.176091),('labore',0.0199805),('laboris',0.124939),('laborum',0.0650102),('lacinia',0.0844318),('lacus',0.0587552),('language',0.177487),('laoreet',0.30103),('laurent',0.30103),('layouts',0.0157943),('lectus',0.0457575),('leggings',0.0654361),('legrand',0.30103),('leo',0.0413927),('les',0.0122691),('libero',0.0308485),('life',0.0646606),('ligula',0.0479),('lobortis',0.0579919),('lomo',0.0654186),('lorawan',0.30103),('lorem',0.0180231),('lorgues',0.30103),('loubet',0.30103),('loup',0.30103),('loxone',0.30103),('luc',0.30103),('luctus',0.0791812),('lun',0.0377886),('lutron',0.30103),('magna',0.0457575),('maison',0.00796893),('mandelieu',0.30103),('mar',0.0377886),('martin',0.30103),('massa',0.0511525),('mattis',0.124939),('mauris',0.0347621),('maxime',0.30103),('melbourne',0.30103),('menton',0.30103),('mer',0.0377886),('methods',0.0154395),('metus',0.209566),('mineapolis',0.0157943),('minim',0.124939),('molestie',0.107128),('mollis',0.0791812),('monaco',0.30103),('montauroux',0.30103),('moon',0.0336714),('morbi',0.211141),('more',0.00975984),('mouans',0.30103),('mougins',0.30103),('mountain',0.0157943),('must',0.0157943),('muy',0.30103),('nam',0.176091),('nec',0.0381109),('neque',0.124939),('nesciunt',0.0228699),('neuf',0.00653087),('nibh',0.0511525),('nice',0.30103),('nihil',0.0651829),('niko',0.30103),('nisi',0.0791812),('nisl',0.0413927),('non',0.0467175),('nonummy',0.0511525),('nos',0.124939),('nostrud',0.124939),('notre',0.126931),('now',0.0184834),('nulla',0.0175987),('nunc',0.176091),('occaecat',0.0502768),('odio',0.0844318),('officia',0.0648291),('online',0.0157943),('orci',0.0457575),('ordered',0.0152827),('ornare',0.30103),('ouvertures',0.00643411),('page',0.00145981),('pariatur',0.0645736),('particuliers',0.30103),('payment',0.015103),('pegomas',0.30103),('pellentesque',0.0299632),('personal',0.0157943),('peymeinade',0.30103),('phasellus',0.30103),('phone',0.30103),('pick',0.0154414),('pins',0.30103),('pizza',0.0152808),('placerat',0.0791812),('plan',0.00777281),('plus',0.30103),('porta',0.141526),('portail',0.01524),('portfolio',0.00175618),('portfolioalter',0.0157943),('portfoliodefault',0.0157943),('portfoliogallery',0.0157943),('posuere',0.0791812),('pour',0.181874),('practices',0.0157943),('praesent',0.0715913),('premium',0.00532883),('prises',0.0157943),('pro',0.30103),('probably',0.0655393),('professionals',0.00796893),('programmation',0.30103),('proident',0.0502144),('projects',0.015267),('projet',0.30103),('propo',0.0157943),('provence',0.30103),('psd',0.0157943),('puget',0.30103),('pulvinar',0.30103),('purus',0.0306834),('put',0.0650493),('quam',0.176091),('quinoa',0.0649707),('quis',0.0791812),('quisque',0.124939),('ransom',0.0157943),('raphael',0.30103),('raw',0.0654709),('read',0.00962599),('realisation',0.0157943),('recharge',0.00663058),('recommended',0.00796893),('renovation',0.00653087),('repose',0.00782534),('reprehenderit',0.0646173),('resources',0.00742402),('responsive',0.0157943),('ressource',0.00796893),('rhoncus',0.0669468),('richardson',0.0647247),('right',0.0153762),('roquebrune',0.176091),('roquefort',0.30103),('roulants',0.0157943),('rti',0.30103),('rutrum',0.0791812),('sagittis',0.104907),('saint',0.176091),('sainte',0.30103),('sainttropez',0.30103),('sapien',0.0511525),('sapiente',0.0653298),('sartoux',0.30103),('satisfied',0.0152566),('scenario',0.00653087),('securite',0.00653087),('sed',0.0281376),('see',0.183687),('sem',0.0791812),('services',0.00532883),('shabby',0.0157943),('shoreditch',0.0651641),('sidebar',0.0157943),('simonsvoss',0.30103),('simple',0.176091),('singleorigin',0.0650879),('sint',0.176091),('sit',0.0196547),('skateboard',0.0648905),('societe',0.180103),('sociis',0.30103),('sollicitudin',0.0427804),('sont',0.30103),('specialise',0.30103),('specialisee',0.30103),('specialises',0.30103),('specialiste',0.09691),('squid',0.03367),('stats',0.00975984),('steak',0.0157943),('street',0.30103),('stylish',0.176091),('suivants',0.30103),('sunt',0.0650298),('sur',0.0670177),('suscipit',0.0579919),('suspendisse',0.0791812),('sustainable',0.0655898),('synth',0.0655223),('systemes',0.176091),('tableaux',0.00782534),('tellus',0.30103),('template',0.0184834),('templates',0.0157943),('tempor',0.0252023),('tempus',0.176091),('terry',0.0647035),('texte',0.0157943),('texterealisation',0.0157943),('the',0.0135171),('them',0.0583572),('theoule',0.30103),('theowseils',0.00479888),('this',0.0184834),('timesaving',0.0157943),('tincidunt',0.0413927),('tips',0.0157943),('together',0.0153327),('tools',0.00532883),('tortor',0.0791812),('trans',0.30103),('truck',0.0649508),('turpis',0.176091),('tutorials',0.212811),('typography',0.0157943),('ullamco',0.124939),('ullamcorper',0.30103),('ultrices',0.0401673),('ultricies',0.0791812),('urna',0.0669468),('useful',0.0157943),('valbonne',0.30103),('vallauris',0.30103),('var',0.176091),('varius',0.0579919),('vegan',0.0653477),('vehicula',0.0347621),('vehicules',0.011281),('vel',0.0321847),('velit',0.0856967),('ven',0.0137883),('vence',0.30103),('veniam',0.124939),('verification',0.0157943),('vhs',0.0656065),('vice',0.065401),('victoria',0.30103),('villefranche',0.30103),('villeneuve',0.30103),('vintage',0.0157943),('vitae',0.0669468),('vivamus',0.071508),('viverra',0.0474596),('volets',0.0157943),('vous',0.178954),('vulputate',0.0715248),('web',0.00386042),('webdesign',0.0157943),('website',0.0157943),('welcome',0.01524),('welcome2',0.0157943),('wes',0.0652754),('what',0.00756804),('which',0.0153736),('who',0.00768683),('why',0.0157943),('wifi',0.30103),('wilder',0.0157943),('winning',0.015273),('wolf',0.0336658),('work',0.0153149),('wrong',0.0154423),('wwaleft',0.0157943),('wwarigth',0.0157943),('you',0.0528431),('youremail',0.30103);

--
-- Table structure for table `semaphore`
--

CREATE TABLE `semaphore` (
  `name` varchar(255) CHARACTER SET ascii NOT NULL DEFAULT '' COMMENT 'Primary Key: Unique name.',
  `value` varchar(255) CHARACTER SET ascii NOT NULL DEFAULT '' COMMENT 'A value for the semaphore.',
  `expire` double NOT NULL COMMENT 'A Unix timestamp with microseconds indicating when the semaphore should expire.',
  PRIMARY KEY (`name`),
  KEY `value` (`value`),
  KEY `expire` (`expire`)
) ENGINE=InnoDB DEFAULT CHARSET=utf8mb4 COMMENT='Table for holding semaphores, locks, flags, etc. that…';

--
-- Dumping data for table `semaphore`
--


--
-- Table structure for table `sequences`
--

CREATE TABLE `sequences` (
  `value` int(10) unsigned NOT NULL AUTO_INCREMENT COMMENT 'The value of the sequence.',
  PRIMARY KEY (`value`)
) ENGINE=InnoDB AUTO_INCREMENT=45 DEFAULT CHARSET=utf8mb4 COMMENT='Stores IDs.';

--
-- Dumping data for table `sequences`
--

INSERT INTO `sequences` VALUES (44);

--
-- Table structure for table `sessions`
--

CREATE TABLE `sessions` (
  `uid` int(10) unsigned NOT NULL COMMENT 'The "users".uid corresponding to a session, or 0 for anonymous user.',
  `sid` varchar(128) CHARACTER SET ascii NOT NULL COMMENT 'A session ID (hashed). The value is generated by Drupal''s session handlers.',
  `hostname` varchar(128) CHARACTER SET ascii NOT NULL DEFAULT '' COMMENT 'The IP address that last used this session ID (sid).',
  `timestamp` int(11) NOT NULL DEFAULT 0 COMMENT 'The Unix timestamp when this session last requested a page. Old records are purged by PHP automatically.',
  `session` longblob DEFAULT NULL COMMENT 'The serialized contents of $_SESSION, an array of name/value pairs that persists across page requests by this session ID. Drupal loads $_SESSION from here at the start of each request and saves it at the end.',
  PRIMARY KEY (`sid`),
  KEY `timestamp` (`timestamp`),
  KEY `uid` (`uid`)
) ENGINE=InnoDB DEFAULT CHARSET=utf8mb4 COMMENT='Drupal''s session handlers read and write into the sessions…';

--
-- Dumping data for table `sessions`
--

INSERT INTO `sessions` VALUES (1,'7VAAZQHQVsU-imoAmbJHZnpWSwNHARORZ11-L63EUi0','172.18.0.6',1642769990,'_sf2_attributes|a:2:{s:3:\"uid\";s:1:\"1\";s:20:\"authorize_page_title\";O:48:\"Drupal\\Core\\StringTranslation\\TranslatableMarkup\":3:{s:9:\"\0*\0string\";s:14:\"Update manager\";s:12:\"\0*\0arguments\";a:0:{}s:10:\"\0*\0options\";a:0:{}}}_sf2_meta|a:4:{s:1:\"u\";i:1642769989;s:1:\"c\";i:1638203940;s:1:\"l\";s:7:\"2000000\";s:1:\"s\";s:43:\"mR21A2J62yUSOZNJVmNQx_UZpcfR_E4Ha4G4RJiQrNI\";}');

--
-- Table structure for table `shortcut`
--

CREATE TABLE `shortcut` (
  `id` int(10) unsigned NOT NULL AUTO_INCREMENT,
  `shortcut_set` varchar(32) CHARACTER SET ascii NOT NULL COMMENT 'The ID of the target entity.',
  `uuid` varchar(128) CHARACTER SET ascii NOT NULL,
  `langcode` varchar(12) CHARACTER SET ascii NOT NULL,
  PRIMARY KEY (`id`),
  UNIQUE KEY `shortcut_field__uuid__value` (`uuid`),
  KEY `shortcut_field__shortcut_set__target_id` (`shortcut_set`)
) ENGINE=InnoDB AUTO_INCREMENT=4 DEFAULT CHARSET=utf8mb4 COMMENT='The base table for shortcut entities.';

--
-- Dumping data for table `shortcut`
--

INSERT INTO `shortcut` VALUES (1,'default','6ee9c9fd-c07f-4c49-8cdb-c1e7918262b4','fr'),(2,'default','567e05a1-357e-49bf-9b8e-121562bb29b7','fr'),(3,'default','14994de5-b40b-442e-befe-ab27c576e5d1','fr');

--
-- Table structure for table `shortcut_field_data`
--

CREATE TABLE `shortcut_field_data` (
  `id` int(10) unsigned NOT NULL,
  `shortcut_set` varchar(32) CHARACTER SET ascii NOT NULL COMMENT 'The ID of the target entity.',
  `langcode` varchar(12) CHARACTER SET ascii NOT NULL,
  `title` varchar(255) DEFAULT NULL,
  `weight` int(11) DEFAULT NULL,
  `link__uri` varchar(2048) DEFAULT NULL COMMENT 'The URI of the link.',
  `link__title` varchar(255) DEFAULT NULL COMMENT 'The link text.',
  `link__options` longblob DEFAULT NULL COMMENT 'Serialized array of options for the link.',
  `default_langcode` tinyint(4) NOT NULL,
  PRIMARY KEY (`id`,`langcode`),
  KEY `shortcut__id__default_langcode__langcode` (`id`,`default_langcode`,`langcode`),
  KEY `shortcut_field__shortcut_set__target_id` (`shortcut_set`),
  KEY `shortcut_field__link__uri` (`link__uri`(30))
) ENGINE=InnoDB DEFAULT CHARSET=utf8mb4 COMMENT='The data table for shortcut entities.';

--
-- Dumping data for table `shortcut_field_data`
--

INSERT INTO `shortcut_field_data` VALUES (1,'default','fr','Add content',-20,'internal:/node/add',NULL,'a:0:{}',1),(2,'default','fr','All content',-19,'internal:/admin/content',NULL,'a:0:{}',1),(3,'default','fr','Gérer l\'affichage',NULL,'internal:/admin/structure/contact/manage/feedback/display',NULL,'a:0:{}',1);

--
-- Table structure for table `shortcut_set_users`
--

CREATE TABLE `shortcut_set_users` (
  `uid` int(10) unsigned NOT NULL DEFAULT 0 COMMENT 'The "users".uid for this set.',
  `set_name` varchar(32) CHARACTER SET ascii NOT NULL DEFAULT '' COMMENT 'The "shortcut_set".set_name that will be displayed for this user.',
  PRIMARY KEY (`uid`),
  KEY `set_name` (`set_name`)
) ENGINE=InnoDB DEFAULT CHARSET=utf8mb4 COMMENT='Maps users to shortcut sets.';

--
-- Dumping data for table `shortcut_set_users`
--


--
-- Table structure for table `taxonomy_index`
--

CREATE TABLE `taxonomy_index` (
  `nid` int(10) unsigned NOT NULL DEFAULT 0 COMMENT 'The "node".nid this record tracks.',
  `tid` int(10) unsigned NOT NULL DEFAULT 0 COMMENT 'The term ID.',
  `status` int(11) NOT NULL DEFAULT 1 COMMENT 'Boolean indicating whether the node is published (visible to non-administrators).',
  `sticky` tinyint(4) DEFAULT 0 COMMENT 'Boolean indicating whether the node is sticky.',
  `created` int(11) NOT NULL DEFAULT 0 COMMENT 'The Unix timestamp when the node was created.',
  PRIMARY KEY (`nid`,`tid`),
  KEY `term_node` (`tid`,`status`,`sticky`,`created`)
) ENGINE=InnoDB DEFAULT CHARSET=utf8mb4 COMMENT='Maintains denormalized information about node/term…';

--
-- Dumping data for table `taxonomy_index`
--

INSERT INTO `taxonomy_index` VALUES (35,1,1,0,1636930800),(36,1,1,0,1636966765),(37,1,1,0,1636970297),(38,1,1,0,1636991107),(39,1,1,0,1636991306),(40,1,1,0,1636991374),(41,1,1,0,1636991429),(42,1,1,0,1636991520),(43,1,1,0,1636991608),(60,4,1,0,1639037589),(67,4,1,0,1639125746),(70,4,1,0,1639141658),(63,5,1,0,1639064317),(68,6,1,0,1639127807),(72,7,1,0,1639143941),(75,7,1,0,1639145558),(76,7,1,0,1639145833),(79,7,1,0,1639146046),(80,8,1,0,1639146416),(82,8,1,0,1639150827),(83,8,1,0,1639150939),(84,9,1,0,1639151195),(85,10,1,0,1639151308),(86,11,1,0,1639151508),(89,12,1,0,1639153277),(90,12,1,0,1639153314),(91,12,1,0,1639153339),(93,13,1,0,1639153896),(94,14,1,0,1639153964),(95,15,1,0,1639154639),(99,17,1,0,1640245461),(100,17,1,0,1640245618),(101,17,1,0,1640245670),(102,17,1,0,1640245729),(103,17,1,0,1640245961),(104,17,1,0,1640246003),(105,17,1,0,1640246181),(106,18,1,0,1640255780),(107,18,1,0,1640255943),(108,18,1,0,1640256152),(112,19,1,0,1641823169),(126,19,1,0,1641919448),(111,20,1,0,1641807318),(132,20,1,0,1641982989),(123,21,1,0,1641888612),(114,21,1,0,1641889409),(116,21,1,0,1641889571),(117,21,1,0,1641889632),(118,21,1,0,1641889728),(119,21,1,0,1641889773),(120,21,1,0,1641889844),(121,21,1,0,1641889894),(124,22,1,0,1641893219),(128,24,1,0,1641979512),(129,24,1,0,1641979603),(130,24,1,0,1641979635),(131,24,1,0,1641979692),(133,25,1,0,1642001370),(134,26,1,0,1642001507);

--
-- Table structure for table `taxonomy_term__parent`
--

CREATE TABLE `taxonomy_term__parent` (
  `bundle` varchar(128) CHARACTER SET ascii NOT NULL DEFAULT '' COMMENT 'The field instance bundle to which this row belongs, used when deleting a field instance',
  `deleted` tinyint(4) NOT NULL DEFAULT 0 COMMENT 'A boolean indicating whether this data item has been deleted',
  `entity_id` int(10) unsigned NOT NULL COMMENT 'The entity id this data is attached to',
  `revision_id` int(10) unsigned NOT NULL COMMENT 'The entity revision id this data is attached to',
  `langcode` varchar(32) CHARACTER SET ascii NOT NULL DEFAULT '' COMMENT 'The language code for this data item.',
  `delta` int(10) unsigned NOT NULL COMMENT 'The sequence number for this data item, used for multi-value fields',
  `parent_target_id` int(10) unsigned NOT NULL COMMENT 'The ID of the target entity.',
  PRIMARY KEY (`entity_id`,`deleted`,`delta`,`langcode`),
  KEY `revision_id` (`revision_id`),
  KEY `parent_target_id` (`parent_target_id`),
  KEY `bundle_delta_target_id` (`bundle`,`delta`,`parent_target_id`)
) ENGINE=InnoDB DEFAULT CHARSET=utf8mb4 COMMENT='Data storage for taxonomy_term field parent.';

--
-- Dumping data for table `taxonomy_term__parent`
--

INSERT INTO `taxonomy_term__parent` VALUES ('tags',0,1,1,'fr',0,0),('tags',0,2,2,'fr',0,0),('tags',0,3,3,'fr',0,0),('tags',0,4,4,'fr',0,0),('tags',0,5,5,'fr',0,0),('tags',0,6,6,'fr',0,0),('tags',0,7,7,'fr',0,0),('tags',0,8,8,'fr',0,0),('tags',0,9,9,'fr',0,0),('tags',0,10,10,'fr',0,0),('tags',0,11,11,'fr',0,0),('tags',0,12,12,'fr',0,0),('tags',0,13,13,'fr',0,0),('tags',0,14,14,'fr',0,0),('tags',0,15,15,'fr',0,0),('tags',0,16,16,'fr',0,0),('tags',0,17,17,'fr',0,0),('tags',0,18,18,'fr',0,0),('tags',0,19,19,'fr',0,0),('tags',0,20,20,'fr',0,0),('tags',0,21,21,'fr',0,0),('tags',0,22,22,'fr',0,0),('tags',0,23,23,'fr',0,0),('tags',0,24,24,'fr',0,0),('tags',0,25,25,'fr',0,0),('tags',0,26,26,'fr',0,0);

--
-- Table structure for table `taxonomy_term_data`
--

CREATE TABLE `taxonomy_term_data` (
  `tid` int(10) unsigned NOT NULL AUTO_INCREMENT,
  `revision_id` int(10) unsigned DEFAULT NULL,
  `vid` varchar(32) CHARACTER SET ascii NOT NULL COMMENT 'The ID of the target entity.',
  `uuid` varchar(128) CHARACTER SET ascii NOT NULL,
  `langcode` varchar(12) CHARACTER SET ascii NOT NULL,
  PRIMARY KEY (`tid`),
  UNIQUE KEY `taxonomy_term_field__uuid__value` (`uuid`),
  UNIQUE KEY `taxonomy_term__revision_id` (`revision_id`),
  KEY `taxonomy_term_field__vid__target_id` (`vid`)
) ENGINE=InnoDB AUTO_INCREMENT=27 DEFAULT CHARSET=utf8mb4 COMMENT='The base table for taxonomy_term entities.';

--
-- Dumping data for table `taxonomy_term_data`
--

INSERT INTO `taxonomy_term_data` VALUES (1,1,'tags','802fd21c-2a2d-4938-a2e5-e6212d53f650','fr'),(2,2,'tags','0bc4dccf-b67c-4f2f-b821-f836637ba0b3','fr'),(3,3,'tags','7b48f7e1-298c-47e7-a37c-c2755e7d810b','fr'),(4,4,'tags','91a6f703-92ae-43f3-b981-03adb15087a7','fr'),(5,5,'tags','654f20ff-0b01-4fec-88a5-04a403ecf80d','fr'),(6,6,'tags','32e2be5f-efca-4200-b7ae-8366d4c97737','fr'),(7,7,'tags','464292c7-6be6-4789-a775-5eb3305b6cce','fr'),(8,8,'tags','d7eaf6f4-c272-4e05-af9d-dd8cb447d789','fr'),(9,9,'tags','4c2a858b-5fed-45e6-af8d-063866a77b0a','fr'),(10,10,'tags','4e928bfa-2dbe-4200-a42c-d98befc04a9f','fr'),(11,11,'tags','85a1f490-9a30-4847-b050-de9e3811dd17','fr'),(12,12,'tags','ee7de308-4331-4a3c-bfd0-b2231737b575','fr'),(13,13,'tags','61416305-8597-4aae-a421-a341f597159b','fr'),(14,14,'tags','e3ff3ee3-cd3d-4e64-86dc-c71457e19093','fr'),(15,15,'tags','e79cab7f-09c1-4dec-9297-7615fd7dab8e','fr'),(16,16,'tags','020b5c75-053e-427b-b7ff-0eb44fa2f4c5','fr'),(17,17,'tags','32e6cdea-4de2-4ccc-b697-68963f829f95','fr'),(18,18,'tags','43a866eb-f3aa-4330-9f7b-20da3004456e','fr'),(19,19,'tags','1bd3ae1c-afb0-43ca-ba13-2bf7c1d690be','fr'),(20,20,'tags','d71d35ae-af45-443a-a79e-d43f7a8d858d','fr'),(21,21,'tags','614c5211-4f09-4467-a6ff-40dba5236482','fr'),(22,22,'tags','b394732f-049b-481e-918b-4b26478325e0','fr'),(23,23,'tags','e6aaad34-0fbf-4a6f-b1c0-aac44dc028a7','fr'),(24,24,'tags','e85785c5-ec34-49f1-8f8c-591738584038','fr'),(25,25,'tags','469dcbbc-2e35-4c8c-ae6a-61dea685e5ad','fr'),(26,26,'tags','1f2eedce-4129-4b6f-aad3-f8c4da49fe2e','fr');

--
-- Table structure for table `taxonomy_term_field_data`
--

CREATE TABLE `taxonomy_term_field_data` (
  `tid` int(10) unsigned NOT NULL,
  `revision_id` int(10) unsigned NOT NULL,
  `vid` varchar(32) CHARACTER SET ascii NOT NULL COMMENT 'The ID of the target entity.',
  `langcode` varchar(12) CHARACTER SET ascii NOT NULL,
  `status` tinyint(4) NOT NULL,
  `name` varchar(255) NOT NULL,
  `description__value` longtext DEFAULT NULL,
  `description__format` varchar(255) CHARACTER SET ascii DEFAULT NULL,
  `weight` int(11) NOT NULL,
  `changed` int(11) DEFAULT NULL,
  `default_langcode` tinyint(4) NOT NULL,
  `revision_translation_affected` tinyint(4) DEFAULT NULL,
  PRIMARY KEY (`tid`,`langcode`),
  KEY `taxonomy_term__id__default_langcode__langcode` (`tid`,`default_langcode`,`langcode`),
  KEY `taxonomy_term__revision_id` (`revision_id`),
  KEY `taxonomy_term_field__name` (`name`(191)),
  KEY `taxonomy_term__status_vid` (`status`,`vid`,`tid`),
  KEY `taxonomy_term__tree` (`vid`,`weight`,`name`(191)),
  KEY `taxonomy_term__vid_name` (`vid`,`name`(191))
) ENGINE=InnoDB DEFAULT CHARSET=utf8mb4 COMMENT='The data table for taxonomy_term entities.';

--
-- Dumping data for table `taxonomy_term_field_data`
--

INSERT INTO `taxonomy_term_field_data` VALUES (1,1,'tags','fr',1,'actu-blog',NULL,NULL,0,1636967204,1,1),(2,2,'tags','fr',1,'alarmes',NULL,NULL,0,1638972711,1,1),(3,3,'tags','fr',1,'chauffage/ventillation',NULL,NULL,0,1638977921,1,1),(4,4,'tags','fr',1,'accueil',NULL,NULL,0,1639040089,1,1),(5,5,'tags','fr',1,'texte-accueil',NULL,NULL,0,1639064627,1,1),(6,6,'tags','fr',1,'partie Rénovation',NULL,NULL,0,1639127879,1,1),(7,7,'tags','fr',1,'choix-domotique',NULL,NULL,0,1639144267,1,1),(8,8,'tags','fr',1,'choix-ouvertures',NULL,NULL,0,1639146581,1,1),(9,9,'tags','fr',1,'choix-confort',NULL,NULL,0,1639151260,1,1),(10,10,'tags','fr',1,'choix-securite',NULL,NULL,0,1639151364,1,1),(11,11,'tags','fr',1,'choix-scenario',NULL,NULL,0,1639151919,1,1),(12,12,'tags','fr',1,'choix-electricite',NULL,NULL,0,1639153304,1,1),(13,13,'tags','fr',1,'choix-renovation',NULL,NULL,0,1639153956,1,1),(14,14,'tags','fr',1,'choix-neuf',NULL,NULL,0,1639154004,1,1),(15,15,'tags','fr',1,'choix-borne-de-recharge-de-vehicules-electrique',NULL,NULL,0,1639154701,1,1),(16,16,'tags','fr',1,'page-accueil',NULL,NULL,0,1640008334,1,1),(17,17,'tags','fr',1,'image-carrousel',NULL,NULL,0,1640245602,1,1),(18,18,'tags','fr',1,'FAQ',NULL,NULL,0,1640255920,1,1),(19,19,'tags','fr',1,'Bloc-welcome',NULL,NULL,0,1641806901,1,1),(20,20,'tags','fr',1,'Bloc-who-we-are',NULL,NULL,0,1641807611,1,1),(21,21,'tags','fr',1,'Portfolio',NULL,NULL,0,1641889684,1,1),(22,22,'tags','fr',1,'FAQ-intro',NULL,NULL,0,1641893344,1,1),(23,23,'tags','fr',1,'test',NULL,NULL,0,1641898575,1,1),(24,24,'tags','fr',1,'Stats',NULL,NULL,0,1641979788,1,1),(25,25,'tags','fr',1,'wwa_left',NULL,NULL,0,1642001441,1,1),(26,26,'tags','fr',1,'wwa_rigth',NULL,NULL,0,1642001634,1,1);

--
-- Table structure for table `taxonomy_term_field_revision`
--

CREATE TABLE `taxonomy_term_field_revision` (
  `tid` int(10) unsigned NOT NULL,
  `revision_id` int(10) unsigned NOT NULL,
  `langcode` varchar(12) CHARACTER SET ascii NOT NULL,
  `status` tinyint(4) NOT NULL,
  `name` varchar(255) DEFAULT NULL,
  `description__value` longtext DEFAULT NULL,
  `description__format` varchar(255) CHARACTER SET ascii DEFAULT NULL,
  `changed` int(11) DEFAULT NULL,
  `default_langcode` tinyint(4) NOT NULL,
  `revision_translation_affected` tinyint(4) DEFAULT NULL,
  PRIMARY KEY (`revision_id`,`langcode`),
  KEY `taxonomy_term__id__default_langcode__langcode` (`tid`,`default_langcode`,`langcode`),
  KEY `taxonomy_term_field__description__format` (`description__format`)
) ENGINE=InnoDB DEFAULT CHARSET=utf8mb4 COMMENT='The revision data table for taxonomy_term entities.';

--
-- Dumping data for table `taxonomy_term_field_revision`
--

INSERT INTO `taxonomy_term_field_revision` VALUES (1,1,'fr',1,'actu-blog',NULL,NULL,1636967204,1,1),(2,2,'fr',1,'alarmes',NULL,NULL,1638972711,1,1),(3,3,'fr',1,'chauffage/ventillation',NULL,NULL,1638977921,1,1),(4,4,'fr',1,'accueil',NULL,NULL,1639040089,1,1),(5,5,'fr',1,'texte-accueil',NULL,NULL,1639064627,1,1),(6,6,'fr',1,'partie Rénovation',NULL,NULL,1639127879,1,1),(7,7,'fr',1,'choix-domotique',NULL,NULL,1639144267,1,1),(8,8,'fr',1,'choix-ouvertures',NULL,NULL,1639146581,1,1),(9,9,'fr',1,'choix-confort',NULL,NULL,1639151260,1,1),(10,10,'fr',1,'choix-securite',NULL,NULL,1639151364,1,1),(11,11,'fr',1,'choix-scenario',NULL,NULL,1639151919,1,1),(12,12,'fr',1,'choix-electricite',NULL,NULL,1639153304,1,1),(13,13,'fr',1,'choix-renovation',NULL,NULL,1639153956,1,1),(14,14,'fr',1,'choix-neuf',NULL,NULL,1639154004,1,1),(15,15,'fr',1,'choix-borne-de-recharge-de-vehicules-electrique',NULL,NULL,1639154701,1,1),(16,16,'fr',1,'page-accueil',NULL,NULL,1640008334,1,1),(17,17,'fr',1,'image-carrousel',NULL,NULL,1640245602,1,1),(18,18,'fr',1,'FAQ',NULL,NULL,1640255920,1,1),(19,19,'fr',1,'Bloc-welcome',NULL,NULL,1641806901,1,1),(20,20,'fr',1,'Bloc-who-we-are',NULL,NULL,1641807611,1,1),(21,21,'fr',1,'Portfolio',NULL,NULL,1641889684,1,1),(22,22,'fr',1,'FAQ-intro',NULL,NULL,1641893344,1,1),(23,23,'fr',1,'test',NULL,NULL,1641898575,1,1),(24,24,'fr',1,'Stats',NULL,NULL,1641979788,1,1),(25,25,'fr',1,'wwa_left',NULL,NULL,1642001441,1,1),(26,26,'fr',1,'wwa_rigth',NULL,NULL,1642001634,1,1);

--
-- Table structure for table `taxonomy_term_revision`
--

CREATE TABLE `taxonomy_term_revision` (
  `tid` int(10) unsigned NOT NULL,
  `revision_id` int(10) unsigned NOT NULL AUTO_INCREMENT,
  `langcode` varchar(12) CHARACTER SET ascii NOT NULL,
  `revision_user` int(10) unsigned DEFAULT NULL COMMENT 'The ID of the target entity.',
  `revision_created` int(11) DEFAULT NULL,
  `revision_log_message` longtext DEFAULT NULL,
  `revision_default` tinyint(4) DEFAULT NULL,
  PRIMARY KEY (`revision_id`),
  KEY `taxonomy_term__tid` (`tid`),
  KEY `taxonomy_term_field__revision_user__target_id` (`revision_user`)
) ENGINE=InnoDB AUTO_INCREMENT=27 DEFAULT CHARSET=utf8mb4 COMMENT='The revision table for taxonomy_term entities.';

--
-- Dumping data for table `taxonomy_term_revision`
--

INSERT INTO `taxonomy_term_revision` VALUES (1,1,'fr',NULL,1636967204,NULL,1),(2,2,'fr',NULL,1638972711,NULL,1),(3,3,'fr',NULL,1638977921,NULL,1),(4,4,'fr',NULL,1639040089,NULL,1),(5,5,'fr',NULL,1639064627,NULL,1),(6,6,'fr',NULL,1639127879,NULL,1),(7,7,'fr',NULL,1639144267,NULL,1),(8,8,'fr',NULL,1639146581,NULL,1),(9,9,'fr',NULL,1639151260,NULL,1),(10,10,'fr',NULL,1639151364,NULL,1),(11,11,'fr',NULL,1639151919,NULL,1),(12,12,'fr',NULL,1639153304,NULL,1),(13,13,'fr',NULL,1639153956,NULL,1),(14,14,'fr',NULL,1639154004,NULL,1),(15,15,'fr',NULL,1639154701,NULL,1),(16,16,'fr',NULL,1640008334,NULL,1),(17,17,'fr',NULL,1640245602,NULL,1),(18,18,'fr',NULL,1640255920,NULL,1),(19,19,'fr',NULL,1641806901,NULL,1),(20,20,'fr',NULL,1641807611,NULL,1),(21,21,'fr',NULL,1641889684,NULL,1),(22,22,'fr',NULL,1641893344,NULL,1),(23,23,'fr',NULL,1641898575,NULL,1),(24,24,'fr',NULL,1641979788,NULL,1),(25,25,'fr',NULL,1642001441,NULL,1),(26,26,'fr',NULL,1642001634,NULL,1);

--
-- Table structure for table `taxonomy_term_revision__parent`
--

CREATE TABLE `taxonomy_term_revision__parent` (
  `bundle` varchar(128) CHARACTER SET ascii NOT NULL DEFAULT '' COMMENT 'The field instance bundle to which this row belongs, used when deleting a field instance',
  `deleted` tinyint(4) NOT NULL DEFAULT 0 COMMENT 'A boolean indicating whether this data item has been deleted',
  `entity_id` int(10) unsigned NOT NULL COMMENT 'The entity id this data is attached to',
  `revision_id` int(10) unsigned NOT NULL COMMENT 'The entity revision id this data is attached to',
  `langcode` varchar(32) CHARACTER SET ascii NOT NULL DEFAULT '' COMMENT 'The language code for this data item.',
  `delta` int(10) unsigned NOT NULL COMMENT 'The sequence number for this data item, used for multi-value fields',
  `parent_target_id` int(10) unsigned NOT NULL COMMENT 'The ID of the target entity.',
  PRIMARY KEY (`entity_id`,`revision_id`,`deleted`,`delta`,`langcode`),
  KEY `bundle` (`bundle`),
  KEY `revision_id` (`revision_id`),
  KEY `parent_target_id` (`parent_target_id`)
) ENGINE=InnoDB DEFAULT CHARSET=utf8mb4 COMMENT='Revision archive storage for taxonomy_term field parent.';

--
-- Dumping data for table `taxonomy_term_revision__parent`
--

INSERT INTO `taxonomy_term_revision__parent` VALUES ('tags',0,1,1,'fr',0,0),('tags',0,2,2,'fr',0,0),('tags',0,3,3,'fr',0,0),('tags',0,4,4,'fr',0,0),('tags',0,5,5,'fr',0,0),('tags',0,6,6,'fr',0,0),('tags',0,7,7,'fr',0,0),('tags',0,8,8,'fr',0,0),('tags',0,9,9,'fr',0,0),('tags',0,10,10,'fr',0,0),('tags',0,11,11,'fr',0,0),('tags',0,12,12,'fr',0,0),('tags',0,13,13,'fr',0,0),('tags',0,14,14,'fr',0,0),('tags',0,15,15,'fr',0,0),('tags',0,16,16,'fr',0,0),('tags',0,17,17,'fr',0,0),('tags',0,18,18,'fr',0,0),('tags',0,19,19,'fr',0,0),('tags',0,20,20,'fr',0,0),('tags',0,21,21,'fr',0,0),('tags',0,22,22,'fr',0,0),('tags',0,23,23,'fr',0,0),('tags',0,24,24,'fr',0,0),('tags',0,25,25,'fr',0,0),('tags',0,26,26,'fr',0,0);

--
-- Table structure for table `user__roles`
--

CREATE TABLE `user__roles` (
  `bundle` varchar(128) CHARACTER SET ascii NOT NULL DEFAULT '' COMMENT 'The field instance bundle to which this row belongs, used when deleting a field instance',
  `deleted` tinyint(4) NOT NULL DEFAULT 0 COMMENT 'A boolean indicating whether this data item has been deleted',
  `entity_id` int(10) unsigned NOT NULL COMMENT 'The entity id this data is attached to',
  `revision_id` int(10) unsigned NOT NULL COMMENT 'The entity revision id this data is attached to, which for an unversioned entity type is the same as the entity id',
  `langcode` varchar(32) CHARACTER SET ascii NOT NULL DEFAULT '' COMMENT 'The language code for this data item.',
  `delta` int(10) unsigned NOT NULL COMMENT 'The sequence number for this data item, used for multi-value fields',
  `roles_target_id` varchar(255) CHARACTER SET ascii NOT NULL COMMENT 'The ID of the target entity.',
  PRIMARY KEY (`entity_id`,`deleted`,`delta`,`langcode`),
  KEY `bundle` (`bundle`),
  KEY `revision_id` (`revision_id`),
  KEY `roles_target_id` (`roles_target_id`)
) ENGINE=InnoDB DEFAULT CHARSET=utf8mb4 COMMENT='Data storage for user field roles.';

--
-- Dumping data for table `user__roles`
--

INSERT INTO `user__roles` VALUES ('user',0,1,1,'fr',0,'administrator');

--
-- Table structure for table `user__user_picture`
--

CREATE TABLE `user__user_picture` (
  `bundle` varchar(128) CHARACTER SET ascii NOT NULL DEFAULT '' COMMENT 'The field instance bundle to which this row belongs, used when deleting a field instance',
  `deleted` tinyint(4) NOT NULL DEFAULT 0 COMMENT 'A boolean indicating whether this data item has been deleted',
  `entity_id` int(10) unsigned NOT NULL COMMENT 'The entity id this data is attached to',
  `revision_id` int(10) unsigned NOT NULL COMMENT 'The entity revision id this data is attached to, which for an unversioned entity type is the same as the entity id',
  `langcode` varchar(32) CHARACTER SET ascii NOT NULL DEFAULT '' COMMENT 'The language code for this data item.',
  `delta` int(10) unsigned NOT NULL COMMENT 'The sequence number for this data item, used for multi-value fields',
  `user_picture_target_id` int(10) unsigned NOT NULL COMMENT 'The ID of the file entity.',
  `user_picture_alt` varchar(512) DEFAULT NULL COMMENT 'Alternative image text, for the image''s ''alt'' attribute.',
  `user_picture_title` varchar(1024) DEFAULT NULL COMMENT 'Image title text, for the image''s ''title'' attribute.',
  `user_picture_width` int(10) unsigned DEFAULT NULL COMMENT 'The width of the image in pixels.',
  `user_picture_height` int(10) unsigned DEFAULT NULL COMMENT 'The height of the image in pixels.',
  PRIMARY KEY (`entity_id`,`deleted`,`delta`,`langcode`),
  KEY `bundle` (`bundle`),
  KEY `revision_id` (`revision_id`),
  KEY `user_picture_target_id` (`user_picture_target_id`)
) ENGINE=InnoDB DEFAULT CHARSET=utf8mb4 COMMENT='Data storage for user field user_picture.';

--
-- Dumping data for table `user__user_picture`
--


--
-- Table structure for table `users`
--

CREATE TABLE `users` (
  `uid` int(10) unsigned NOT NULL,
  `uuid` varchar(128) CHARACTER SET ascii NOT NULL,
  `langcode` varchar(12) CHARACTER SET ascii NOT NULL,
  PRIMARY KEY (`uid`),
  UNIQUE KEY `user_field__uuid__value` (`uuid`)
) ENGINE=InnoDB DEFAULT CHARSET=utf8mb4 COMMENT='The base table for user entities.';

--
-- Dumping data for table `users`
--

INSERT INTO `users` VALUES (0,'f9116876-7ce6-454e-b805-572378c03992','fr'),(1,'7410ab3b-b5a8-4307-aea9-f4eb4cd279de','fr');

--
-- Table structure for table `users_data`
--

CREATE TABLE `users_data` (
  `uid` int(10) unsigned NOT NULL DEFAULT 0 COMMENT 'The "users".uid this record affects.',
  `module` varchar(50) CHARACTER SET ascii NOT NULL DEFAULT '' COMMENT 'The name of the module declaring the variable.',
  `name` varchar(128) CHARACTER SET ascii NOT NULL DEFAULT '' COMMENT 'The identifier of the data.',
  `value` longblob DEFAULT NULL COMMENT 'The value.',
  `serialized` tinyint(3) unsigned DEFAULT 0 COMMENT 'Whether value is serialized.',
  PRIMARY KEY (`uid`,`module`,`name`),
  KEY `module` (`module`),
  KEY `name` (`name`)
) ENGINE=InnoDB DEFAULT CHARSET=utf8mb4 COMMENT='Stores module data as key/value pairs per user.';

--
-- Dumping data for table `users_data`
--


--
-- Table structure for table `users_field_data`
--

CREATE TABLE `users_field_data` (
  `uid` int(10) unsigned NOT NULL,
  `langcode` varchar(12) CHARACTER SET ascii NOT NULL,
  `preferred_langcode` varchar(12) CHARACTER SET ascii DEFAULT NULL,
  `preferred_admin_langcode` varchar(12) CHARACTER SET ascii DEFAULT NULL,
  `name` varchar(60) NOT NULL,
  `pass` varchar(255) DEFAULT NULL,
  `mail` varchar(254) DEFAULT NULL,
  `timezone` varchar(32) DEFAULT NULL,
  `status` tinyint(4) DEFAULT NULL,
  `created` int(11) NOT NULL,
  `changed` int(11) DEFAULT NULL,
  `access` int(11) NOT NULL,
  `login` int(11) DEFAULT NULL,
  `init` varchar(254) DEFAULT NULL,
  `default_langcode` tinyint(4) NOT NULL,
  PRIMARY KEY (`uid`,`langcode`),
  UNIQUE KEY `user__name` (`name`,`langcode`),
  KEY `user__id__default_langcode__langcode` (`uid`,`default_langcode`,`langcode`),
  KEY `user_field__mail` (`mail`(191)),
  KEY `user_field__created` (`created`),
  KEY `user_field__access` (`access`)
) ENGINE=InnoDB DEFAULT CHARSET=utf8mb4 COMMENT='The data table for user entities.';

--
-- Dumping data for table `users_field_data`
--

INSERT INTO `users_field_data` VALUES (0,'fr','fr',NULL,'',NULL,NULL,'',0,1632316799,1632316799,0,0,NULL,1),(1,'fr','fr',NULL,'theo-wseils','$S$E8xVZGSYRyPHfOHL7MlCOAdFrbtf/5HvvCxS5mLWIgJhNIQGTRMC','theoricher2701@gmail.com','Europe/Paris',1,1632316799,1632316999,1642769989,1642419705,'theoricher2701@gmail.com',1);

--
-- Table structure for table `watchdog`
--

CREATE TABLE `watchdog` (
  `wid` int(11) NOT NULL AUTO_INCREMENT COMMENT 'Primary Key: Unique watchdog event ID.',
  `uid` int(10) unsigned NOT NULL DEFAULT 0 COMMENT 'The "users".uid of the user who triggered the event.',
  `type` varchar(64) CHARACTER SET ascii NOT NULL DEFAULT '' COMMENT 'Type of log message, for example "user" or "page not found."',
  `message` longtext NOT NULL COMMENT 'Text of log message to be passed into the t() function.',
  `variables` longblob NOT NULL COMMENT 'Serialized array of variables that match the message string and that is passed into the t() function.',
  `severity` tinyint(3) unsigned NOT NULL DEFAULT 0 COMMENT 'The severity level of the event. ranges from 0 (Emergency) to 7 (Debug)',
  `link` text DEFAULT NULL COMMENT 'Link to view the result of the event.',
  `location` text NOT NULL COMMENT 'URL of the origin of the event.',
  `referer` text DEFAULT NULL COMMENT 'URL of referring page.',
  `hostname` varchar(128) CHARACTER SET ascii NOT NULL DEFAULT '' COMMENT 'Hostname of the user who triggered the event.',
  `timestamp` int(11) NOT NULL DEFAULT 0 COMMENT 'Unix timestamp of when event occurred.',
  PRIMARY KEY (`wid`),
  KEY `type` (`type`),
  KEY `uid` (`uid`),
  KEY `severity` (`severity`)
) ENGINE=InnoDB AUTO_INCREMENT=3022 DEFAULT CHARSET=utf8mb4 COMMENT='Table that contains logs of all system events.';

--
-- Dumping data for table `watchdog`
--

INSERT INTO `watchdog` VALUES (2010,0,'cron','Starting execution of @module_cron(), execution of @module_previous_cron() took @time.','a:3:{s:7:\"@module\";s:5:\"dblog\";s:16:\"@module_previous\";s:7:\"comment\";s:5:\"@time\";s:6:\"0.88ms\";}',6,'','https://hed-9lts.ddev.site/','https://hed-9lts.ddev.site/','172.18.0.6',1639055131),(2011,0,'cron','Starting execution of @module_cron(), execution of @module_previous_cron() took @time.','a:3:{s:7:\"@module\";s:5:\"field\";s:16:\"@module_previous\";s:5:\"dblog\";s:5:\"@time\";s:6:\"3.45ms\";}',6,'','https://hed-9lts.ddev.site/','https://hed-9lts.ddev.site/','172.18.0.6',1639055131),(2012,0,'cron','Starting execution of @module_cron(), execution of @module_previous_cron() took @time.','a:3:{s:7:\"@module\";s:4:\"file\";s:16:\"@module_previous\";s:5:\"field\";s:5:\"@time\";s:6:\"1.08ms\";}',6,'','https://hed-9lts.ddev.site/','https://hed-9lts.ddev.site/','172.18.0.6',1639055131),(2013,0,'cron','Starting execution of @module_cron(), execution of @module_previous_cron() took @time.','a:3:{s:7:\"@module\";s:7:\"history\";s:16:\"@module_previous\";s:4:\"file\";s:5:\"@time\";s:6:\"1.95ms\";}',6,'','https://hed-9lts.ddev.site/','https://hed-9lts.ddev.site/','172.18.0.6',1639055131),(2014,0,'cron','Starting execution of @module_cron(), execution of @module_previous_cron() took @time.','a:3:{s:7:\"@module\";s:14:\"layout_builder\";s:16:\"@module_previous\";s:7:\"history\";s:5:\"@time\";s:6:\"0.62ms\";}',6,'','https://hed-9lts.ddev.site/','https://hed-9lts.ddev.site/','172.18.0.6',1639055131),(2015,0,'cron','Starting execution of @module_cron(), execution of @module_previous_cron() took @time.','a:3:{s:7:\"@module\";s:6:\"locale\";s:16:\"@module_previous\";s:14:\"layout_builder\";s:5:\"@time\";s:6:\"1.59ms\";}',6,'','https://hed-9lts.ddev.site/','https://hed-9lts.ddev.site/','172.18.0.6',1639055131),(2016,0,'cron','Starting execution of @module_cron(), execution of @module_previous_cron() took @time.','a:3:{s:7:\"@module\";s:4:\"node\";s:16:\"@module_previous\";s:6:\"locale\";s:5:\"@time\";s:6:\"0.06ms\";}',6,'','https://hed-9lts.ddev.site/','https://hed-9lts.ddev.site/','172.18.0.6',1639055131),(2017,0,'cron','Starting execution of @module_cron(), execution of @module_previous_cron() took @time.','a:3:{s:7:\"@module\";s:6:\"search\";s:16:\"@module_previous\";s:4:\"node\";s:5:\"@time\";s:6:\"1.74ms\";}',6,'','https://hed-9lts.ddev.site/','https://hed-9lts.ddev.site/','172.18.0.6',1639055131),(2018,0,'cron','Starting execution of @module_cron(), execution of @module_previous_cron() took @time.','a:3:{s:7:\"@module\";s:6:\"system\";s:16:\"@module_previous\";s:6:\"search\";s:5:\"@time\";s:8:\"110.89ms\";}',6,'','https://hed-9lts.ddev.site/','https://hed-9lts.ddev.site/','172.18.0.6',1639055131),(2019,0,'cron','Starting execution of @module_cron(), execution of @module_previous_cron() took @time.','a:3:{s:7:\"@module\";s:6:\"update\";s:16:\"@module_previous\";s:6:\"system\";s:5:\"@time\";s:7:\"15.64ms\";}',6,'','https://hed-9lts.ddev.site/','https://hed-9lts.ddev.site/','172.18.0.6',1639055132),(2020,0,'cron','Execution of @module_previous_cron() took @time.','a:2:{s:16:\"@module_previous\";s:6:\"update\";s:5:\"@time\";s:8:\"536.84ms\";}',6,'','https://hed-9lts.ddev.site/','https://hed-9lts.ddev.site/','172.18.0.6',1639055132),(2021,0,'cron','Cron run completed.','a:0:{}',6,'','https://hed-9lts.ddev.site/','https://hed-9lts.ddev.site/','172.18.0.6',1639055132),(2022,1,'content','@type: added %title.','a:2:{s:5:\"@type\";s:7:\"article\";s:6:\"%title\";s:17:\"Borne de recharge\";}',5,'<a href=\"/node/61\" hreflang=\"fr\">Voir</a>','https://hed-9lts.ddev.site/node/add/article','https://hed-9lts.ddev.site/node/add/article','172.18.0.6',1639055772),(2023,0,'page not found','@uri','a:1:{s:4:\"@uri\";s:15:\"/actualit%C3%A9\";}',4,'','https://hed-9lts.ddev.site/actualit%C3%A9','','172.18.0.6',1639059247),(2024,1,'content','@type: added %title.','a:2:{s:5:\"@type\";s:4:\"page\";s:6:\"%title\";s:21:\"Texte exemple accueil\";}',5,'<a href=\"/node/62\" hreflang=\"fr\">Voir</a>','https://hed-9lts.ddev.site/node/add/page','https://hed-9lts.ddev.site/node/add/page','172.18.0.6',1639061711),(2025,1,'content','@type: deleted %title.','a:2:{s:5:\"@type\";s:4:\"page\";s:6:\"%title\";s:21:\"Texte exemple accueil\";}',5,'','https://hed-9lts.ddev.site/node/62/delete?destination=%2Fadmin%2Fcontent','https://hed-9lts.ddev.site/node/62/delete?destination=/admin/content','172.18.0.6',1639064306),(2026,1,'content','@type: added %title.','a:2:{s:5:\"@type\";s:7:\"article\";s:6:\"%title\";s:21:\"Texte exemple accueil\";}',5,'<a href=\"/node/63\" hreflang=\"fr\">Voir</a>','https://hed-9lts.ddev.site/node/add/article','https://hed-9lts.ddev.site/node/add/article','172.18.0.6',1639064343),(2027,1,'page not found','@uri','a:1:{s:4:\"@uri\";s:15:\"/node/undefined\";}',4,'','https://hed-9lts.ddev.site/node/undefined','https://hed-9lts.ddev.site/node/63','172.18.0.6',1639064345),(2028,1,'content','@type: updated %title.','a:2:{s:5:\"@type\";s:7:\"article\";s:6:\"%title\";s:21:\"Texte exemple accueil\";}',5,'<a href=\"/node/63\" hreflang=\"fr\">Voir</a>','https://hed-9lts.ddev.site/node/63/edit?destination=%2Fadmin%2Fcontent','https://hed-9lts.ddev.site/node/63/edit?destination=/admin/content','172.18.0.6',1639064554),(2029,1,'content','@type: updated %title.','a:2:{s:5:\"@type\";s:7:\"article\";s:6:\"%title\";s:21:\"Texte exemple accueil\";}',5,'<a href=\"/node/63\" hreflang=\"fr\">Voir</a>','https://hed-9lts.ddev.site/node/63/edit?destination=%2Fadmin%2Fcontent','https://hed-9lts.ddev.site/node/63/edit?destination=/admin/content','172.18.0.6',1639064606),(2030,1,'content','@type: updated %title.','a:2:{s:5:\"@type\";s:7:\"article\";s:6:\"%title\";s:21:\"Texte exemple accueil\";}',5,'<a href=\"/node/63\" hreflang=\"fr\">Voir</a>','https://hed-9lts.ddev.site/node/63/edit?destination=%2Fadmin%2Fcontent','https://hed-9lts.ddev.site/node/63/edit?destination=/admin/content','172.18.0.6',1639064627),(2031,1,'content','@type: updated %title.','a:2:{s:5:\"@type\";s:7:\"article\";s:6:\"%title\";s:21:\"Texte exemple accueil\";}',5,'<a href=\"/node/63\" hreflang=\"fr\">Voir</a>','https://hed-9lts.ddev.site/node/63/edit?destination=%2Fadmin%2Fcontent','https://hed-9lts.ddev.site/node/63/edit?destination=/admin/content','172.18.0.6',1639065067),(2032,1,'content','@type: updated %title.','a:2:{s:5:\"@type\";s:7:\"article\";s:6:\"%title\";s:21:\"Texte exemple accueil\";}',5,'<a href=\"/node/63\" hreflang=\"fr\">Voir</a>','https://hed-9lts.ddev.site/node/63/edit?destination=%2Fadmin%2Fcontent','https://hed-9lts.ddev.site/node/63/edit?destination=/admin/content','172.18.0.6',1639065560),(2033,1,'content','@type: updated %title.','a:2:{s:5:\"@type\";s:7:\"article\";s:6:\"%title\";s:21:\"Texte exemple accueil\";}',5,'<a href=\"/node/63\" hreflang=\"fr\">Voir</a>','https://hed-9lts.ddev.site/node/63/edit?destination=%2Fadmin%2Fcontent','https://hed-9lts.ddev.site/node/63/edit?destination=/admin/content','172.18.0.6',1639065755),(2034,1,'content','@type: updated %title.','a:2:{s:5:\"@type\";s:7:\"article\";s:6:\"%title\";s:21:\"Texte exemple accueil\";}',5,'<a href=\"/node/63\" hreflang=\"fr\">Voir</a>','https://hed-9lts.ddev.site/node/63/edit?destination=%2Fadmin%2Fcontent','https://hed-9lts.ddev.site/node/63/edit?destination=/admin/content','172.18.0.6',1639065878),(2035,0,'cron','Starting execution of @module_cron().','a:1:{s:7:\"@module\";s:7:\"comment\";}',6,'','https://hed-9lts.ddev.site/admin/structure/block','https://hed-9lts.ddev.site/admin/structure/block','172.18.0.6',1639065966),(2036,0,'cron','Starting execution of @module_cron(), execution of @module_previous_cron() took @time.','a:3:{s:7:\"@module\";s:5:\"dblog\";s:16:\"@module_previous\";s:7:\"comment\";s:5:\"@time\";s:5:\"0.9ms\";}',6,'','https://hed-9lts.ddev.site/admin/structure/block','https://hed-9lts.ddev.site/admin/structure/block','172.18.0.6',1639065966),(2037,0,'cron','Starting execution of @module_cron(), execution of @module_previous_cron() took @time.','a:3:{s:7:\"@module\";s:5:\"field\";s:16:\"@module_previous\";s:5:\"dblog\";s:5:\"@time\";s:6:\"2.48ms\";}',6,'','https://hed-9lts.ddev.site/admin/structure/block','https://hed-9lts.ddev.site/admin/structure/block','172.18.0.6',1639065966),(2038,0,'cron','Starting execution of @module_cron(), execution of @module_previous_cron() took @time.','a:3:{s:7:\"@module\";s:4:\"file\";s:16:\"@module_previous\";s:5:\"field\";s:5:\"@time\";s:6:\"1.73ms\";}',6,'','https://hed-9lts.ddev.site/admin/structure/block','https://hed-9lts.ddev.site/admin/structure/block','172.18.0.6',1639065966),(2039,0,'cron','Starting execution of @module_cron(), execution of @module_previous_cron() took @time.','a:3:{s:7:\"@module\";s:7:\"history\";s:16:\"@module_previous\";s:4:\"file\";s:5:\"@time\";s:6:\"28.8ms\";}',6,'','https://hed-9lts.ddev.site/admin/structure/block','https://hed-9lts.ddev.site/admin/structure/block','172.18.0.6',1639065966),(2040,0,'cron','Starting execution of @module_cron(), execution of @module_previous_cron() took @time.','a:3:{s:7:\"@module\";s:14:\"layout_builder\";s:16:\"@module_previous\";s:7:\"history\";s:5:\"@time\";s:6:\"0.22ms\";}',6,'','https://hed-9lts.ddev.site/admin/structure/block','https://hed-9lts.ddev.site/admin/structure/block','172.18.0.6',1639065966),(2041,0,'cron','Starting execution of @module_cron(), execution of @module_previous_cron() took @time.','a:3:{s:7:\"@module\";s:6:\"locale\";s:16:\"@module_previous\";s:14:\"layout_builder\";s:5:\"@time\";s:6:\"0.32ms\";}',6,'','https://hed-9lts.ddev.site/admin/structure/block','https://hed-9lts.ddev.site/admin/structure/block','172.18.0.6',1639065966),(2042,0,'cron','Starting execution of @module_cron(), execution of @module_previous_cron() took @time.','a:3:{s:7:\"@module\";s:4:\"node\";s:16:\"@module_previous\";s:6:\"locale\";s:5:\"@time\";s:6:\"0.68ms\";}',6,'','https://hed-9lts.ddev.site/admin/structure/block','https://hed-9lts.ddev.site/admin/structure/block','172.18.0.6',1639065966),(2043,0,'cron','Starting execution of @module_cron(), execution of @module_previous_cron() took @time.','a:3:{s:7:\"@module\";s:6:\"search\";s:16:\"@module_previous\";s:4:\"node\";s:5:\"@time\";s:6:\"2.91ms\";}',6,'','https://hed-9lts.ddev.site/admin/structure/block','https://hed-9lts.ddev.site/admin/structure/block','172.18.0.6',1639065966),(2044,0,'cron','Starting execution of @module_cron(), execution of @module_previous_cron() took @time.','a:3:{s:7:\"@module\";s:6:\"system\";s:16:\"@module_previous\";s:6:\"search\";s:5:\"@time\";s:8:\"186.81ms\";}',6,'','https://hed-9lts.ddev.site/admin/structure/block','https://hed-9lts.ddev.site/admin/structure/block','172.18.0.6',1639065966),(2045,0,'cron','Starting execution of @module_cron(), execution of @module_previous_cron() took @time.','a:3:{s:7:\"@module\";s:6:\"update\";s:16:\"@module_previous\";s:6:\"system\";s:5:\"@time\";s:6:\"7.94ms\";}',6,'','https://hed-9lts.ddev.site/admin/structure/block','https://hed-9lts.ddev.site/admin/structure/block','172.18.0.6',1639065966),(2046,0,'cron','Execution of @module_previous_cron() took @time.','a:2:{s:16:\"@module_previous\";s:6:\"update\";s:5:\"@time\";s:6:\"5.54ms\";}',6,'','https://hed-9lts.ddev.site/admin/structure/block','https://hed-9lts.ddev.site/admin/structure/block','172.18.0.6',1639065966),(2047,0,'cron','Cron run completed.','a:0:{}',6,'','https://hed-9lts.ddev.site/admin/structure/block','https://hed-9lts.ddev.site/admin/structure/block','172.18.0.6',1639065966),(2048,0,'page not found','@uri','a:1:{s:4:\"@uri\";s:12:\"/realisation\";}',4,'','https://hed-9lts.ddev.site/realisation','https://hed-9lts.ddev.site/accueil','172.18.0.6',1639066486),(2049,0,'page not found','@uri','a:1:{s:4:\"@uri\";s:12:\"/realisation\";}',4,'','https://hed-9lts.ddev.site/realisation','https://hed-9lts.ddev.site/accueil','172.18.0.6',1639067253),(2050,0,'page not found','@uri','a:1:{s:4:\"@uri\";s:12:\"/realisation\";}',4,'','https://hed-9lts.ddev.site/realisation','https://hed-9lts.ddev.site/accueil','172.18.0.6',1639067369),(2051,0,'page not found','@uri','a:1:{s:4:\"@uri\";s:12:\"/realisation\";}',4,'','https://hed-9lts.ddev.site/realisation','https://hed-9lts.ddev.site/accueil','172.18.0.6',1639067502),(2052,0,'page not found','@uri','a:1:{s:4:\"@uri\";s:12:\"/realisation\";}',4,'','https://hed-9lts.ddev.site/realisation','https://hed-9lts.ddev.site/accueil','172.18.0.6',1639067582),(2053,0,'page not found','@uri','a:1:{s:4:\"@uri\";s:12:\"/realisation\";}',4,'','https://hed-9lts.ddev.site/realisation','https://hed-9lts.ddev.site/accueil','172.18.0.6',1639067615),(2054,0,'page not found','@uri','a:1:{s:4:\"@uri\";s:12:\"/realisation\";}',4,'','https://hed-9lts.ddev.site/realisation','https://hed-9lts.ddev.site/accueil','172.18.0.6',1639067643),(2055,0,'page not found','@uri','a:1:{s:4:\"@uri\";s:12:\"/realisation\";}',4,'','https://hed-9lts.ddev.site/realisation','https://hed-9lts.ddev.site/accueil','172.18.0.6',1639067711),(2056,1,'content','@type: added %title.','a:2:{s:5:\"@type\";s:4:\"page\";s:6:\"%title\";s:18:\"texte-réalisation\";}',5,'<a href=\"/node/64\" hreflang=\"fr\">Voir</a>','https://hed-9lts.ddev.site/node/add/page','https://hed-9lts.ddev.site/node/add/page','172.18.0.6',1639068054),(2057,0,'page not found','@uri','a:1:{s:4:\"@uri\";s:12:\"/realisation\";}',4,'','https://hed-9lts.ddev.site/realisation','https://hed-9lts.ddev.site/accueil','172.18.0.6',1639068218),(2058,0,'page not found','@uri','a:1:{s:4:\"@uri\";s:12:\"/realisation\";}',4,'','https://hed-9lts.ddev.site/realisation','https://hed-9lts.ddev.site/accueil','172.18.0.6',1639068247),(2059,0,'page not found','@uri','a:1:{s:4:\"@uri\";s:12:\"/realisation\";}',4,'','https://hed-9lts.ddev.site/realisation','https://hed-9lts.ddev.site/accueil','172.18.0.6',1639068276),(2060,0,'page not found','@uri','a:1:{s:4:\"@uri\";s:12:\"/realisation\";}',4,'','https://hed-9lts.ddev.site/realisation','https://hed-9lts.ddev.site/accueil','172.18.0.6',1639068320),(2061,0,'cron','Starting execution of @module_cron().','a:1:{s:7:\"@module\";s:7:\"comment\";}',6,'','https://hed-9lts.ddev.site/admin/structure','https://hed-9lts.ddev.site/admin/structure','172.18.0.6',1639104421),(2062,0,'cron','Starting execution of @module_cron(), execution of @module_previous_cron() took @time.','a:3:{s:7:\"@module\";s:5:\"dblog\";s:16:\"@module_previous\";s:7:\"comment\";s:5:\"@time\";s:6:\"0.82ms\";}',6,'','https://hed-9lts.ddev.site/admin/structure','https://hed-9lts.ddev.site/admin/structure','172.18.0.6',1639104421),(2063,0,'cron','Starting execution of @module_cron(), execution of @module_previous_cron() took @time.','a:3:{s:7:\"@module\";s:5:\"field\";s:16:\"@module_previous\";s:5:\"dblog\";s:5:\"@time\";s:6:\"3.45ms\";}',6,'','https://hed-9lts.ddev.site/admin/structure','https://hed-9lts.ddev.site/admin/structure','172.18.0.6',1639104421),(2064,0,'cron','Starting execution of @module_cron(), execution of @module_previous_cron() took @time.','a:3:{s:7:\"@module\";s:4:\"file\";s:16:\"@module_previous\";s:5:\"field\";s:5:\"@time\";s:6:\"2.52ms\";}',6,'','https://hed-9lts.ddev.site/admin/structure','https://hed-9lts.ddev.site/admin/structure','172.18.0.6',1639104421),(2065,0,'cron','Starting execution of @module_cron(), execution of @module_previous_cron() took @time.','a:3:{s:7:\"@module\";s:7:\"history\";s:16:\"@module_previous\";s:4:\"file\";s:5:\"@time\";s:6:\"2.25ms\";}',6,'','https://hed-9lts.ddev.site/admin/structure','https://hed-9lts.ddev.site/admin/structure','172.18.0.6',1639104421),(2066,0,'cron','Starting execution of @module_cron(), execution of @module_previous_cron() took @time.','a:3:{s:7:\"@module\";s:14:\"layout_builder\";s:16:\"@module_previous\";s:7:\"history\";s:5:\"@time\";s:6:\"0.22ms\";}',6,'','https://hed-9lts.ddev.site/admin/structure','https://hed-9lts.ddev.site/admin/structure','172.18.0.6',1639104421),(2067,0,'cron','Starting execution of @module_cron(), execution of @module_previous_cron() took @time.','a:3:{s:7:\"@module\";s:6:\"locale\";s:16:\"@module_previous\";s:14:\"layout_builder\";s:5:\"@time\";s:6:\"1.73ms\";}',6,'','https://hed-9lts.ddev.site/admin/structure','https://hed-9lts.ddev.site/admin/structure','172.18.0.6',1639104421),(2068,0,'cron','Starting execution of @module_cron(), execution of @module_previous_cron() took @time.','a:3:{s:7:\"@module\";s:4:\"node\";s:16:\"@module_previous\";s:6:\"locale\";s:5:\"@time\";s:6:\"0.59ms\";}',6,'','https://hed-9lts.ddev.site/admin/structure','https://hed-9lts.ddev.site/admin/structure','172.18.0.6',1639104421),(2069,0,'cron','Starting execution of @module_cron(), execution of @module_previous_cron() took @time.','a:3:{s:7:\"@module\";s:6:\"search\";s:16:\"@module_previous\";s:4:\"node\";s:5:\"@time\";s:6:\"2.89ms\";}',6,'','https://hed-9lts.ddev.site/admin/structure','https://hed-9lts.ddev.site/admin/structure','172.18.0.6',1639104421),(2070,0,'cron','Starting execution of @module_cron(), execution of @module_previous_cron() took @time.','a:3:{s:7:\"@module\";s:6:\"system\";s:16:\"@module_previous\";s:6:\"search\";s:5:\"@time\";s:8:\"297.51ms\";}',6,'','https://hed-9lts.ddev.site/admin/structure','https://hed-9lts.ddev.site/admin/structure','172.18.0.6',1639104421),(2071,0,'cron','Starting execution of @module_cron(), execution of @module_previous_cron() took @time.','a:3:{s:7:\"@module\";s:6:\"update\";s:16:\"@module_previous\";s:6:\"system\";s:5:\"@time\";s:8:\"137.62ms\";}',6,'','https://hed-9lts.ddev.site/admin/structure','https://hed-9lts.ddev.site/admin/structure','172.18.0.6',1639104421),(2072,0,'cron','Execution of @module_previous_cron() took @time.','a:2:{s:16:\"@module_previous\";s:6:\"update\";s:5:\"@time\";s:7:\"12.23ms\";}',6,'','https://hed-9lts.ddev.site/admin/structure','https://hed-9lts.ddev.site/admin/structure','172.18.0.6',1639104421),(2073,0,'cron','Cron run completed.','a:0:{}',6,'','https://hed-9lts.ddev.site/admin/structure','https://hed-9lts.ddev.site/admin/structure','172.18.0.6',1639104421),(2074,1,'menu','Menu %label has been updated.','a:1:{s:6:\"%label\";s:26:\"Menu de navigation du site\";}',5,'<a href=\"/admin/structure/menu/manage/menu-de-navigation-du-site\">Edit</a>','https://hed-9lts.ddev.site/admin/structure/menu/manage/menu-de-navigation-du-site?destination=%2Fadmin%2Fstructure%2Fmenu','https://hed-9lts.ddev.site/admin/structure/menu/manage/menu-de-navigation-du-site?destination=/admin/structure/menu','172.18.0.6',1639104646),(2075,1,'content','@type: updated %title.','a:2:{s:5:\"@type\";s:7:\"article\";s:6:\"%title\";s:21:\"Texte exemple accueil\";}',5,'<a href=\"/node/63\" hreflang=\"fr\">Voir</a>','https://hed-9lts.ddev.site/node/63/edit?destination=%2Fadmin%2Fcontent','https://hed-9lts.ddev.site/node/63/edit?destination=/admin/content','172.18.0.6',1639104719),(2076,1,'content','@type: deleted %title.','a:2:{s:5:\"@type\";s:7:\"article\";s:6:\"%title\";s:17:\"Borne de recharge\";}',5,'','https://hed-9lts.ddev.site/node/61/delete?destination=%2Fadmin%2Fcontent','https://hed-9lts.ddev.site/node/61/delete?destination=/admin/content','172.18.0.6',1639104748),(2077,0,'page not found','@uri','a:1:{s:4:\"@uri\";s:12:\"/realisation\";}',4,'','https://hed-9lts.ddev.site/realisation','https://hed-9lts.ddev.site/accueil','172.18.0.6',1639105009),(2078,0,'page not found','@uri','a:1:{s:4:\"@uri\";s:12:\"/realisation\";}',4,'','https://hed-9lts.ddev.site/realisation','https://hed-9lts.ddev.site/accueil','172.18.0.6',1639105101),(2079,1,'content','@type: added %title.','a:2:{s:5:\"@type\";s:6:\"banner\";s:6:\"%title\";s:22:\"Bannière réalisation\";}',5,'<a href=\"/realisation\" hreflang=\"fr\">Voir</a>','https://hed-9lts.ddev.site/node/add/banner','https://hed-9lts.ddev.site/node/add/banner','172.18.0.6',1639105258),(2080,0,'php','%type: @message in %function (line %line of %file).','a:6:{s:5:\"%type\";s:22:\"Twig\\Error\\LoaderError\";s:8:\"@message\";s:123:\"Template \"themes/custom/HEDsite/templates/block/block--views-block--image-page-d-accueil-block-1.html.twig\" is not defined.\";s:9:\"%function\";s:38:\"Twig\\Loader\\ChainLoader->getCacheKey()\";s:5:\"%file\";s:69:\"/var/www/html/web/themes/custom/HEDsite/templates/page/page.html.twig\";s:5:\"%line\";i:75;s:17:\"@backtrace_string\";s:6902:\"#0 /var/www/html/vendor/twig/twig/src/Environment.php(299): Twig\\Loader\\ChainLoader->getCacheKey(\'themes/custom/H...\')\n#1 /var/www/html/web/core/lib/Drupal/Core/Template/TwigEnvironment.php(205): Twig\\Environment->getTemplateClass(\'themes/custom/H...\', NULL)\n#2 /var/www/html/vendor/twig/twig/src/Environment.php(381): Drupal\\Core\\Template\\TwigEnvironment->getTemplateClass(\'themes/custom/H...\')\n#3 /var/www/html/web/core/themes/engines/twig/twig.engine(65): Twig\\Environment->loadTemplate(\'themes/custom/H...\')\n#4 /var/www/html/web/core/lib/Drupal/Core/Theme/ThemeManager.php(384): twig_render_template(\'themes/custom/H...\', Array)\n#5 /var/www/html/web/core/lib/Drupal/Core/Render/Renderer.php(436): Drupal\\Core\\Theme\\ThemeManager->render(\'block\', Array)\n#6 /var/www/html/web/core/lib/Drupal/Core/Render/Renderer.php(449): Drupal\\Core\\Render\\Renderer->doRender(Array)\n#7 /var/www/html/web/core/lib/Drupal/Core/Render/Renderer.php(201): Drupal\\Core\\Render\\Renderer->doRender(Array, false)\n#8 /var/www/html/web/core/lib/Drupal/Core/Template/TwigExtension.php(450): Drupal\\Core\\Render\\Renderer->render(Array)\n#9 /var/www/html/web/sites/default/files/php/twig/61b2c3db9aa7e_page.html.twig_SgF1QO6FcT6rK57qGmWideGpE/o-X_X4wiE91UhepGXo88oJcOW2aZcBZyx6lcTpuUHEA.php(94): Drupal\\Core\\Template\\TwigExtension->escapeFilter(Object(Drupal\\Core\\Template\\TwigEnvironment), Array, \'html\', NULL, true)\n#10 /var/www/html/vendor/twig/twig/src/Template.php(405): __TwigTemplate_7ce95cb9d8dde2b5aec557cfa13d2e8d1e3ffa9e62ca53bd229d3e7067da8702->doDisplay(Array, Array)\n#11 /var/www/html/vendor/twig/twig/src/Template.php(378): Twig\\Template->displayWithErrorHandling(Array, Array)\n#12 /var/www/html/vendor/twig/twig/src/Template.php(390): Twig\\Template->display(Array)\n#13 /var/www/html/web/core/themes/engines/twig/twig.engine(65): Twig\\Template->render(Array)\n#14 /var/www/html/web/core/lib/Drupal/Core/Theme/ThemeManager.php(384): twig_render_template(\'themes/custom/H...\', Array)\n#15 /var/www/html/web/core/lib/Drupal/Core/Render/Renderer.php(436): Drupal\\Core\\Theme\\ThemeManager->render(\'page\', Array)\n#16 /var/www/html/web/core/lib/Drupal/Core/Render/Renderer.php(201): Drupal\\Core\\Render\\Renderer->doRender(Array, false)\n#17 /var/www/html/web/core/lib/Drupal/Core/Template/TwigExtension.php(450): Drupal\\Core\\Render\\Renderer->render(Array)\n#18 /var/www/html/web/sites/default/files/php/twig/61b2c3db9aa7e_html.html.twig_ySNMplmhTid6PQ-kZRUAWchP4/3EHTMVAN4tjM64dljSs1esdW4wut2_tlqCZfGNvov9w.php(80): Drupal\\Core\\Template\\TwigExtension->escapeFilter(Object(Drupal\\Core\\Template\\TwigEnvironment), Array, \'html\', NULL, true)\n#19 /var/www/html/vendor/twig/twig/src/Template.php(405): __TwigTemplate_135a391e36e6b17745806cd17eb7f0b490ab6e4430e8e1de27e56da0e39e208d->doDisplay(Array, Array)\n#20 /var/www/html/vendor/twig/twig/src/Template.php(378): Twig\\Template->displayWithErrorHandling(Array, Array)\n#21 /var/www/html/vendor/twig/twig/src/Template.php(390): Twig\\Template->display(Array)\n#22 /var/www/html/web/core/themes/engines/twig/twig.engine(65): Twig\\Template->render(Array)\n#23 /var/www/html/web/core/lib/Drupal/Core/Theme/ThemeManager.php(384): twig_render_template(\'core/themes/sta...\', Array)\n#24 /var/www/html/web/core/lib/Drupal/Core/Render/Renderer.php(436): Drupal\\Core\\Theme\\ThemeManager->render(\'html\', Array)\n#25 /var/www/html/web/core/lib/Drupal/Core/Render/Renderer.php(201): Drupal\\Core\\Render\\Renderer->doRender(Array, false)\n#26 /var/www/html/web/core/lib/Drupal/Core/Render/MainContent/HtmlRenderer.php(162): Drupal\\Core\\Render\\Renderer->render(Array)\n#27 /var/www/html/web/core/lib/Drupal/Core/Render/Renderer.php(578): Drupal\\Core\\Render\\MainContent\\HtmlRenderer->Drupal\\Core\\Render\\MainContent\\{closure}()\n#28 /var/www/html/web/core/lib/Drupal/Core/Render/MainContent/HtmlRenderer.php(163): Drupal\\Core\\Render\\Renderer->executeInRenderContext(Object(Drupal\\Core\\Render\\RenderContext), Object(Closure))\n#29 /var/www/html/web/core/lib/Drupal/Core/EventSubscriber/MainContentViewSubscriber.php(90): Drupal\\Core\\Render\\MainContent\\HtmlRenderer->renderResponse(Array, Object(Symfony\\Component\\HttpFoundation\\Request), Object(Drupal\\Core\\Routing\\CurrentRouteMatch))\n#30 [internal function]: Drupal\\Core\\EventSubscriber\\MainContentViewSubscriber->onViewRenderArray(Object(Symfony\\Component\\HttpKernel\\Event\\ViewEvent), \'kernel.view\', Object(Drupal\\Component\\EventDispatcher\\ContainerAwareEventDispatcher))\n#31 /var/www/html/web/core/lib/Drupal/Component/EventDispatcher/ContainerAwareEventDispatcher.php(142): call_user_func(Array, Object(Symfony\\Component\\HttpKernel\\Event\\ViewEvent), \'kernel.view\', Object(Drupal\\Component\\EventDispatcher\\ContainerAwareEventDispatcher))\n#32 /var/www/html/vendor/symfony/http-kernel/HttpKernel.php(163): Drupal\\Component\\EventDispatcher\\ContainerAwareEventDispatcher->dispatch(Object(Symfony\\Component\\HttpKernel\\Event\\ViewEvent), \'kernel.view\')\n#33 /var/www/html/vendor/symfony/http-kernel/HttpKernel.php(80): Symfony\\Component\\HttpKernel\\HttpKernel->handleRaw(Object(Symfony\\Component\\HttpFoundation\\Request), 1)\n#34 /var/www/html/web/core/lib/Drupal/Core/StackMiddleware/Session.php(57): Symfony\\Component\\HttpKernel\\HttpKernel->handle(Object(Symfony\\Component\\HttpFoundation\\Request), 1, true)\n#35 /var/www/html/web/core/lib/Drupal/Core/StackMiddleware/KernelPreHandle.php(47): Drupal\\Core\\StackMiddleware\\Session->handle(Object(Symfony\\Component\\HttpFoundation\\Request), 1, true)\n#36 /var/www/html/web/core/modules/page_cache/src/StackMiddleware/PageCache.php(191): Drupal\\Core\\StackMiddleware\\KernelPreHandle->handle(Object(Symfony\\Component\\HttpFoundation\\Request), 1, true)\n#37 /var/www/html/web/core/modules/page_cache/src/StackMiddleware/PageCache.php(128): Drupal\\page_cache\\StackMiddleware\\PageCache->fetch(Object(Symfony\\Component\\HttpFoundation\\Request), 1, true)\n#38 /var/www/html/web/core/modules/page_cache/src/StackMiddleware/PageCache.php(82): Drupal\\page_cache\\StackMiddleware\\PageCache->lookup(Object(Symfony\\Component\\HttpFoundation\\Request), 1, true)\n#39 /var/www/html/web/core/lib/Drupal/Core/StackMiddleware/ReverseProxyMiddleware.php(47): Drupal\\page_cache\\StackMiddleware\\PageCache->handle(Object(Symfony\\Component\\HttpFoundation\\Request), 1, true)\n#40 /var/www/html/web/core/lib/Drupal/Core/StackMiddleware/NegotiationMiddleware.php(52): Drupal\\Core\\StackMiddleware\\ReverseProxyMiddleware->handle(Object(Symfony\\Component\\HttpFoundation\\Request), 1, true)\n#41 /var/www/html/vendor/stack/builder/src/Stack/StackedHttpKernel.php(23): Drupal\\Core\\StackMiddleware\\NegotiationMiddleware->handle(Object(Symfony\\Component\\HttpFoundation\\Request), 1, true)\n#42 /var/www/html/web/core/lib/Drupal/Core/DrupalKernel.php(717): Stack\\StackedHttpKernel->handle(Object(Symfony\\Component\\HttpFoundation\\Request), 1, true)\n#43 /var/www/html/web/index.php(19): Drupal\\Core\\DrupalKernel->handle(Object(Symfony\\Component\\HttpFoundation\\Request))\n#44 {main}\";}',3,'','https://hed-9lts.ddev.site/accueil','https://hed-9lts.ddev.site/realisation','172.18.0.6',1639105710),(2081,0,'php','%type: @message in %function (line %line of %file).','a:6:{s:5:\"%type\";s:22:\"Twig\\Error\\LoaderError\";s:8:\"@message\";s:123:\"Template \"themes/custom/HEDsite/templates/block/block--views-block--image-page-d-accueil-block-1.html.twig\" is not defined.\";s:9:\"%function\";s:38:\"Twig\\Loader\\ChainLoader->getCacheKey()\";s:5:\"%file\";s:69:\"/var/www/html/web/themes/custom/HEDsite/templates/page/page.html.twig\";s:5:\"%line\";i:75;s:17:\"@backtrace_string\";s:6902:\"#0 /var/www/html/vendor/twig/twig/src/Environment.php(299): Twig\\Loader\\ChainLoader->getCacheKey(\'themes/custom/H...\')\n#1 /var/www/html/web/core/lib/Drupal/Core/Template/TwigEnvironment.php(205): Twig\\Environment->getTemplateClass(\'themes/custom/H...\', NULL)\n#2 /var/www/html/vendor/twig/twig/src/Environment.php(381): Drupal\\Core\\Template\\TwigEnvironment->getTemplateClass(\'themes/custom/H...\')\n#3 /var/www/html/web/core/themes/engines/twig/twig.engine(65): Twig\\Environment->loadTemplate(\'themes/custom/H...\')\n#4 /var/www/html/web/core/lib/Drupal/Core/Theme/ThemeManager.php(384): twig_render_template(\'themes/custom/H...\', Array)\n#5 /var/www/html/web/core/lib/Drupal/Core/Render/Renderer.php(436): Drupal\\Core\\Theme\\ThemeManager->render(\'block\', Array)\n#6 /var/www/html/web/core/lib/Drupal/Core/Render/Renderer.php(449): Drupal\\Core\\Render\\Renderer->doRender(Array)\n#7 /var/www/html/web/core/lib/Drupal/Core/Render/Renderer.php(201): Drupal\\Core\\Render\\Renderer->doRender(Array, false)\n#8 /var/www/html/web/core/lib/Drupal/Core/Template/TwigExtension.php(450): Drupal\\Core\\Render\\Renderer->render(Array)\n#9 /var/www/html/web/sites/default/files/php/twig/61b2c3db9aa7e_page.html.twig_SgF1QO6FcT6rK57qGmWideGpE/o-X_X4wiE91UhepGXo88oJcOW2aZcBZyx6lcTpuUHEA.php(94): Drupal\\Core\\Template\\TwigExtension->escapeFilter(Object(Drupal\\Core\\Template\\TwigEnvironment), Array, \'html\', NULL, true)\n#10 /var/www/html/vendor/twig/twig/src/Template.php(405): __TwigTemplate_7ce95cb9d8dde2b5aec557cfa13d2e8d1e3ffa9e62ca53bd229d3e7067da8702->doDisplay(Array, Array)\n#11 /var/www/html/vendor/twig/twig/src/Template.php(378): Twig\\Template->displayWithErrorHandling(Array, Array)\n#12 /var/www/html/vendor/twig/twig/src/Template.php(390): Twig\\Template->display(Array)\n#13 /var/www/html/web/core/themes/engines/twig/twig.engine(65): Twig\\Template->render(Array)\n#14 /var/www/html/web/core/lib/Drupal/Core/Theme/ThemeManager.php(384): twig_render_template(\'themes/custom/H...\', Array)\n#15 /var/www/html/web/core/lib/Drupal/Core/Render/Renderer.php(436): Drupal\\Core\\Theme\\ThemeManager->render(\'page\', Array)\n#16 /var/www/html/web/core/lib/Drupal/Core/Render/Renderer.php(201): Drupal\\Core\\Render\\Renderer->doRender(Array, false)\n#17 /var/www/html/web/core/lib/Drupal/Core/Template/TwigExtension.php(450): Drupal\\Core\\Render\\Renderer->render(Array)\n#18 /var/www/html/web/sites/default/files/php/twig/61b2c3db9aa7e_html.html.twig_ySNMplmhTid6PQ-kZRUAWchP4/3EHTMVAN4tjM64dljSs1esdW4wut2_tlqCZfGNvov9w.php(80): Drupal\\Core\\Template\\TwigExtension->escapeFilter(Object(Drupal\\Core\\Template\\TwigEnvironment), Array, \'html\', NULL, true)\n#19 /var/www/html/vendor/twig/twig/src/Template.php(405): __TwigTemplate_135a391e36e6b17745806cd17eb7f0b490ab6e4430e8e1de27e56da0e39e208d->doDisplay(Array, Array)\n#20 /var/www/html/vendor/twig/twig/src/Template.php(378): Twig\\Template->displayWithErrorHandling(Array, Array)\n#21 /var/www/html/vendor/twig/twig/src/Template.php(390): Twig\\Template->display(Array)\n#22 /var/www/html/web/core/themes/engines/twig/twig.engine(65): Twig\\Template->render(Array)\n#23 /var/www/html/web/core/lib/Drupal/Core/Theme/ThemeManager.php(384): twig_render_template(\'core/themes/sta...\', Array)\n#24 /var/www/html/web/core/lib/Drupal/Core/Render/Renderer.php(436): Drupal\\Core\\Theme\\ThemeManager->render(\'html\', Array)\n#25 /var/www/html/web/core/lib/Drupal/Core/Render/Renderer.php(201): Drupal\\Core\\Render\\Renderer->doRender(Array, false)\n#26 /var/www/html/web/core/lib/Drupal/Core/Render/MainContent/HtmlRenderer.php(162): Drupal\\Core\\Render\\Renderer->render(Array)\n#27 /var/www/html/web/core/lib/Drupal/Core/Render/Renderer.php(578): Drupal\\Core\\Render\\MainContent\\HtmlRenderer->Drupal\\Core\\Render\\MainContent\\{closure}()\n#28 /var/www/html/web/core/lib/Drupal/Core/Render/MainContent/HtmlRenderer.php(163): Drupal\\Core\\Render\\Renderer->executeInRenderContext(Object(Drupal\\Core\\Render\\RenderContext), Object(Closure))\n#29 /var/www/html/web/core/lib/Drupal/Core/EventSubscriber/MainContentViewSubscriber.php(90): Drupal\\Core\\Render\\MainContent\\HtmlRenderer->renderResponse(Array, Object(Symfony\\Component\\HttpFoundation\\Request), Object(Drupal\\Core\\Routing\\CurrentRouteMatch))\n#30 [internal function]: Drupal\\Core\\EventSubscriber\\MainContentViewSubscriber->onViewRenderArray(Object(Symfony\\Component\\HttpKernel\\Event\\ViewEvent), \'kernel.view\', Object(Drupal\\Component\\EventDispatcher\\ContainerAwareEventDispatcher))\n#31 /var/www/html/web/core/lib/Drupal/Component/EventDispatcher/ContainerAwareEventDispatcher.php(142): call_user_func(Array, Object(Symfony\\Component\\HttpKernel\\Event\\ViewEvent), \'kernel.view\', Object(Drupal\\Component\\EventDispatcher\\ContainerAwareEventDispatcher))\n#32 /var/www/html/vendor/symfony/http-kernel/HttpKernel.php(163): Drupal\\Component\\EventDispatcher\\ContainerAwareEventDispatcher->dispatch(Object(Symfony\\Component\\HttpKernel\\Event\\ViewEvent), \'kernel.view\')\n#33 /var/www/html/vendor/symfony/http-kernel/HttpKernel.php(80): Symfony\\Component\\HttpKernel\\HttpKernel->handleRaw(Object(Symfony\\Component\\HttpFoundation\\Request), 1)\n#34 /var/www/html/web/core/lib/Drupal/Core/StackMiddleware/Session.php(57): Symfony\\Component\\HttpKernel\\HttpKernel->handle(Object(Symfony\\Component\\HttpFoundation\\Request), 1, true)\n#35 /var/www/html/web/core/lib/Drupal/Core/StackMiddleware/KernelPreHandle.php(47): Drupal\\Core\\StackMiddleware\\Session->handle(Object(Symfony\\Component\\HttpFoundation\\Request), 1, true)\n#36 /var/www/html/web/core/modules/page_cache/src/StackMiddleware/PageCache.php(191): Drupal\\Core\\StackMiddleware\\KernelPreHandle->handle(Object(Symfony\\Component\\HttpFoundation\\Request), 1, true)\n#37 /var/www/html/web/core/modules/page_cache/src/StackMiddleware/PageCache.php(128): Drupal\\page_cache\\StackMiddleware\\PageCache->fetch(Object(Symfony\\Component\\HttpFoundation\\Request), 1, true)\n#38 /var/www/html/web/core/modules/page_cache/src/StackMiddleware/PageCache.php(82): Drupal\\page_cache\\StackMiddleware\\PageCache->lookup(Object(Symfony\\Component\\HttpFoundation\\Request), 1, true)\n#39 /var/www/html/web/core/lib/Drupal/Core/StackMiddleware/ReverseProxyMiddleware.php(47): Drupal\\page_cache\\StackMiddleware\\PageCache->handle(Object(Symfony\\Component\\HttpFoundation\\Request), 1, true)\n#40 /var/www/html/web/core/lib/Drupal/Core/StackMiddleware/NegotiationMiddleware.php(52): Drupal\\Core\\StackMiddleware\\ReverseProxyMiddleware->handle(Object(Symfony\\Component\\HttpFoundation\\Request), 1, true)\n#41 /var/www/html/vendor/stack/builder/src/Stack/StackedHttpKernel.php(23): Drupal\\Core\\StackMiddleware\\NegotiationMiddleware->handle(Object(Symfony\\Component\\HttpFoundation\\Request), 1, true)\n#42 /var/www/html/web/core/lib/Drupal/Core/DrupalKernel.php(717): Stack\\StackedHttpKernel->handle(Object(Symfony\\Component\\HttpFoundation\\Request), 1, true)\n#43 /var/www/html/web/index.php(19): Drupal\\Core\\DrupalKernel->handle(Object(Symfony\\Component\\HttpFoundation\\Request))\n#44 {main}\";}',3,'','https://hed-9lts.ddev.site/accueil','https://hed-9lts.ddev.site/realisation','172.18.0.6',1639105719),(2082,0,'php','%type: @message in %function (line %line of %file).','a:6:{s:5:\"%type\";s:22:\"Twig\\Error\\LoaderError\";s:8:\"@message\";s:123:\"Template \"themes/custom/HEDsite/templates/block/block--views-block--image-page-d-accueil-block-1.html.twig\" is not defined.\";s:9:\"%function\";s:38:\"Twig\\Loader\\ChainLoader->getCacheKey()\";s:5:\"%file\";s:69:\"/var/www/html/web/themes/custom/HEDsite/templates/page/page.html.twig\";s:5:\"%line\";i:75;s:17:\"@backtrace_string\";s:6902:\"#0 /var/www/html/vendor/twig/twig/src/Environment.php(299): Twig\\Loader\\ChainLoader->getCacheKey(\'themes/custom/H...\')\n#1 /var/www/html/web/core/lib/Drupal/Core/Template/TwigEnvironment.php(205): Twig\\Environment->getTemplateClass(\'themes/custom/H...\', NULL)\n#2 /var/www/html/vendor/twig/twig/src/Environment.php(381): Drupal\\Core\\Template\\TwigEnvironment->getTemplateClass(\'themes/custom/H...\')\n#3 /var/www/html/web/core/themes/engines/twig/twig.engine(65): Twig\\Environment->loadTemplate(\'themes/custom/H...\')\n#4 /var/www/html/web/core/lib/Drupal/Core/Theme/ThemeManager.php(384): twig_render_template(\'themes/custom/H...\', Array)\n#5 /var/www/html/web/core/lib/Drupal/Core/Render/Renderer.php(436): Drupal\\Core\\Theme\\ThemeManager->render(\'block\', Array)\n#6 /var/www/html/web/core/lib/Drupal/Core/Render/Renderer.php(449): Drupal\\Core\\Render\\Renderer->doRender(Array)\n#7 /var/www/html/web/core/lib/Drupal/Core/Render/Renderer.php(201): Drupal\\Core\\Render\\Renderer->doRender(Array, false)\n#8 /var/www/html/web/core/lib/Drupal/Core/Template/TwigExtension.php(450): Drupal\\Core\\Render\\Renderer->render(Array)\n#9 /var/www/html/web/sites/default/files/php/twig/61b2c3db9aa7e_page.html.twig_SgF1QO6FcT6rK57qGmWideGpE/o-X_X4wiE91UhepGXo88oJcOW2aZcBZyx6lcTpuUHEA.php(94): Drupal\\Core\\Template\\TwigExtension->escapeFilter(Object(Drupal\\Core\\Template\\TwigEnvironment), Array, \'html\', NULL, true)\n#10 /var/www/html/vendor/twig/twig/src/Template.php(405): __TwigTemplate_7ce95cb9d8dde2b5aec557cfa13d2e8d1e3ffa9e62ca53bd229d3e7067da8702->doDisplay(Array, Array)\n#11 /var/www/html/vendor/twig/twig/src/Template.php(378): Twig\\Template->displayWithErrorHandling(Array, Array)\n#12 /var/www/html/vendor/twig/twig/src/Template.php(390): Twig\\Template->display(Array)\n#13 /var/www/html/web/core/themes/engines/twig/twig.engine(65): Twig\\Template->render(Array)\n#14 /var/www/html/web/core/lib/Drupal/Core/Theme/ThemeManager.php(384): twig_render_template(\'themes/custom/H...\', Array)\n#15 /var/www/html/web/core/lib/Drupal/Core/Render/Renderer.php(436): Drupal\\Core\\Theme\\ThemeManager->render(\'page\', Array)\n#16 /var/www/html/web/core/lib/Drupal/Core/Render/Renderer.php(201): Drupal\\Core\\Render\\Renderer->doRender(Array, false)\n#17 /var/www/html/web/core/lib/Drupal/Core/Template/TwigExtension.php(450): Drupal\\Core\\Render\\Renderer->render(Array)\n#18 /var/www/html/web/sites/default/files/php/twig/61b2c3db9aa7e_html.html.twig_ySNMplmhTid6PQ-kZRUAWchP4/3EHTMVAN4tjM64dljSs1esdW4wut2_tlqCZfGNvov9w.php(80): Drupal\\Core\\Template\\TwigExtension->escapeFilter(Object(Drupal\\Core\\Template\\TwigEnvironment), Array, \'html\', NULL, true)\n#19 /var/www/html/vendor/twig/twig/src/Template.php(405): __TwigTemplate_135a391e36e6b17745806cd17eb7f0b490ab6e4430e8e1de27e56da0e39e208d->doDisplay(Array, Array)\n#20 /var/www/html/vendor/twig/twig/src/Template.php(378): Twig\\Template->displayWithErrorHandling(Array, Array)\n#21 /var/www/html/vendor/twig/twig/src/Template.php(390): Twig\\Template->display(Array)\n#22 /var/www/html/web/core/themes/engines/twig/twig.engine(65): Twig\\Template->render(Array)\n#23 /var/www/html/web/core/lib/Drupal/Core/Theme/ThemeManager.php(384): twig_render_template(\'core/themes/sta...\', Array)\n#24 /var/www/html/web/core/lib/Drupal/Core/Render/Renderer.php(436): Drupal\\Core\\Theme\\ThemeManager->render(\'html\', Array)\n#25 /var/www/html/web/core/lib/Drupal/Core/Render/Renderer.php(201): Drupal\\Core\\Render\\Renderer->doRender(Array, false)\n#26 /var/www/html/web/core/lib/Drupal/Core/Render/MainContent/HtmlRenderer.php(162): Drupal\\Core\\Render\\Renderer->render(Array)\n#27 /var/www/html/web/core/lib/Drupal/Core/Render/Renderer.php(578): Drupal\\Core\\Render\\MainContent\\HtmlRenderer->Drupal\\Core\\Render\\MainContent\\{closure}()\n#28 /var/www/html/web/core/lib/Drupal/Core/Render/MainContent/HtmlRenderer.php(163): Drupal\\Core\\Render\\Renderer->executeInRenderContext(Object(Drupal\\Core\\Render\\RenderContext), Object(Closure))\n#29 /var/www/html/web/core/lib/Drupal/Core/EventSubscriber/MainContentViewSubscriber.php(90): Drupal\\Core\\Render\\MainContent\\HtmlRenderer->renderResponse(Array, Object(Symfony\\Component\\HttpFoundation\\Request), Object(Drupal\\Core\\Routing\\CurrentRouteMatch))\n#30 [internal function]: Drupal\\Core\\EventSubscriber\\MainContentViewSubscriber->onViewRenderArray(Object(Symfony\\Component\\HttpKernel\\Event\\ViewEvent), \'kernel.view\', Object(Drupal\\Component\\EventDispatcher\\ContainerAwareEventDispatcher))\n#31 /var/www/html/web/core/lib/Drupal/Component/EventDispatcher/ContainerAwareEventDispatcher.php(142): call_user_func(Array, Object(Symfony\\Component\\HttpKernel\\Event\\ViewEvent), \'kernel.view\', Object(Drupal\\Component\\EventDispatcher\\ContainerAwareEventDispatcher))\n#32 /var/www/html/vendor/symfony/http-kernel/HttpKernel.php(163): Drupal\\Component\\EventDispatcher\\ContainerAwareEventDispatcher->dispatch(Object(Symfony\\Component\\HttpKernel\\Event\\ViewEvent), \'kernel.view\')\n#33 /var/www/html/vendor/symfony/http-kernel/HttpKernel.php(80): Symfony\\Component\\HttpKernel\\HttpKernel->handleRaw(Object(Symfony\\Component\\HttpFoundation\\Request), 1)\n#34 /var/www/html/web/core/lib/Drupal/Core/StackMiddleware/Session.php(57): Symfony\\Component\\HttpKernel\\HttpKernel->handle(Object(Symfony\\Component\\HttpFoundation\\Request), 1, true)\n#35 /var/www/html/web/core/lib/Drupal/Core/StackMiddleware/KernelPreHandle.php(47): Drupal\\Core\\StackMiddleware\\Session->handle(Object(Symfony\\Component\\HttpFoundation\\Request), 1, true)\n#36 /var/www/html/web/core/modules/page_cache/src/StackMiddleware/PageCache.php(191): Drupal\\Core\\StackMiddleware\\KernelPreHandle->handle(Object(Symfony\\Component\\HttpFoundation\\Request), 1, true)\n#37 /var/www/html/web/core/modules/page_cache/src/StackMiddleware/PageCache.php(128): Drupal\\page_cache\\StackMiddleware\\PageCache->fetch(Object(Symfony\\Component\\HttpFoundation\\Request), 1, true)\n#38 /var/www/html/web/core/modules/page_cache/src/StackMiddleware/PageCache.php(82): Drupal\\page_cache\\StackMiddleware\\PageCache->lookup(Object(Symfony\\Component\\HttpFoundation\\Request), 1, true)\n#39 /var/www/html/web/core/lib/Drupal/Core/StackMiddleware/ReverseProxyMiddleware.php(47): Drupal\\page_cache\\StackMiddleware\\PageCache->handle(Object(Symfony\\Component\\HttpFoundation\\Request), 1, true)\n#40 /var/www/html/web/core/lib/Drupal/Core/StackMiddleware/NegotiationMiddleware.php(52): Drupal\\Core\\StackMiddleware\\ReverseProxyMiddleware->handle(Object(Symfony\\Component\\HttpFoundation\\Request), 1, true)\n#41 /var/www/html/vendor/stack/builder/src/Stack/StackedHttpKernel.php(23): Drupal\\Core\\StackMiddleware\\NegotiationMiddleware->handle(Object(Symfony\\Component\\HttpFoundation\\Request), 1, true)\n#42 /var/www/html/web/core/lib/Drupal/Core/DrupalKernel.php(717): Stack\\StackedHttpKernel->handle(Object(Symfony\\Component\\HttpFoundation\\Request), 1, true)\n#43 /var/www/html/web/index.php(19): Drupal\\Core\\DrupalKernel->handle(Object(Symfony\\Component\\HttpFoundation\\Request))\n#44 {main}\";}',3,'','https://hed-9lts.ddev.site/accueil','https://hed-9lts.ddev.site/realisation','172.18.0.6',1639105763),(2083,0,'page not found','@uri','a:1:{s:4:\"@uri\";s:27:\"/domotique_maison_connectee\";}',4,'','https://hed-9lts.ddev.site/domotique_maison_connectee','https://hed-9lts.ddev.site/accueil','172.18.0.6',1639105832),(2084,0,'page not found','@uri','a:1:{s:4:\"@uri\";s:27:\"/domotique_maison_connectee\";}',4,'','https://hed-9lts.ddev.site/domotique_maison_connectee','https://hed-9lts.ddev.site/accueil','172.18.0.6',1639106150),(2085,1,'content','@type: added %title.','a:2:{s:5:\"@type\";s:6:\"banner\";s:6:\"%title\";s:37:\"Bannière Domotique/maison connectée\";}',5,'<a href=\"/domotique_maison_connectee\" hreflang=\"fr\">Voir</a>','https://hed-9lts.ddev.site/node/add/banner','https://hed-9lts.ddev.site/node/add/banner','172.18.0.6',1639106238),(2086,0,'page not found','@uri','a:1:{s:4:\"@uri\";s:15:\"/controle_acces\";}',4,'','https://hed-9lts.ddev.site/controle_acces','https://hed-9lts.ddev.site/accueil','172.18.0.6',1639122273),(2087,0,'cron','Starting execution of @module_cron().','a:1:{s:7:\"@module\";s:7:\"comment\";}',6,'','https://hed-9lts.ddev.site/controle_acces','https://hed-9lts.ddev.site/accueil','172.18.0.6',1639122273),(2088,0,'cron','Starting execution of @module_cron(), execution of @module_previous_cron() took @time.','a:3:{s:7:\"@module\";s:5:\"dblog\";s:16:\"@module_previous\";s:7:\"comment\";s:5:\"@time\";s:6:\"1.43ms\";}',6,'','https://hed-9lts.ddev.site/controle_acces','https://hed-9lts.ddev.site/accueil','172.18.0.6',1639122273),(2089,0,'cron','Starting execution of @module_cron(), execution of @module_previous_cron() took @time.','a:3:{s:7:\"@module\";s:5:\"field\";s:16:\"@module_previous\";s:5:\"dblog\";s:5:\"@time\";s:6:\"6.03ms\";}',6,'','https://hed-9lts.ddev.site/controle_acces','https://hed-9lts.ddev.site/accueil','172.18.0.6',1639122273),(2090,0,'cron','Starting execution of @module_cron(), execution of @module_previous_cron() took @time.','a:3:{s:7:\"@module\";s:4:\"file\";s:16:\"@module_previous\";s:5:\"field\";s:5:\"@time\";s:7:\"10.71ms\";}',6,'','https://hed-9lts.ddev.site/controle_acces','https://hed-9lts.ddev.site/accueil','172.18.0.6',1639122273),(2091,0,'cron','Starting execution of @module_cron(), execution of @module_previous_cron() took @time.','a:3:{s:7:\"@module\";s:7:\"history\";s:16:\"@module_previous\";s:4:\"file\";s:5:\"@time\";s:7:\"10.32ms\";}',6,'','https://hed-9lts.ddev.site/controle_acces','https://hed-9lts.ddev.site/accueil','172.18.0.6',1639122273),(2092,0,'cron','Starting execution of @module_cron(), execution of @module_previous_cron() took @time.','a:3:{s:7:\"@module\";s:14:\"layout_builder\";s:16:\"@module_previous\";s:7:\"history\";s:5:\"@time\";s:6:\"0.77ms\";}',6,'','https://hed-9lts.ddev.site/controle_acces','https://hed-9lts.ddev.site/accueil','172.18.0.6',1639122273),(2093,0,'cron','Starting execution of @module_cron(), execution of @module_previous_cron() took @time.','a:3:{s:7:\"@module\";s:6:\"locale\";s:16:\"@module_previous\";s:14:\"layout_builder\";s:5:\"@time\";s:6:\"3.66ms\";}',6,'','https://hed-9lts.ddev.site/controle_acces','https://hed-9lts.ddev.site/accueil','172.18.0.6',1639122273),(2094,0,'cron','Starting execution of @module_cron(), execution of @module_previous_cron() took @time.','a:3:{s:7:\"@module\";s:4:\"node\";s:16:\"@module_previous\";s:6:\"locale\";s:5:\"@time\";s:6:\"0.82ms\";}',6,'','https://hed-9lts.ddev.site/controle_acces','https://hed-9lts.ddev.site/accueil','172.18.0.6',1639122273),(2095,0,'cron','Starting execution of @module_cron(), execution of @module_previous_cron() took @time.','a:3:{s:7:\"@module\";s:6:\"search\";s:16:\"@module_previous\";s:4:\"node\";s:5:\"@time\";s:6:\"7.03ms\";}',6,'','https://hed-9lts.ddev.site/controle_acces','https://hed-9lts.ddev.site/accueil','172.18.0.6',1639122273),(2096,0,'cron','Starting execution of @module_cron(), execution of @module_previous_cron() took @time.','a:3:{s:7:\"@module\";s:6:\"system\";s:16:\"@module_previous\";s:6:\"search\";s:5:\"@time\";s:8:\"241.38ms\";}',6,'','https://hed-9lts.ddev.site/controle_acces','https://hed-9lts.ddev.site/accueil','172.18.0.6',1639122273),(2097,0,'cron','Starting execution of @module_cron(), execution of @module_previous_cron() took @time.','a:3:{s:7:\"@module\";s:6:\"update\";s:16:\"@module_previous\";s:6:\"system\";s:5:\"@time\";s:8:\"126.32ms\";}',6,'','https://hed-9lts.ddev.site/controle_acces','https://hed-9lts.ddev.site/accueil','172.18.0.6',1639122273),(2098,0,'cron','Execution of @module_previous_cron() took @time.','a:2:{s:16:\"@module_previous\";s:6:\"update\";s:5:\"@time\";s:7:\"452.9ms\";}',6,'','https://hed-9lts.ddev.site/controle_acces','https://hed-9lts.ddev.site/accueil','172.18.0.6',1639122274),(2099,0,'cron','Cron run completed.','a:0:{}',6,'','https://hed-9lts.ddev.site/controle_acces','https://hed-9lts.ddev.site/accueil','172.18.0.6',1639122274),(2100,1,'content','@type: updated %title.','a:2:{s:5:\"@type\";s:6:\"banner\";s:6:\"%title\";s:21:\"Bannière Actualités\";}',5,'<a href=\"/actualites\" hreflang=\"fr\">Voir</a>','https://hed-9lts.ddev.site/node/47/edit?destination=%2Fadmin%2Fcontent','https://hed-9lts.ddev.site/node/47/edit?destination=/admin/content','172.18.0.6',1639122692),(2101,1,'content','@type: updated %title.','a:2:{s:5:\"@type\";s:6:\"banner\";s:6:\"%title\";s:12:\"Ma bannière\";}',5,'<a href=\"/accueil\" hreflang=\"fr\">Voir</a>','https://hed-9lts.ddev.site/node/8/edit?destination=%2Fadmin%2Fcontent','https://hed-9lts.ddev.site/node/8/edit?destination=/admin/content','172.18.0.6',1639125658),(2102,1,'content','@type: updated %title.','a:2:{s:5:\"@type\";s:7:\"article\";s:6:\"%title\";s:9:\"Domotique\";}',5,'<a href=\"/node/60\" hreflang=\"fr\">Voir</a>','https://hed-9lts.ddev.site/node/60/edit?destination=%2Fadmin%2Fcontent','https://hed-9lts.ddev.site/node/60/edit?destination=/admin/content','172.18.0.6',1639125737),(2103,1,'content','@type: added %title.','a:2:{s:5:\"@type\";s:7:\"article\";s:6:\"%title\";s:12:\"Electricité\";}',5,'<a href=\"/node/67\" hreflang=\"fr\">Voir</a>','https://hed-9lts.ddev.site/node/add/article','https://hed-9lts.ddev.site/node/add/article','172.18.0.6',1639125864),(2104,1,'content','@type: updated %title.','a:2:{s:5:\"@type\";s:7:\"article\";s:6:\"%title\";s:21:\"Texte exemple accueil\";}',5,'<a href=\"/node/63\" hreflang=\"fr\">Voir</a>','https://hed-9lts.ddev.site/node/63/edit?destination=%2Fadmin%2Fcontent','https://hed-9lts.ddev.site/node/63/edit?destination=/admin/content','172.18.0.6',1639126629),(2105,1,'menu_link_content','The @entity-type %label has been deleted.','a:2:{s:12:\"@entity-type\";O:48:\"Drupal\\Core\\StringTranslation\\TranslatableMarkup\":3:{s:9:\"\0*\0string\";s:16:\"custom menu link\";s:12:\"\0*\0arguments\";a:0:{}s:10:\"\0*\0options\";a:0:{}}s:6:\"%label\";s:22:\"Chauffage/ventillation\";}',5,'','https://hed-9lts.ddev.site/admin/structure/menu/item/67/delete?destination=%2Fadmin%2Fstructure%2Fmenu','https://hed-9lts.ddev.site/admin/structure/menu/item/67/delete?destination=/admin/structure/menu','172.18.0.6',1639126828),(2106,1,'menu_link_content','The @entity-type %label has been deleted.','a:2:{s:12:\"@entity-type\";O:48:\"Drupal\\Core\\StringTranslation\\TranslatableMarkup\":3:{s:9:\"\0*\0string\";s:16:\"custom menu link\";s:12:\"\0*\0arguments\";a:0:{}s:10:\"\0*\0options\";a:0:{}}s:6:\"%label\";s:6:\"Alarme\";}',5,'','https://hed-9lts.ddev.site/admin/structure/menu/item/66/delete?destination=%2Fadmin%2Fstructure%2Fmenu','https://hed-9lts.ddev.site/admin/structure/menu/item/66/delete?destination=/admin/structure/menu','172.18.0.6',1639126835),(2107,1,'menu_link_content','The @entity-type %label has been deleted.','a:2:{s:12:\"@entity-type\";O:48:\"Drupal\\Core\\StringTranslation\\TranslatableMarkup\":3:{s:9:\"\0*\0string\";s:16:\"custom menu link\";s:12:\"\0*\0arguments\";a:0:{}s:10:\"\0*\0options\";a:0:{}}s:6:\"%label\";s:18:\"Contrôle d\'accès\";}',5,'','https://hed-9lts.ddev.site/admin/structure/menu/item/68/delete?destination=%2Fadmin%2Fstructure%2Fmenu','https://hed-9lts.ddev.site/admin/structure/menu/item/68/delete?destination=/admin/structure/menu','172.18.0.6',1639126845),(2108,1,'menu_link_content','The @entity-type %label has been deleted.','a:2:{s:12:\"@entity-type\";O:48:\"Drupal\\Core\\StringTranslation\\TranslatableMarkup\":3:{s:9:\"\0*\0string\";s:16:\"custom menu link\";s:12:\"\0*\0arguments\";a:0:{}s:10:\"\0*\0options\";a:0:{}}s:6:\"%label\";s:9:\"Eclairage\";}',5,'','https://hed-9lts.ddev.site/admin/structure/menu/item/65/delete?destination=%2Fadmin%2Fstructure%2Fmenu','https://hed-9lts.ddev.site/admin/structure/menu/item/65/delete?destination=/admin/structure/menu','172.18.0.6',1639126852),(2109,1,'menu_link_content','The @entity-type %label has been deleted.','a:2:{s:12:\"@entity-type\";O:48:\"Drupal\\Core\\StringTranslation\\TranslatableMarkup\":3:{s:9:\"\0*\0string\";s:16:\"custom menu link\";s:12:\"\0*\0arguments\";a:0:{}s:10:\"\0*\0options\";a:0:{}}s:6:\"%label\";s:19:\"Vidéo surveillance\";}',5,'','https://hed-9lts.ddev.site/admin/structure/menu/item/69/delete?destination=%2Fadmin%2Fstructure%2Fmenu','https://hed-9lts.ddev.site/admin/structure/menu/item/69/delete?destination=/admin/structure/menu','172.18.0.6',1639126861),(2110,1,'menu','Menu %label has been updated.','a:1:{s:6:\"%label\";s:26:\"Menu de navigation du site\";}',5,'<a href=\"/admin/structure/menu/manage/menu-de-navigation-du-site\">Edit</a>','https://hed-9lts.ddev.site/admin/structure/menu/manage/menu-de-navigation-du-site?destination=%2Fadmin%2Fstructure%2Fmenu','https://hed-9lts.ddev.site/admin/structure/menu/manage/menu-de-navigation-du-site?destination=/admin/structure/menu','172.18.0.6',1639126964),(2111,1,'menu','Menu %label has been updated.','a:1:{s:6:\"%label\";s:26:\"Menu de navigation du site\";}',5,'<a href=\"/admin/structure/menu/manage/menu-de-navigation-du-site\">Edit</a>','https://hed-9lts.ddev.site/admin/structure/menu/manage/menu-de-navigation-du-site?destination=%2Fadmin%2Fstructure%2Fmenu','https://hed-9lts.ddev.site/admin/structure/menu/manage/menu-de-navigation-du-site?destination=/admin/structure/menu','172.18.0.6',1639127115),(2112,1,'menu','Menu %label has been updated.','a:1:{s:6:\"%label\";s:26:\"Menu de navigation du site\";}',5,'<a href=\"/admin/structure/menu/manage/menu-de-navigation-du-site\">Edit</a>','https://hed-9lts.ddev.site/admin/structure/menu/manage/menu-de-navigation-du-site?destination=%2Fadmin%2Fstructure%2Fmenu','https://hed-9lts.ddev.site/admin/structure/menu/manage/menu-de-navigation-du-site?destination=/admin/structure/menu','172.18.0.6',1639127316),(2113,1,'content','@type: added %title.','a:2:{s:5:\"@type\";s:7:\"article\";s:6:\"%title\";s:38:\"Dépose et repose Tableaux électrique\";}',5,'<a href=\"/node/68\" hreflang=\"fr\">Voir</a>','https://hed-9lts.ddev.site/node/add/article','https://hed-9lts.ddev.site/node/add/article','172.18.0.6',1639127879),(2114,1,'block','The @entity-type %label has been deleted.','a:2:{s:12:\"@entity-type\";O:48:\"Drupal\\Core\\StringTranslation\\TranslatableMarkup\":3:{s:9:\"\0*\0string\";s:5:\"block\";s:12:\"\0*\0arguments\";a:0:{}s:10:\"\0*\0options\";a:0:{}}s:6:\"%label\";O:48:\"Drupal\\Core\\StringTranslation\\TranslatableMarkup\":3:{s:9:\"\0*\0string\";s:15:\"@view: @display\";s:12:\"\0*\0arguments\";a:2:{s:5:\"@view\";s:22:\"Vue partie rénovation\";s:8:\"@display\";s:5:\"Block\";}s:10:\"\0*\0options\";a:0:{}}}',5,'','https://hed-9lts.ddev.site/admin/structure/block/manage/views_block__vue_partie_renovation_block_1/delete?destination=%2Fadmin%2Fstructure%2Fblock%2Flist%2FHEDsite','https://hed-9lts.ddev.site/admin/structure/block/manage/views_block__vue_partie_renovation_block_1/delete?destination=/admin/structure/block/list/HEDsite','172.18.0.6',1639128641),(2115,0,'page not found','@uri','a:1:{s:4:\"@uri\";s:11:\"/ouvertures\";}',4,'','https://hed-9lts.ddev.site/ouvertures','https://hed-9lts.ddev.site/accueil','172.18.0.6',1639129330),(2116,0,'page not found','@uri','a:1:{s:4:\"@uri\";s:10:\"/domotique\";}',4,'','https://hed-9lts.ddev.site/domotique','','172.18.0.6',1639129997),(2117,1,'block','The @entity-type %label has been deleted.','a:2:{s:12:\"@entity-type\";O:48:\"Drupal\\Core\\StringTranslation\\TranslatableMarkup\":3:{s:9:\"\0*\0string\";s:5:\"block\";s:12:\"\0*\0arguments\";a:0:{}s:10:\"\0*\0options\";a:0:{}}s:6:\"%label\";O:48:\"Drupal\\Core\\StringTranslation\\TranslatableMarkup\":3:{s:9:\"\0*\0string\";s:15:\"@view: @display\";s:12:\"\0*\0arguments\";a:2:{s:5:\"@view\";s:44:\"Copie de vue de la liste de la page domotiqe\";s:8:\"@display\";s:5:\"Block\";}s:10:\"\0*\0options\";a:0:{}}}',5,'','https://hed-9lts.ddev.site/admin/structure/block/manage/views_block_copie_de_vue_de_la_liste_de_la_page_domotiqe_block_1/delete?destination=%2Fadmin%2Fstructure%2Fblock','https://hed-9lts.ddev.site/admin/structure/block/manage/views_block_copie_de_vue_de_la_liste_de_la_page_domotiqe_block_1/delete?destination=/admin/structure/block','172.18.0.6',1639130076),(2118,1,'content','@type: updated %title.','a:2:{s:5:\"@type\";s:6:\"banner\";s:6:\"%title\";s:37:\"Bannière Domotique/maison connectée\";}',5,'<a href=\"/domotique_maison_connectee\" hreflang=\"fr\">Voir</a>','https://hed-9lts.ddev.site/node/66/edit?destination=%2Fadmin%2Fcontent','https://hed-9lts.ddev.site/node/66/edit?destination=/admin/content','172.18.0.6',1639130119),(2119,1,'content','@type: updated %title.','a:2:{s:5:\"@type\";s:6:\"banner\";s:6:\"%title\";s:37:\"Bannière Domotique/maison connectée\";}',5,'<a href=\"/domotique\" hreflang=\"fr\">Voir</a>','https://hed-9lts.ddev.site/node/66/edit?destination=%2Fadmin%2Fcontent','https://hed-9lts.ddev.site/node/66/edit?destination=/admin/content','172.18.0.6',1639130755),(2120,0,'page not found','@uri','a:1:{s:4:\"@uri\";s:27:\"/domotique_maison_connectee\";}',4,'','https://hed-9lts.ddev.site/domotique_maison_connectee','','172.18.0.6',1639130760),(2121,0,'page not found','@uri','a:1:{s:4:\"@uri\";s:11:\"/renovation\";}',4,'','https://hed-9lts.ddev.site/renovation','https://hed-9lts.ddev.site/accueil','172.18.0.6',1639131457),(2122,1,'content','@type: added %title.','a:2:{s:5:\"@type\";s:6:\"banner\";s:6:\"%title\";s:21:\"Bannière rénovation\";}',5,'<a href=\"/renovation\" hreflang=\"fr\">Voir</a>','https://hed-9lts.ddev.site/node/add/banner','https://hed-9lts.ddev.site/node/add/banner','172.18.0.6',1639131705),(2123,0,'cron','Starting execution of @module_cron().','a:1:{s:7:\"@module\";s:7:\"comment\";}',6,'','https://hed-9lts.ddev.site/admin/people','https://hed-9lts.ddev.site/admin/people','172.18.0.6',1639133200),(2124,0,'cron','Starting execution of @module_cron(), execution of @module_previous_cron() took @time.','a:3:{s:7:\"@module\";s:5:\"dblog\";s:16:\"@module_previous\";s:7:\"comment\";s:5:\"@time\";s:5:\"0.7ms\";}',6,'','https://hed-9lts.ddev.site/admin/people','https://hed-9lts.ddev.site/admin/people','172.18.0.6',1639133200),(2125,0,'cron','Starting execution of @module_cron(), execution of @module_previous_cron() took @time.','a:3:{s:7:\"@module\";s:5:\"field\";s:16:\"@module_previous\";s:5:\"dblog\";s:5:\"@time\";s:6:\"4.12ms\";}',6,'','https://hed-9lts.ddev.site/admin/people','https://hed-9lts.ddev.site/admin/people','172.18.0.6',1639133200),(2126,0,'cron','Starting execution of @module_cron(), execution of @module_previous_cron() took @time.','a:3:{s:7:\"@module\";s:4:\"file\";s:16:\"@module_previous\";s:5:\"field\";s:5:\"@time\";s:6:\"2.33ms\";}',6,'','https://hed-9lts.ddev.site/admin/people','https://hed-9lts.ddev.site/admin/people','172.18.0.6',1639133200),(2127,0,'cron','Starting execution of @module_cron(), execution of @module_previous_cron() took @time.','a:3:{s:7:\"@module\";s:7:\"history\";s:16:\"@module_previous\";s:4:\"file\";s:5:\"@time\";s:6:\"1.89ms\";}',6,'','https://hed-9lts.ddev.site/admin/people','https://hed-9lts.ddev.site/admin/people','172.18.0.6',1639133200),(2128,0,'cron','Starting execution of @module_cron(), execution of @module_previous_cron() took @time.','a:3:{s:7:\"@module\";s:14:\"layout_builder\";s:16:\"@module_previous\";s:7:\"history\";s:5:\"@time\";s:5:\"0.2ms\";}',6,'','https://hed-9lts.ddev.site/admin/people','https://hed-9lts.ddev.site/admin/people','172.18.0.6',1639133200),(2129,0,'cron','Starting execution of @module_cron(), execution of @module_previous_cron() took @time.','a:3:{s:7:\"@module\";s:6:\"locale\";s:16:\"@module_previous\";s:14:\"layout_builder\";s:5:\"@time\";s:6:\"1.53ms\";}',6,'','https://hed-9lts.ddev.site/admin/people','https://hed-9lts.ddev.site/admin/people','172.18.0.6',1639133200),(2130,0,'cron','Starting execution of @module_cron(), execution of @module_previous_cron() took @time.','a:3:{s:7:\"@module\";s:4:\"node\";s:16:\"@module_previous\";s:6:\"locale\";s:5:\"@time\";s:6:\"0.02ms\";}',6,'','https://hed-9lts.ddev.site/admin/people','https://hed-9lts.ddev.site/admin/people','172.18.0.6',1639133200),(2131,0,'cron','Starting execution of @module_cron(), execution of @module_previous_cron() took @time.','a:3:{s:7:\"@module\";s:6:\"search\";s:16:\"@module_previous\";s:4:\"node\";s:5:\"@time\";s:6:\"2.61ms\";}',6,'','https://hed-9lts.ddev.site/admin/people','https://hed-9lts.ddev.site/admin/people','172.18.0.6',1639133200),(2132,0,'cron','Starting execution of @module_cron(), execution of @module_previous_cron() took @time.','a:3:{s:7:\"@module\";s:6:\"system\";s:16:\"@module_previous\";s:6:\"search\";s:5:\"@time\";s:8:\"358.82ms\";}',6,'','https://hed-9lts.ddev.site/admin/people','https://hed-9lts.ddev.site/admin/people','172.18.0.6',1639133200),(2133,0,'cron','Starting execution of @module_cron(), execution of @module_previous_cron() took @time.','a:3:{s:7:\"@module\";s:6:\"update\";s:16:\"@module_previous\";s:6:\"system\";s:5:\"@time\";s:7:\"10.05ms\";}',6,'','https://hed-9lts.ddev.site/admin/people','https://hed-9lts.ddev.site/admin/people','172.18.0.6',1639133200),(2134,0,'cron','Execution of @module_previous_cron() took @time.','a:2:{s:16:\"@module_previous\";s:6:\"update\";s:5:\"@time\";s:6:\"2.75ms\";}',6,'','https://hed-9lts.ddev.site/admin/people','https://hed-9lts.ddev.site/admin/people','172.18.0.6',1639133200),(2135,0,'cron','Cron run completed.','a:0:{}',6,'','https://hed-9lts.ddev.site/admin/people','https://hed-9lts.ddev.site/admin/people','172.18.0.6',1639133200),(2136,1,'content','@type: updated %title.','a:2:{s:5:\"@type\";s:7:\"article\";s:6:\"%title\";s:21:\"Texte exemple accueil\";}',5,'<a href=\"/node/63\" hreflang=\"fr\">Voir</a>','https://hed-9lts.ddev.site/node/63/edit?destination=%2Fadmin%2Fcontent','https://hed-9lts.ddev.site/node/63/edit?destination=/admin/content','172.18.0.6',1639134622),(2137,1,'content','@type: updated %title.','a:2:{s:5:\"@type\";s:7:\"article\";s:6:\"%title\";s:9:\"Domotique\";}',5,'<a href=\"/node/60\" hreflang=\"fr\">Voir</a>','https://hed-9lts.ddev.site/node/60/edit?destination=%2Fadmin%2Fcontent','https://hed-9lts.ddev.site/node/60/edit?destination=/admin/content','172.18.0.6',1639136767),(2138,1,'content','@type: updated %title.','a:2:{s:5:\"@type\";s:7:\"article\";s:6:\"%title\";s:12:\"Electricité\";}',5,'<a href=\"/node/67\" hreflang=\"fr\">Voir</a>','https://hed-9lts.ddev.site/node/67/edit?destination=%2Fadmin%2Fcontent','https://hed-9lts.ddev.site/node/67/edit?destination=/admin/content','172.18.0.6',1639136812),(2139,1,'content','@type: updated %title.','a:2:{s:5:\"@type\";s:7:\"article\";s:6:\"%title\";s:9:\"Domotique\";}',5,'<a href=\"/node/60\" hreflang=\"fr\">Voir</a>','https://hed-9lts.ddev.site/node/60/edit?destination=%2Fadmin%2Fcontent','https://hed-9lts.ddev.site/node/60/edit?destination=/admin/content','172.18.0.6',1639136930),(2140,0,'page not found','@uri','a:1:{s:4:\"@uri\";s:12:\"/electricite\";}',4,'','https://hed-9lts.ddev.site/electricite','https://hed-9lts.ddev.site/accueil','172.18.0.6',1639137366),(2141,1,'content','@type: added %title.','a:2:{s:5:\"@type\";s:7:\"article\";s:6:\"%title\";s:9:\"Assurance\";}',5,'<a href=\"/node/70\" hreflang=\"fr\">Voir</a>','https://hed-9lts.ddev.site/node/add/article','https://hed-9lts.ddev.site/node/add/article','172.18.0.6',1639141691),(2142,0,'page not found','@uri','a:1:{s:4:\"@uri\";s:11:\"/ouvertures\";}',4,'','https://hed-9lts.ddev.site/ouvertures','https://hed-9lts.ddev.site/actualites?page=0','172.18.0.6',1639141947),(2143,1,'content','@type: added %title.','a:2:{s:5:\"@type\";s:7:\"article\";s:6:\"%title\";s:10:\"Wath We Do\";}',5,'<a href=\"/node/71\" hreflang=\"fr\">Voir</a>','https://hed-9lts.ddev.site/node/add/article','https://hed-9lts.ddev.site/node/add/article','172.18.0.6',1639142186),(2144,1,'page not found','@uri','a:1:{s:4:\"@uri\";s:15:\"/node/undefined\";}',4,'','https://hed-9lts.ddev.site/node/undefined','https://hed-9lts.ddev.site/node/71','172.18.0.6',1639142187),(2145,1,'content','@type: deleted %title.','a:2:{s:5:\"@type\";s:7:\"article\";s:6:\"%title\";s:10:\"Wath We Do\";}',5,'','https://hed-9lts.ddev.site/node/71/delete?destination=%2Fadmin%2Fcontent','https://hed-9lts.ddev.site/node/71/delete?destination=/admin/content','172.18.0.6',1639143354),(2146,1,'views','The @entity-type %label has been deleted.','a:2:{s:12:\"@entity-type\";O:48:\"Drupal\\Core\\StringTranslation\\TranslatableMarkup\":3:{s:9:\"\0*\0string\";s:4:\"view\";s:12:\"\0*\0arguments\";a:0:{}s:10:\"\0*\0options\";a:1:{s:7:\"context\";s:16:\"View entity type\";}}s:6:\"%label\";s:8:\"WathWeDo\";}',5,'','https://hed-9lts.ddev.site/admin/structure/views/view/wathwedo/delete?destination=%2Fadmin%2Fstructure%2Fviews','https://hed-9lts.ddev.site/admin/structure/views/view/wathwedo/delete?destination=/admin/structure/views','172.18.0.6',1639143374),(2147,1,'content','@type: updated %title.','a:2:{s:5:\"@type\";s:7:\"article\";s:6:\"%title\";s:12:\"Electricité\";}',5,'<a href=\"/node/67\" hreflang=\"fr\">Voir</a>','https://hed-9lts.ddev.site/node/67/edit?destination=%2Fadmin%2Fcontent','https://hed-9lts.ddev.site/node/67/edit?destination=/admin/content','172.18.0.6',1639143725),(2148,0,'page not found','@uri','a:1:{s:4:\"@uri\";s:10:\"/assurance\";}',4,'','https://hed-9lts.ddev.site/assurance','https://hed-9lts.ddev.site/accueil','172.18.0.6',1639143735),(2149,0,'page not found','@uri','a:1:{s:4:\"@uri\";s:12:\"/electricite\";}',4,'','https://hed-9lts.ddev.site/electricite','https://hed-9lts.ddev.site/accueil','172.18.0.6',1639143802),(2150,0,'cron','Starting execution of @module_cron().','a:1:{s:7:\"@module\";s:7:\"comment\";}',6,'','https://hed-9lts.ddev.site/node/add/article?_wrapper_format=drupal_ajax&ajax_form=1&element_parents=field_image%2Fwidget%2F0','https://hed-9lts.ddev.site/node/add/article','172.18.0.6',1639144235),(2151,0,'cron','Starting execution of @module_cron(), execution of @module_previous_cron() took @time.','a:3:{s:7:\"@module\";s:5:\"dblog\";s:16:\"@module_previous\";s:7:\"comment\";s:5:\"@time\";s:6:\"0.99ms\";}',6,'','https://hed-9lts.ddev.site/node/add/article?_wrapper_format=drupal_ajax&ajax_form=1&element_parents=field_image%2Fwidget%2F0','https://hed-9lts.ddev.site/node/add/article','172.18.0.6',1639144235),(2152,0,'cron','Starting execution of @module_cron(), execution of @module_previous_cron() took @time.','a:3:{s:7:\"@module\";s:5:\"field\";s:16:\"@module_previous\";s:5:\"dblog\";s:5:\"@time\";s:6:\"4.68ms\";}',6,'','https://hed-9lts.ddev.site/node/add/article?_wrapper_format=drupal_ajax&ajax_form=1&element_parents=field_image%2Fwidget%2F0','https://hed-9lts.ddev.site/node/add/article','172.18.0.6',1639144235),(2153,0,'cron','Starting execution of @module_cron(), execution of @module_previous_cron() took @time.','a:3:{s:7:\"@module\";s:4:\"file\";s:16:\"@module_previous\";s:5:\"field\";s:5:\"@time\";s:6:\"2.36ms\";}',6,'','https://hed-9lts.ddev.site/node/add/article?_wrapper_format=drupal_ajax&ajax_form=1&element_parents=field_image%2Fwidget%2F0','https://hed-9lts.ddev.site/node/add/article','172.18.0.6',1639144235),(2154,0,'cron','Starting execution of @module_cron(), execution of @module_previous_cron() took @time.','a:3:{s:7:\"@module\";s:7:\"history\";s:16:\"@module_previous\";s:4:\"file\";s:5:\"@time\";s:5:\"0.6ms\";}',6,'','https://hed-9lts.ddev.site/node/add/article?_wrapper_format=drupal_ajax&ajax_form=1&element_parents=field_image%2Fwidget%2F0','https://hed-9lts.ddev.site/node/add/article','172.18.0.6',1639144235),(2155,0,'cron','Starting execution of @module_cron(), execution of @module_previous_cron() took @time.','a:3:{s:7:\"@module\";s:14:\"layout_builder\";s:16:\"@module_previous\";s:7:\"history\";s:5:\"@time\";s:6:\"0.28ms\";}',6,'','https://hed-9lts.ddev.site/node/add/article?_wrapper_format=drupal_ajax&ajax_form=1&element_parents=field_image%2Fwidget%2F0','https://hed-9lts.ddev.site/node/add/article','172.18.0.6',1639144235),(2156,0,'cron','Starting execution of @module_cron(), execution of @module_previous_cron() took @time.','a:3:{s:7:\"@module\";s:6:\"locale\";s:16:\"@module_previous\";s:14:\"layout_builder\";s:5:\"@time\";s:6:\"0.35ms\";}',6,'','https://hed-9lts.ddev.site/node/add/article?_wrapper_format=drupal_ajax&ajax_form=1&element_parents=field_image%2Fwidget%2F0','https://hed-9lts.ddev.site/node/add/article','172.18.0.6',1639144235),(2157,0,'cron','Starting execution of @module_cron(), execution of @module_previous_cron() took @time.','a:3:{s:7:\"@module\";s:4:\"node\";s:16:\"@module_previous\";s:6:\"locale\";s:5:\"@time\";s:6:\"0.64ms\";}',6,'','https://hed-9lts.ddev.site/node/add/article?_wrapper_format=drupal_ajax&ajax_form=1&element_parents=field_image%2Fwidget%2F0','https://hed-9lts.ddev.site/node/add/article','172.18.0.6',1639144235),(2158,0,'cron','Starting execution of @module_cron(), execution of @module_previous_cron() took @time.','a:3:{s:7:\"@module\";s:6:\"search\";s:16:\"@module_previous\";s:4:\"node\";s:5:\"@time\";s:6:\"1.37ms\";}',6,'','https://hed-9lts.ddev.site/node/add/article?_wrapper_format=drupal_ajax&ajax_form=1&element_parents=field_image%2Fwidget%2F0','https://hed-9lts.ddev.site/node/add/article','172.18.0.6',1639144235),(2159,0,'cron','Starting execution of @module_cron(), execution of @module_previous_cron() took @time.','a:3:{s:7:\"@module\";s:6:\"system\";s:16:\"@module_previous\";s:6:\"search\";s:5:\"@time\";s:8:\"252.21ms\";}',6,'','https://hed-9lts.ddev.site/node/add/article?_wrapper_format=drupal_ajax&ajax_form=1&element_parents=field_image%2Fwidget%2F0','https://hed-9lts.ddev.site/node/add/article','172.18.0.6',1639144235),(2160,0,'cron','Starting execution of @module_cron(), execution of @module_previous_cron() took @time.','a:3:{s:7:\"@module\";s:6:\"update\";s:16:\"@module_previous\";s:6:\"system\";s:5:\"@time\";s:6:\"10.4ms\";}',6,'','https://hed-9lts.ddev.site/node/add/article?_wrapper_format=drupal_ajax&ajax_form=1&element_parents=field_image%2Fwidget%2F0','https://hed-9lts.ddev.site/node/add/article','172.18.0.6',1639144235),(2161,0,'cron','Attempting to re-run cron while it is already running.','a:0:{}',4,'','https://hed-9lts.ddev.site/sites/default/files/styles/thumbnail/public/2021-12/Banni%C3%A8re-ouvertures.jpg?itok=8wDPs_GD','https://hed-9lts.ddev.site/node/add/article','172.18.0.6',1639144235),(2162,0,'cron','Execution of @module_previous_cron() took @time.','a:2:{s:16:\"@module_previous\";s:6:\"update\";s:5:\"@time\";s:7:\"954.3ms\";}',6,'','https://hed-9lts.ddev.site/node/add/article?_wrapper_format=drupal_ajax&ajax_form=1&element_parents=field_image%2Fwidget%2F0','https://hed-9lts.ddev.site/node/add/article','172.18.0.6',1639144236),(2163,0,'cron','Cron run completed.','a:0:{}',6,'','https://hed-9lts.ddev.site/node/add/article?_wrapper_format=drupal_ajax&ajax_form=1&element_parents=field_image%2Fwidget%2F0','https://hed-9lts.ddev.site/node/add/article','172.18.0.6',1639144236),(2164,1,'content','@type: added %title.','a:2:{s:5:\"@type\";s:7:\"article\";s:6:\"%title\";s:10:\"Ouvertures\";}',5,'<a href=\"/node/72\" hreflang=\"fr\">Voir</a>','https://hed-9lts.ddev.site/node/add/article','https://hed-9lts.ddev.site/node/add/article','172.18.0.6',1639144267),(2165,1,'page not found','@uri','a:1:{s:4:\"@uri\";s:11:\"/ouvertures\";}',4,'','https://hed-9lts.ddev.site/ouvertures','https://hed-9lts.ddev.site/node/72','172.18.0.6',1639144277),(2166,1,'content','@type: added %title.','a:2:{s:5:\"@type\";s:6:\"banner\";s:6:\"%title\";s:20:\"Bannière ouvertures\";}',5,'<a href=\"/ouvertures\" hreflang=\"fr\">Voir</a>','https://hed-9lts.ddev.site/node/add/banner','https://hed-9lts.ddev.site/node/add/banner','172.18.0.6',1639144359),(2167,1,'content','@type: added %title.','a:2:{s:5:\"@type\";s:6:\"banner\";s:6:\"%title\";s:17:\"Bannière confort\";}',5,'<a href=\"/confort\" hreflang=\"fr\">Voir</a>','https://hed-9lts.ddev.site/node/add/banner','https://hed-9lts.ddev.site/node/add/banner','172.18.0.6',1639145522),(2168,1,'content','@type: added %title.','a:2:{s:5:\"@type\";s:7:\"article\";s:6:\"%title\";s:7:\"Confort\";}',5,'<a href=\"/node/75\" hreflang=\"fr\">Voir</a>','https://hed-9lts.ddev.site/node/add/article','https://hed-9lts.ddev.site/node/add/article','172.18.0.6',1639145593),(2169,1,'content','@type: added %title.','a:2:{s:5:\"@type\";s:7:\"article\";s:6:\"%title\";s:10:\"Sécurité\";}',5,'<a href=\"/node/76\" hreflang=\"fr\">Voir</a>','https://hed-9lts.ddev.site/node/add/article','https://hed-9lts.ddev.site/node/add/article','172.18.0.6',1639145870),(2170,1,'content','@type: added %title.','a:2:{s:5:\"@type\";s:6:\"banner\";s:6:\"%title\";s:20:\"Bannière sécurité\";}',5,'<a href=\"/securite\" hreflang=\"fr\">Voir</a>','https://hed-9lts.ddev.site/node/add/banner','https://hed-9lts.ddev.site/node/add/banner','172.18.0.6',1639145916),(2171,1,'content','@type: added %title.','a:2:{s:5:\"@type\";s:6:\"banner\";s:6:\"%title\";s:19:\"Bannière scénario\";}',5,'<a href=\"/scenario\" hreflang=\"fr\">Voir</a>','https://hed-9lts.ddev.site/node/add/banner','https://hed-9lts.ddev.site/node/add/banner','172.18.0.6',1639146033),(2172,1,'content','@type: added %title.','a:2:{s:5:\"@type\";s:7:\"article\";s:6:\"%title\";s:9:\"Scénario\";}',5,'<a href=\"/node/79\" hreflang=\"fr\">Voir</a>','https://hed-9lts.ddev.site/node/add/article','https://hed-9lts.ddev.site/node/add/article','172.18.0.6',1639146081),(2173,1,'content','@type: added %title.','a:2:{s:5:\"@type\";s:7:\"article\";s:6:\"%title\";s:19:\"Portail électrique\";}',5,'<a href=\"/node/80\" hreflang=\"fr\">Voir</a>','https://hed-9lts.ddev.site/node/add/article','https://hed-9lts.ddev.site/node/add/article','172.18.0.6',1639146581),(2174,1,'content','@type: added %title.','a:2:{s:5:\"@type\";s:7:\"article\";s:6:\"%title\";s:19:\"Portail électrique\";}',5,'<a href=\"/node/81\" hreflang=\"fr\">Voir</a>','https://hed-9lts.ddev.site/node/add/article','https://hed-9lts.ddev.site/node/add/article','172.18.0.6',1639146604),(2175,1,'content','@type: deleted %title.','a:2:{s:5:\"@type\";s:7:\"article\";s:6:\"%title\";s:19:\"Portail électrique\";}',5,'','https://hed-9lts.ddev.site/node/81/delete?destination=%2Fadmin%2Fcontent','https://hed-9lts.ddev.site/node/81/delete?destination=/admin/content','172.18.0.6',1639146625),(2176,1,'content','@type: added %title.','a:2:{s:5:\"@type\";s:7:\"article\";s:6:\"%title\";s:15:\"Volets roulants\";}',5,'<a href=\"/node/82\" hreflang=\"fr\">Voir</a>','https://hed-9lts.ddev.site/node/add/article','https://hed-9lts.ddev.site/node/add/article','172.18.0.6',1639150894),(2177,1,'content','@type: added %title.','a:2:{s:5:\"@type\";s:7:\"article\";s:6:\"%title\";s:11:\"Interphonie\";}',5,'<a href=\"/node/83\" hreflang=\"fr\">Voir</a>','https://hed-9lts.ddev.site/node/add/article','https://hed-9lts.ddev.site/node/add/article','172.18.0.6',1639150969),(2178,1,'content','@type: added %title.','a:2:{s:5:\"@type\";s:7:\"article\";s:6:\"%title\";s:9:\"Chauffage\";}',5,'<a href=\"/node/84\" hreflang=\"fr\">Voir</a>','https://hed-9lts.ddev.site/node/add/article','https://hed-9lts.ddev.site/node/add/article','172.18.0.6',1639151260),(2179,1,'content','@type: added %title.','a:2:{s:5:\"@type\";s:7:\"article\";s:6:\"%title\";s:6:\"Alarme\";}',5,'<a href=\"/node/85\" hreflang=\"fr\">Voir</a>','https://hed-9lts.ddev.site/node/add/article','https://hed-9lts.ddev.site/node/add/article','172.18.0.6',1639151364),(2180,1,'content','@type: added %title.','a:2:{s:5:\"@type\";s:7:\"article\";s:6:\"%title\";s:21:\"J\'arrive à la maison\";}',5,'<a href=\"/node/86\" hreflang=\"fr\">Voir</a>','https://hed-9lts.ddev.site/node/add/article','https://hed-9lts.ddev.site/node/add/article','172.18.0.6',1639151919),(2181,0,'page not found','@uri','a:1:{s:4:\"@uri\";s:12:\"/electricite\";}',4,'','https://hed-9lts.ddev.site/electricite','https://hed-9lts.ddev.site/accueil','172.18.0.6',1639151999),(2182,1,'content','@type: deleted %title.','a:2:{s:5:\"@type\";s:7:\"article\";s:6:\"%title\";s:8:\"Alarme-1\";}',5,'','https://hed-9lts.ddev.site/node/55/delete?destination=%2Fadmin%2Fcontent','https://hed-9lts.ddev.site/node/55/delete?destination=/admin/content','172.18.0.6',1639152864),(2183,1,'content','@type: deleted %title.','a:2:{s:5:\"@type\";s:7:\"article\";s:6:\"%title\";s:11:\"Chauffage-1\";}',5,'','https://hed-9lts.ddev.site/node/58/delete?destination=%2Fadmin%2Fcontent','https://hed-9lts.ddev.site/node/58/delete?destination=/admin/content','172.18.0.6',1639152873),(2184,1,'content','@type: deleted %title.','a:2:{s:5:\"@type\";s:7:\"article\";s:6:\"%title\";s:34:\"pourquoi les manchots ont un bec ?\";}',5,'','https://hed-9lts.ddev.site/node/54/delete?destination=%2Fadmin%2Fcontent','https://hed-9lts.ddev.site/node/54/delete?destination=/admin/content','172.18.0.6',1639152881),(2185,1,'content','@type: deleted %title.','a:2:{s:5:\"@type\";s:7:\"article\";s:6:\"%title\";s:8:\"Alarme-2\";}',5,'','https://hed-9lts.ddev.site/node/56/delete?destination=%2Fadmin%2Fcontent','https://hed-9lts.ddev.site/node/56/delete?destination=/admin/content','172.18.0.6',1639152888),(2186,1,'content','@type: deleted %title.','a:2:{s:5:\"@type\";s:7:\"article\";s:6:\"%title\";s:8:\"Alarme-3\";}',5,'','https://hed-9lts.ddev.site/node/57/delete?destination=%2Fadmin%2Fcontent','https://hed-9lts.ddev.site/node/57/delete?destination=/admin/content','172.18.0.6',1639152897),(2187,1,'content','@type: updated %title.','a:2:{s:5:\"@type\";s:6:\"banner\";s:6:\"%title\";s:21:\"Bannière rénovation\";}',5,'<a href=\"/renovation\" hreflang=\"fr\">Voir</a>','https://hed-9lts.ddev.site/node/69/edit?destination=%2Fadmin%2Fcontent','https://hed-9lts.ddev.site/node/69/edit?destination=/admin/content','172.18.0.6',1639152947),(2188,1,'content','@type: added %title.','a:2:{s:5:\"@type\";s:6:\"banner\";s:6:\"%title\";s:14:\"Bannière neuf\";}',5,'<a href=\"/neuf\" hreflang=\"fr\">Voir</a>','https://hed-9lts.ddev.site/node/add/banner','https://hed-9lts.ddev.site/node/add/banner','172.18.0.6',1639152987),(2189,0,'page not found','@uri','a:1:{s:4:\"@uri\";s:42:\"/borne-de-recharge-de-vehicules-electrique\";}',4,'','https://hed-9lts.ddev.site/borne-de-recharge-de-vehicules-electrique','https://hed-9lts.ddev.site/accueil','172.18.0.6',1639153064),(2190,1,'content','@type: added %title.','a:2:{s:5:\"@type\";s:6:\"banner\";s:6:\"%title\";s:27:\"Bannière borne de recharge\";}',5,'<a href=\"/borne-de-recharge-de-vehicules-electrique\" hreflang=\"fr\">Voir</a>','https://hed-9lts.ddev.site/node/add/banner','https://hed-9lts.ddev.site/node/add/banner','172.18.0.6',1639153079),(2191,1,'views','The @entity-type %label has been deleted.','a:2:{s:12:\"@entity-type\";O:48:\"Drupal\\Core\\StringTranslation\\TranslatableMarkup\":3:{s:9:\"\0*\0string\";s:4:\"view\";s:12:\"\0*\0arguments\";a:0:{}s:10:\"\0*\0options\";a:1:{s:7:\"context\";s:16:\"View entity type\";}}s:6:\"%label\";s:28:\"Liste des articles d\'alarmes\";}',5,'','https://hed-9lts.ddev.site/admin/structure/views/view/liste_des_articles_d_alarmes/delete?destination=%2Fadmin%2Fstructure%2Fviews','https://hed-9lts.ddev.site/admin/structure/views/view/liste_des_articles_d_alarmes/delete?destination=/admin/structure/views','172.18.0.6',1639153135),(2192,1,'views','The @entity-type %label has been deleted.','a:2:{s:12:\"@entity-type\";O:48:\"Drupal\\Core\\StringTranslation\\TranslatableMarkup\":3:{s:9:\"\0*\0string\";s:4:\"view\";s:12:\"\0*\0arguments\";a:0:{}s:10:\"\0*\0options\";a:1:{s:7:\"context\";s:16:\"View entity type\";}}s:6:\"%label\";s:22:\"Vue partie rénovation\";}',5,'','https://hed-9lts.ddev.site/admin/structure/views/view/vue_partie_renovation/delete?destination=%2Fadmin%2Fstructure%2Fviews','https://hed-9lts.ddev.site/admin/structure/views/view/vue_partie_renovation/delete?destination=/admin/structure/views','172.18.0.6',1639153155),(2193,1,'content','@type: added %title.','a:2:{s:5:\"@type\";s:7:\"article\";s:6:\"%title\";s:11:\"Rénovation\";}',5,'<a href=\"/node/89\" hreflang=\"fr\">Voir</a>','https://hed-9lts.ddev.site/node/add/article','https://hed-9lts.ddev.site/node/add/article','172.18.0.6',1639153304),(2194,1,'content','@type: added %title.','a:2:{s:5:\"@type\";s:7:\"article\";s:6:\"%title\";s:4:\"Neuf\";}',5,'<a href=\"/node/90\" hreflang=\"fr\">Voir</a>','https://hed-9lts.ddev.site/node/add/article','https://hed-9lts.ddev.site/node/add/article','172.18.0.6',1639153333),(2195,1,'content','@type: added %title.','a:2:{s:5:\"@type\";s:7:\"article\";s:6:\"%title\";s:44:\"BORNE DE RECHARGE DE VÉHICULES ÉLECTRIQUES\";}',5,'<a href=\"/node/91\" hreflang=\"fr\">Voir</a>','https://hed-9lts.ddev.site/node/add/article','https://hed-9lts.ddev.site/node/add/article','172.18.0.6',1639153383),(2196,0,'page not found','@uri','a:1:{s:4:\"@uri\";s:12:\"/electricite\";}',4,'','https://hed-9lts.ddev.site/electricite','https://hed-9lts.ddev.site/accueil','172.18.0.6',1639153403),(2197,1,'content','@type: added %title.','a:2:{s:5:\"@type\";s:6:\"banner\";s:6:\"%title\";s:23:\"Bannière électricité\";}',5,'<a href=\"/electricite\" hreflang=\"fr\">Voir</a>','https://hed-9lts.ddev.site/node/add/banner','https://hed-9lts.ddev.site/node/add/banner','172.18.0.6',1639153453),(2198,1,'views','The @entity-type %label has been deleted.','a:2:{s:12:\"@entity-type\";O:48:\"Drupal\\Core\\StringTranslation\\TranslatableMarkup\":3:{s:9:\"\0*\0string\";s:4:\"view\";s:12:\"\0*\0arguments\";a:0:{}s:10:\"\0*\0options\";a:1:{s:7:\"context\";s:16:\"View entity type\";}}s:6:\"%label\";s:34:\"Copie de Onglet page électricité\";}',5,'','https://hed-9lts.ddev.site/admin/structure/views/view/copie_de_onglet_page_electricite/delete?destination=%2Fadmin%2Fstructure%2Fviews','https://hed-9lts.ddev.site/admin/structure/views/view/copie_de_onglet_page_electricite/delete?destination=/admin/structure/views','172.18.0.6',1639153592),(2199,1,'views','The @entity-type %label has been deleted.','a:2:{s:12:\"@entity-type\";O:48:\"Drupal\\Core\\StringTranslation\\TranslatableMarkup\":3:{s:9:\"\0*\0string\";s:4:\"view\";s:12:\"\0*\0arguments\";a:0:{}s:10:\"\0*\0options\";a:1:{s:7:\"context\";s:16:\"View entity type\";}}s:6:\"%label\";s:40:\"Vue de la liste de la page électricité\";}',5,'','https://hed-9lts.ddev.site/admin/structure/views/view/vue_de_la_liste_de_la_page_electricite/delete?destination=%2Fadmin%2Fstructure%2Fviews','https://hed-9lts.ddev.site/admin/structure/views/view/vue_de_la_liste_de_la_page_electricite/delete?destination=/admin/structure/views','172.18.0.6',1639153630),(2200,1,'content','@type: updated %title.','a:2:{s:5:\"@type\";s:7:\"article\";s:6:\"%title\";s:44:\"BORNE DE RECHARGE DE VÉHICULES ÉLECTRIQUES\";}',5,'<a href=\"/node/91\" hreflang=\"fr\">Voir</a>','https://hed-9lts.ddev.site/node/91/edit?destination=%2Fadmin%2Fcontent','https://hed-9lts.ddev.site/node/91/edit?destination=/admin/content','172.18.0.6',1639153749),(2201,1,'content','@type: updated %title.','a:2:{s:5:\"@type\";s:7:\"article\";s:6:\"%title\";s:4:\"Neuf\";}',5,'<a href=\"/node/90\" hreflang=\"fr\">Voir</a>','https://hed-9lts.ddev.site/node/90/edit?destination=%2Fadmin%2Fcontent','https://hed-9lts.ddev.site/node/90/edit?destination=/admin/content','172.18.0.6',1639153762),(2202,1,'content','@type: updated %title.','a:2:{s:5:\"@type\";s:7:\"article\";s:6:\"%title\";s:11:\"Rénovation\";}',5,'<a href=\"/node/89\" hreflang=\"fr\">Voir</a>','https://hed-9lts.ddev.site/node/89/edit?destination=%2Fadmin%2Fcontent','https://hed-9lts.ddev.site/node/89/edit?destination=/admin/content','172.18.0.6',1639153782),(2203,1,'content','@type: added %title.','a:2:{s:5:\"@type\";s:7:\"article\";s:6:\"%title\";s:37:\"Depose et repose Tableaux électrique\";}',5,'<a href=\"/node/93\" hreflang=\"fr\">Voir</a>','https://hed-9lts.ddev.site/node/add/article','https://hed-9lts.ddev.site/node/add/article','172.18.0.6',1639153956),(2204,1,'content','@type: added %title.','a:2:{s:5:\"@type\";s:7:\"article\";s:6:\"%title\";s:12:\"Ajout prises\";}',5,'<a href=\"/node/94\" hreflang=\"fr\">Voir</a>','https://hed-9lts.ddev.site/node/add/article','https://hed-9lts.ddev.site/node/add/article','172.18.0.6',1639154004),(2205,1,'content','@type: added %title.','a:2:{s:5:\"@type\";s:7:\"article\";s:6:\"%title\";s:13:\"Vérification\";}',5,'<a href=\"/node/95\" hreflang=\"fr\">Voir</a>','https://hed-9lts.ddev.site/node/add/article','https://hed-9lts.ddev.site/node/add/article','172.18.0.6',1639154701),(2206,0,'cron','Starting execution of @module_cron().','a:1:{s:7:\"@module\";s:7:\"comment\";}',6,'','https://hed-9lts.ddev.site/ouvertures','https://hed-9lts.ddev.site/accueil','172.18.0.6',1639349761),(2207,0,'cron','Starting execution of @module_cron(), execution of @module_previous_cron() took @time.','a:3:{s:7:\"@module\";s:5:\"dblog\";s:16:\"@module_previous\";s:7:\"comment\";s:5:\"@time\";s:7:\"12.42ms\";}',6,'','https://hed-9lts.ddev.site/ouvertures','https://hed-9lts.ddev.site/accueil','172.18.0.6',1639349761),(2208,0,'cron','Starting execution of @module_cron(), execution of @module_previous_cron() took @time.','a:3:{s:7:\"@module\";s:5:\"field\";s:16:\"@module_previous\";s:5:\"dblog\";s:5:\"@time\";s:7:\"10.21ms\";}',6,'','https://hed-9lts.ddev.site/ouvertures','https://hed-9lts.ddev.site/accueil','172.18.0.6',1639349761),(2209,0,'cron','Starting execution of @module_cron(), execution of @module_previous_cron() took @time.','a:3:{s:7:\"@module\";s:4:\"file\";s:16:\"@module_previous\";s:5:\"field\";s:5:\"@time\";s:6:\"8.71ms\";}',6,'','https://hed-9lts.ddev.site/ouvertures','https://hed-9lts.ddev.site/accueil','172.18.0.6',1639349761),(2210,0,'cron','Starting execution of @module_cron(), execution of @module_previous_cron() took @time.','a:3:{s:7:\"@module\";s:7:\"history\";s:16:\"@module_previous\";s:4:\"file\";s:5:\"@time\";s:8:\"214.76ms\";}',6,'','https://hed-9lts.ddev.site/ouvertures','https://hed-9lts.ddev.site/accueil','172.18.0.6',1639349761),(2211,0,'cron','Starting execution of @module_cron(), execution of @module_previous_cron() took @time.','a:3:{s:7:\"@module\";s:14:\"layout_builder\";s:16:\"@module_previous\";s:7:\"history\";s:5:\"@time\";s:6:\"0.34ms\";}',6,'','https://hed-9lts.ddev.site/ouvertures','https://hed-9lts.ddev.site/accueil','172.18.0.6',1639349761),(2212,0,'cron','Starting execution of @module_cron(), execution of @module_previous_cron() took @time.','a:3:{s:7:\"@module\";s:6:\"locale\";s:16:\"@module_previous\";s:14:\"layout_builder\";s:5:\"@time\";s:6:\"0.42ms\";}',6,'','https://hed-9lts.ddev.site/ouvertures','https://hed-9lts.ddev.site/accueil','172.18.0.6',1639349761),(2213,0,'cron','Starting execution of @module_cron(), execution of @module_previous_cron() took @time.','a:3:{s:7:\"@module\";s:4:\"node\";s:16:\"@module_previous\";s:6:\"locale\";s:5:\"@time\";s:6:\"1.92ms\";}',6,'','https://hed-9lts.ddev.site/ouvertures','https://hed-9lts.ddev.site/accueil','172.18.0.6',1639349761),(2214,0,'cron','Starting execution of @module_cron(), execution of @module_previous_cron() took @time.','a:3:{s:7:\"@module\";s:6:\"search\";s:16:\"@module_previous\";s:4:\"node\";s:5:\"@time\";s:6:\"3.25ms\";}',6,'','https://hed-9lts.ddev.site/ouvertures','https://hed-9lts.ddev.site/accueil','172.18.0.6',1639349761),(2215,0,'cron','Starting execution of @module_cron(), execution of @module_previous_cron() took @time.','a:3:{s:7:\"@module\";s:6:\"system\";s:16:\"@module_previous\";s:6:\"search\";s:5:\"@time\";s:8:\"927.53ms\";}',6,'','https://hed-9lts.ddev.site/ouvertures','https://hed-9lts.ddev.site/accueil','172.18.0.6',1639349762),(2216,0,'cron','Starting execution of @module_cron(), execution of @module_previous_cron() took @time.','a:3:{s:7:\"@module\";s:6:\"update\";s:16:\"@module_previous\";s:6:\"system\";s:5:\"@time\";s:8:\"147.82ms\";}',6,'','https://hed-9lts.ddev.site/ouvertures','https://hed-9lts.ddev.site/accueil','172.18.0.6',1639349762),(2217,0,'cron','Execution of @module_previous_cron() took @time.','a:2:{s:16:\"@module_previous\";s:6:\"update\";s:5:\"@time\";s:9:\"1103.48ms\";}',6,'','https://hed-9lts.ddev.site/ouvertures','https://hed-9lts.ddev.site/accueil','172.18.0.6',1639349763),(2218,0,'cron','Cron run completed.','a:0:{}',6,'','https://hed-9lts.ddev.site/ouvertures','https://hed-9lts.ddev.site/accueil','172.18.0.6',1639349763),(2219,0,'page not found','@uri','a:1:{s:4:\"@uri\";s:10:\"/assurance\";}',4,'','https://hed-9lts.ddev.site/assurance','https://hed-9lts.ddev.site/accueil','172.18.0.6',1639351883),(2220,0,'cron','Starting execution of @module_cron().','a:1:{s:7:\"@module\";s:7:\"comment\";}',6,'','https://hed-9lts.ddev.site/admin/content','https://hed-9lts.ddev.site/admin/structure/block/list/HEDsite?block-placement=views-block__contenu-de-la-page-renovation-block-1','172.18.0.6',1640004915),(2221,0,'cron','Starting execution of @module_cron(), execution of @module_previous_cron() took @time.','a:3:{s:7:\"@module\";s:5:\"dblog\";s:16:\"@module_previous\";s:7:\"comment\";s:5:\"@time\";s:7:\"11.76ms\";}',6,'','https://hed-9lts.ddev.site/admin/content','https://hed-9lts.ddev.site/admin/structure/block/list/HEDsite?block-placement=views-block__contenu-de-la-page-renovation-block-1','172.18.0.6',1640004915),(2222,0,'cron','Starting execution of @module_cron(), execution of @module_previous_cron() took @time.','a:3:{s:7:\"@module\";s:5:\"field\";s:16:\"@module_previous\";s:5:\"dblog\";s:5:\"@time\";s:6:\"8.98ms\";}',6,'','https://hed-9lts.ddev.site/admin/content','https://hed-9lts.ddev.site/admin/structure/block/list/HEDsite?block-placement=views-block__contenu-de-la-page-renovation-block-1','172.18.0.6',1640004915),(2223,0,'cron','Starting execution of @module_cron(), execution of @module_previous_cron() took @time.','a:3:{s:7:\"@module\";s:4:\"file\";s:16:\"@module_previous\";s:5:\"field\";s:5:\"@time\";s:6:\"4.13ms\";}',6,'','https://hed-9lts.ddev.site/admin/content','https://hed-9lts.ddev.site/admin/structure/block/list/HEDsite?block-placement=views-block__contenu-de-la-page-renovation-block-1','172.18.0.6',1640004915),(2224,0,'cron','Starting execution of @module_cron(), execution of @module_previous_cron() took @time.','a:3:{s:7:\"@module\";s:7:\"history\";s:16:\"@module_previous\";s:4:\"file\";s:5:\"@time\";s:7:\"16.22ms\";}',6,'','https://hed-9lts.ddev.site/admin/content','https://hed-9lts.ddev.site/admin/structure/block/list/HEDsite?block-placement=views-block__contenu-de-la-page-renovation-block-1','172.18.0.6',1640004915),(2225,0,'cron','Starting execution of @module_cron(), execution of @module_previous_cron() took @time.','a:3:{s:7:\"@module\";s:14:\"layout_builder\";s:16:\"@module_previous\";s:7:\"history\";s:5:\"@time\";s:5:\"2.1ms\";}',6,'','https://hed-9lts.ddev.site/admin/content','https://hed-9lts.ddev.site/admin/structure/block/list/HEDsite?block-placement=views-block__contenu-de-la-page-renovation-block-1','172.18.0.6',1640004915),(2226,0,'cron','Starting execution of @module_cron(), execution of @module_previous_cron() took @time.','a:3:{s:7:\"@module\";s:6:\"locale\";s:16:\"@module_previous\";s:14:\"layout_builder\";s:5:\"@time\";s:7:\"16.46ms\";}',6,'','https://hed-9lts.ddev.site/admin/content','https://hed-9lts.ddev.site/admin/structure/block/list/HEDsite?block-placement=views-block__contenu-de-la-page-renovation-block-1','172.18.0.6',1640004915),(2227,0,'cron','Starting execution of @module_cron(), execution of @module_previous_cron() took @time.','a:3:{s:7:\"@module\";s:4:\"node\";s:16:\"@module_previous\";s:6:\"locale\";s:5:\"@time\";s:6:\"0.82ms\";}',6,'','https://hed-9lts.ddev.site/admin/content','https://hed-9lts.ddev.site/admin/structure/block/list/HEDsite?block-placement=views-block__contenu-de-la-page-renovation-block-1','172.18.0.6',1640004915),(2228,0,'cron','Starting execution of @module_cron(), execution of @module_previous_cron() took @time.','a:3:{s:7:\"@module\";s:6:\"search\";s:16:\"@module_previous\";s:4:\"node\";s:5:\"@time\";s:6:\"8.15ms\";}',6,'','https://hed-9lts.ddev.site/admin/content','https://hed-9lts.ddev.site/admin/structure/block/list/HEDsite?block-placement=views-block__contenu-de-la-page-renovation-block-1','172.18.0.6',1640004915),(2229,0,'cron','Starting execution of @module_cron(), execution of @module_previous_cron() took @time.','a:3:{s:7:\"@module\";s:6:\"system\";s:16:\"@module_previous\";s:6:\"search\";s:5:\"@time\";s:7:\"40.99ms\";}',6,'','https://hed-9lts.ddev.site/admin/content','https://hed-9lts.ddev.site/admin/structure/block/list/HEDsite?block-placement=views-block__contenu-de-la-page-renovation-block-1','172.18.0.6',1640004915),(2230,0,'cron','Starting execution of @module_cron(), execution of @module_previous_cron() took @time.','a:3:{s:7:\"@module\";s:6:\"update\";s:16:\"@module_previous\";s:6:\"system\";s:5:\"@time\";s:8:\"237.72ms\";}',6,'','https://hed-9lts.ddev.site/admin/content','https://hed-9lts.ddev.site/admin/structure/block/list/HEDsite?block-placement=views-block__contenu-de-la-page-renovation-block-1','172.18.0.6',1640004915),(2231,0,'cron','Execution of @module_previous_cron() took @time.','a:2:{s:16:\"@module_previous\";s:6:\"update\";s:5:\"@time\";s:8:\"375.16ms\";}',6,'','https://hed-9lts.ddev.site/admin/content','https://hed-9lts.ddev.site/admin/structure/block/list/HEDsite?block-placement=views-block__contenu-de-la-page-renovation-block-1','172.18.0.6',1640004915),(2232,0,'cron','Cron run completed.','a:0:{}',6,'','https://hed-9lts.ddev.site/admin/content','https://hed-9lts.ddev.site/admin/structure/block/list/HEDsite?block-placement=views-block__contenu-de-la-page-renovation-block-1','172.18.0.6',1640004915),(2233,1,'content','@type: added %title.','a:2:{s:5:\"@type\";s:4:\"page\";s:6:\"%title\";s:7:\"Welcome\";}',5,'<a href=\"/node/96\" hreflang=\"fr\">Voir</a>','https://hed-9lts.ddev.site/node/add/page','https://hed-9lts.ddev.site/node/add/page','172.18.0.6',1640004970),(2234,1,'node','Added content type %name.','a:1:{s:5:\"%name\";s:11:\"Page double\";}',5,'<a href=\"/admin/structure/types\">Voir</a>','https://hed-9lts.ddev.site/admin/structure/types/add','https://hed-9lts.ddev.site/admin/structure/types/add','172.18.0.6',1640007787),(2235,1,'content','@type: deleted %title.','a:2:{s:5:\"@type\";s:4:\"page\";s:6:\"%title\";s:7:\"Welcome\";}',5,'','https://hed-9lts.ddev.site/node/96/delete?destination=%2Fadmin%2Fcontent','https://hed-9lts.ddev.site/node/96/delete?destination=/admin/content','172.18.0.6',1640008283),(2236,1,'content','@type: added %title.','a:2:{s:5:\"@type\";s:11:\"page_double\";s:6:\"%title\";s:7:\"Welcome\";}',5,'<a href=\"/node/97\" hreflang=\"fr\">Voir</a>','https://hed-9lts.ddev.site/node/add/page_double','https://hed-9lts.ddev.site/node/add/page_double','172.18.0.6',1640008334),(2237,1,'block','The @entity-type %label has been deleted.','a:2:{s:12:\"@entity-type\";O:48:\"Drupal\\Core\\StringTranslation\\TranslatableMarkup\":3:{s:9:\"\0*\0string\";s:5:\"block\";s:12:\"\0*\0arguments\";a:0:{}s:10:\"\0*\0options\";a:0:{}}s:6:\"%label\";O:48:\"Drupal\\Core\\StringTranslation\\TranslatableMarkup\":3:{s:9:\"\0*\0string\";s:15:\"@view: @display\";s:12:\"\0*\0arguments\";a:2:{s:5:\"@view\";s:11:\"Vue welcome\";s:8:\"@display\";s:5:\"Block\";}s:10:\"\0*\0options\";a:0:{}}}',5,'','https://hed-9lts.ddev.site/admin/structure/block/manage/views_block__vue_welcome_block_1/delete?destination=%2Fadmin%2Fstructure%2Fblock%2Flist%2FHEDsite','https://hed-9lts.ddev.site/admin/structure/block/manage/views_block__vue_welcome_block_1/delete?destination=/admin/structure/block/list/HEDsite','172.18.0.6',1640008356),(2238,1,'views','The @entity-type %label has been deleted.','a:2:{s:12:\"@entity-type\";O:48:\"Drupal\\Core\\StringTranslation\\TranslatableMarkup\":3:{s:9:\"\0*\0string\";s:4:\"view\";s:12:\"\0*\0arguments\";a:0:{}s:10:\"\0*\0options\";a:1:{s:7:\"context\";s:16:\"View entity type\";}}s:6:\"%label\";s:11:\"Vue welcome\";}',5,'','https://hed-9lts.ddev.site/admin/structure/views/view/vue_welcome/delete?destination=%2Fadmin%2Fstructure%2Fviews','https://hed-9lts.ddev.site/admin/structure/views/view/vue_welcome/delete?destination=/admin/structure/views','172.18.0.6',1640008412),(2239,1,'content','@type: updated %title.','a:2:{s:5:\"@type\";s:11:\"page_double\";s:6:\"%title\";s:7:\"Welcome\";}',5,'<a href=\"/node/97\" hreflang=\"fr\">Voir</a>','https://hed-9lts.ddev.site/node/97/edit?destination=%2Fadmin%2Fcontent','https://hed-9lts.ddev.site/node/97/edit?destination=/admin/content','172.18.0.6',1640008641),(2240,0,'php','%type: @message in %function (line %line of %file).','a:6:{s:5:\"%type\";s:22:\"Twig\\Error\\SyntaxError\";s:8:\"@message\";s:53:\"The block \'content\' has already been defined line 42.\";s:9:\"%function\";s:42:\"Twig\\TokenParser\\BlockTokenParser->parse()\";s:5:\"%file\";s:101:\"/var/www/html/web/themes/custom/HEDsite/templates/block/block--views-block--welcome-block-1.html.twig\";s:5:\"%line\";i:59;s:17:\"@backtrace_string\";s:7331:\"#0 /var/www/html/vendor/twig/twig/src/Parser.php(185): Twig\\TokenParser\\BlockTokenParser->parse(Object(Twig\\Token))\n#1 /var/www/html/vendor/twig/twig/src/Parser.php(98): Twig\\Parser->subparse(NULL, false)\n#2 /var/www/html/vendor/twig/twig/src/Environment.php(563): Twig\\Parser->parse(Object(Twig\\TokenStream))\n#3 /var/www/html/vendor/twig/twig/src/Environment.php(595): Twig\\Environment->parse(Object(Twig\\TokenStream))\n#4 /var/www/html/web/core/lib/Drupal/Core/Template/TwigEnvironment.php(132): Twig\\Environment->compileSource(Object(Twig\\Source))\n#5 /var/www/html/vendor/twig/twig/src/Environment.php(408): Drupal\\Core\\Template\\TwigEnvironment->compileSource(Object(Twig\\Source))\n#6 /var/www/html/vendor/twig/twig/src/Environment.php(381): Twig\\Environment->loadClass(\'__TwigTemplate_...\', \'themes/custom/H...\', NULL)\n#7 /var/www/html/web/core/themes/engines/twig/twig.engine(65): Twig\\Environment->loadTemplate(\'themes/custom/H...\')\n#8 /var/www/html/web/core/lib/Drupal/Core/Theme/ThemeManager.php(384): twig_render_template(\'themes/custom/H...\', Array)\n#9 /var/www/html/web/core/lib/Drupal/Core/Render/Renderer.php(436): Drupal\\Core\\Theme\\ThemeManager->render(\'block\', Array)\n#10 /var/www/html/web/core/lib/Drupal/Core/Render/Renderer.php(449): Drupal\\Core\\Render\\Renderer->doRender(Array)\n#11 /var/www/html/web/core/lib/Drupal/Core/Render/Renderer.php(201): Drupal\\Core\\Render\\Renderer->doRender(Array, false)\n#12 /var/www/html/web/core/lib/Drupal/Core/Template/TwigExtension.php(450): Drupal\\Core\\Render\\Renderer->render(Array)\n#13 /var/www/html/web/sites/default/files/php/twig/61c08dce2483b_page.html.twig_SgF1QO6FcT6rK57qGmWideGpE/miatv_sjHQaGuLJ-bgtU5HDtn7kW4Pg_0DdefDjO62s.php(94): Drupal\\Core\\Template\\TwigExtension->escapeFilter(Object(Drupal\\Core\\Template\\TwigEnvironment), Array, \'html\', NULL, true)\n#14 /var/www/html/vendor/twig/twig/src/Template.php(405): __TwigTemplate_7ce95cb9d8dde2b5aec557cfa13d2e8d1e3ffa9e62ca53bd229d3e7067da8702->doDisplay(Array, Array)\n#15 /var/www/html/vendor/twig/twig/src/Template.php(378): Twig\\Template->displayWithErrorHandling(Array, Array)\n#16 /var/www/html/vendor/twig/twig/src/Template.php(390): Twig\\Template->display(Array)\n#17 /var/www/html/web/core/themes/engines/twig/twig.engine(65): Twig\\Template->render(Array)\n#18 /var/www/html/web/core/lib/Drupal/Core/Theme/ThemeManager.php(384): twig_render_template(\'themes/custom/H...\', Array)\n#19 /var/www/html/web/core/lib/Drupal/Core/Render/Renderer.php(436): Drupal\\Core\\Theme\\ThemeManager->render(\'page\', Array)\n#20 /var/www/html/web/core/lib/Drupal/Core/Render/Renderer.php(201): Drupal\\Core\\Render\\Renderer->doRender(Array, false)\n#21 /var/www/html/web/core/lib/Drupal/Core/Template/TwigExtension.php(450): Drupal\\Core\\Render\\Renderer->render(Array)\n#22 /var/www/html/web/sites/default/files/php/twig/61c08dce2483b_html.html.twig_ySNMplmhTid6PQ-kZRUAWchP4/Er4TngVTSXoB5XrHyc5bEGSnD8J43E3AD6A0akK2Fe0.php(80): Drupal\\Core\\Template\\TwigExtension->escapeFilter(Object(Drupal\\Core\\Template\\TwigEnvironment), Array, \'html\', NULL, true)\n#23 /var/www/html/vendor/twig/twig/src/Template.php(405): __TwigTemplate_135a391e36e6b17745806cd17eb7f0b490ab6e4430e8e1de27e56da0e39e208d->doDisplay(Array, Array)\n#24 /var/www/html/vendor/twig/twig/src/Template.php(378): Twig\\Template->displayWithErrorHandling(Array, Array)\n#25 /var/www/html/vendor/twig/twig/src/Template.php(390): Twig\\Template->display(Array)\n#26 /var/www/html/web/core/themes/engines/twig/twig.engine(65): Twig\\Template->render(Array)\n#27 /var/www/html/web/core/lib/Drupal/Core/Theme/ThemeManager.php(384): twig_render_template(\'core/themes/sta...\', Array)\n#28 /var/www/html/web/core/lib/Drupal/Core/Render/Renderer.php(436): Drupal\\Core\\Theme\\ThemeManager->render(\'html\', Array)\n#29 /var/www/html/web/core/lib/Drupal/Core/Render/Renderer.php(201): Drupal\\Core\\Render\\Renderer->doRender(Array, false)\n#30 /var/www/html/web/core/lib/Drupal/Core/Render/MainContent/HtmlRenderer.php(162): Drupal\\Core\\Render\\Renderer->render(Array)\n#31 /var/www/html/web/core/lib/Drupal/Core/Render/Renderer.php(578): Drupal\\Core\\Render\\MainContent\\HtmlRenderer->Drupal\\Core\\Render\\MainContent\\{closure}()\n#32 /var/www/html/web/core/lib/Drupal/Core/Render/MainContent/HtmlRenderer.php(163): Drupal\\Core\\Render\\Renderer->executeInRenderContext(Object(Drupal\\Core\\Render\\RenderContext), Object(Closure))\n#33 /var/www/html/web/core/lib/Drupal/Core/EventSubscriber/MainContentViewSubscriber.php(90): Drupal\\Core\\Render\\MainContent\\HtmlRenderer->renderResponse(Array, Object(Symfony\\Component\\HttpFoundation\\Request), Object(Drupal\\Core\\Routing\\CurrentRouteMatch))\n#34 [internal function]: Drupal\\Core\\EventSubscriber\\MainContentViewSubscriber->onViewRenderArray(Object(Symfony\\Component\\HttpKernel\\Event\\ViewEvent), \'kernel.view\', Object(Drupal\\Component\\EventDispatcher\\ContainerAwareEventDispatcher))\n#35 /var/www/html/web/core/lib/Drupal/Component/EventDispatcher/ContainerAwareEventDispatcher.php(142): call_user_func(Array, Object(Symfony\\Component\\HttpKernel\\Event\\ViewEvent), \'kernel.view\', Object(Drupal\\Component\\EventDispatcher\\ContainerAwareEventDispatcher))\n#36 /var/www/html/vendor/symfony/http-kernel/HttpKernel.php(163): Drupal\\Component\\EventDispatcher\\ContainerAwareEventDispatcher->dispatch(Object(Symfony\\Component\\HttpKernel\\Event\\ViewEvent), \'kernel.view\')\n#37 /var/www/html/vendor/symfony/http-kernel/HttpKernel.php(80): Symfony\\Component\\HttpKernel\\HttpKernel->handleRaw(Object(Symfony\\Component\\HttpFoundation\\Request), 1)\n#38 /var/www/html/web/core/lib/Drupal/Core/StackMiddleware/Session.php(57): Symfony\\Component\\HttpKernel\\HttpKernel->handle(Object(Symfony\\Component\\HttpFoundation\\Request), 1, true)\n#39 /var/www/html/web/core/lib/Drupal/Core/StackMiddleware/KernelPreHandle.php(47): Drupal\\Core\\StackMiddleware\\Session->handle(Object(Symfony\\Component\\HttpFoundation\\Request), 1, true)\n#40 /var/www/html/web/core/modules/page_cache/src/StackMiddleware/PageCache.php(191): Drupal\\Core\\StackMiddleware\\KernelPreHandle->handle(Object(Symfony\\Component\\HttpFoundation\\Request), 1, true)\n#41 /var/www/html/web/core/modules/page_cache/src/StackMiddleware/PageCache.php(128): Drupal\\page_cache\\StackMiddleware\\PageCache->fetch(Object(Symfony\\Component\\HttpFoundation\\Request), 1, true)\n#42 /var/www/html/web/core/modules/page_cache/src/StackMiddleware/PageCache.php(82): Drupal\\page_cache\\StackMiddleware\\PageCache->lookup(Object(Symfony\\Component\\HttpFoundation\\Request), 1, true)\n#43 /var/www/html/web/core/lib/Drupal/Core/StackMiddleware/ReverseProxyMiddleware.php(47): Drupal\\page_cache\\StackMiddleware\\PageCache->handle(Object(Symfony\\Component\\HttpFoundation\\Request), 1, true)\n#44 /var/www/html/web/core/lib/Drupal/Core/StackMiddleware/NegotiationMiddleware.php(52): Drupal\\Core\\StackMiddleware\\ReverseProxyMiddleware->handle(Object(Symfony\\Component\\HttpFoundation\\Request), 1, true)\n#45 /var/www/html/vendor/stack/builder/src/Stack/StackedHttpKernel.php(23): Drupal\\Core\\StackMiddleware\\NegotiationMiddleware->handle(Object(Symfony\\Component\\HttpFoundation\\Request), 1, true)\n#46 /var/www/html/web/core/lib/Drupal/Core/DrupalKernel.php(717): Stack\\StackedHttpKernel->handle(Object(Symfony\\Component\\HttpFoundation\\Request), 1, true)\n#47 /var/www/html/web/index.php(19): Drupal\\Core\\DrupalKernel->handle(Object(Symfony\\Component\\HttpFoundation\\Request))\n#48 {main}\";}',3,'','https://hed-9lts.ddev.site/accueil','https://hed-9lts.ddev.site/domotique','172.18.0.6',1640009184),(2241,0,'php','%type: @message in %function (line %line of %file).','a:6:{s:5:\"%type\";s:22:\"Twig\\Error\\SyntaxError\";s:8:\"@message\";s:53:\"The block \'content\' has already been defined line 42.\";s:9:\"%function\";s:42:\"Twig\\TokenParser\\BlockTokenParser->parse()\";s:5:\"%file\";s:101:\"/var/www/html/web/themes/custom/HEDsite/templates/block/block--views-block--welcome-block-1.html.twig\";s:5:\"%line\";i:59;s:17:\"@backtrace_string\";s:7331:\"#0 /var/www/html/vendor/twig/twig/src/Parser.php(185): Twig\\TokenParser\\BlockTokenParser->parse(Object(Twig\\Token))\n#1 /var/www/html/vendor/twig/twig/src/Parser.php(98): Twig\\Parser->subparse(NULL, false)\n#2 /var/www/html/vendor/twig/twig/src/Environment.php(563): Twig\\Parser->parse(Object(Twig\\TokenStream))\n#3 /var/www/html/vendor/twig/twig/src/Environment.php(595): Twig\\Environment->parse(Object(Twig\\TokenStream))\n#4 /var/www/html/web/core/lib/Drupal/Core/Template/TwigEnvironment.php(132): Twig\\Environment->compileSource(Object(Twig\\Source))\n#5 /var/www/html/vendor/twig/twig/src/Environment.php(408): Drupal\\Core\\Template\\TwigEnvironment->compileSource(Object(Twig\\Source))\n#6 /var/www/html/vendor/twig/twig/src/Environment.php(381): Twig\\Environment->loadClass(\'__TwigTemplate_...\', \'themes/custom/H...\', NULL)\n#7 /var/www/html/web/core/themes/engines/twig/twig.engine(65): Twig\\Environment->loadTemplate(\'themes/custom/H...\')\n#8 /var/www/html/web/core/lib/Drupal/Core/Theme/ThemeManager.php(384): twig_render_template(\'themes/custom/H...\', Array)\n#9 /var/www/html/web/core/lib/Drupal/Core/Render/Renderer.php(436): Drupal\\Core\\Theme\\ThemeManager->render(\'block\', Array)\n#10 /var/www/html/web/core/lib/Drupal/Core/Render/Renderer.php(449): Drupal\\Core\\Render\\Renderer->doRender(Array)\n#11 /var/www/html/web/core/lib/Drupal/Core/Render/Renderer.php(201): Drupal\\Core\\Render\\Renderer->doRender(Array, false)\n#12 /var/www/html/web/core/lib/Drupal/Core/Template/TwigExtension.php(450): Drupal\\Core\\Render\\Renderer->render(Array)\n#13 /var/www/html/web/sites/default/files/php/twig/61c08e05cdf53_page.html.twig_SgF1QO6FcT6rK57qGmWideGpE/O1PYcrdw3JFdoN7KGhWz_vJROEMRWIyNUryCoqyfNlM.php(94): Drupal\\Core\\Template\\TwigExtension->escapeFilter(Object(Drupal\\Core\\Template\\TwigEnvironment), Array, \'html\', NULL, true)\n#14 /var/www/html/vendor/twig/twig/src/Template.php(405): __TwigTemplate_7ce95cb9d8dde2b5aec557cfa13d2e8d1e3ffa9e62ca53bd229d3e7067da8702->doDisplay(Array, Array)\n#15 /var/www/html/vendor/twig/twig/src/Template.php(378): Twig\\Template->displayWithErrorHandling(Array, Array)\n#16 /var/www/html/vendor/twig/twig/src/Template.php(390): Twig\\Template->display(Array)\n#17 /var/www/html/web/core/themes/engines/twig/twig.engine(65): Twig\\Template->render(Array)\n#18 /var/www/html/web/core/lib/Drupal/Core/Theme/ThemeManager.php(384): twig_render_template(\'themes/custom/H...\', Array)\n#19 /var/www/html/web/core/lib/Drupal/Core/Render/Renderer.php(436): Drupal\\Core\\Theme\\ThemeManager->render(\'page\', Array)\n#20 /var/www/html/web/core/lib/Drupal/Core/Render/Renderer.php(201): Drupal\\Core\\Render\\Renderer->doRender(Array, false)\n#21 /var/www/html/web/core/lib/Drupal/Core/Template/TwigExtension.php(450): Drupal\\Core\\Render\\Renderer->render(Array)\n#22 /var/www/html/web/sites/default/files/php/twig/61c08e05cdf53_html.html.twig_ySNMplmhTid6PQ-kZRUAWchP4/fQMwNwySJzmOwu9zcjKbbV22ieiehNw4C2cv-AxqR1w.php(80): Drupal\\Core\\Template\\TwigExtension->escapeFilter(Object(Drupal\\Core\\Template\\TwigEnvironment), Array, \'html\', NULL, true)\n#23 /var/www/html/vendor/twig/twig/src/Template.php(405): __TwigTemplate_135a391e36e6b17745806cd17eb7f0b490ab6e4430e8e1de27e56da0e39e208d->doDisplay(Array, Array)\n#24 /var/www/html/vendor/twig/twig/src/Template.php(378): Twig\\Template->displayWithErrorHandling(Array, Array)\n#25 /var/www/html/vendor/twig/twig/src/Template.php(390): Twig\\Template->display(Array)\n#26 /var/www/html/web/core/themes/engines/twig/twig.engine(65): Twig\\Template->render(Array)\n#27 /var/www/html/web/core/lib/Drupal/Core/Theme/ThemeManager.php(384): twig_render_template(\'core/themes/sta...\', Array)\n#28 /var/www/html/web/core/lib/Drupal/Core/Render/Renderer.php(436): Drupal\\Core\\Theme\\ThemeManager->render(\'html\', Array)\n#29 /var/www/html/web/core/lib/Drupal/Core/Render/Renderer.php(201): Drupal\\Core\\Render\\Renderer->doRender(Array, false)\n#30 /var/www/html/web/core/lib/Drupal/Core/Render/MainContent/HtmlRenderer.php(162): Drupal\\Core\\Render\\Renderer->render(Array)\n#31 /var/www/html/web/core/lib/Drupal/Core/Render/Renderer.php(578): Drupal\\Core\\Render\\MainContent\\HtmlRenderer->Drupal\\Core\\Render\\MainContent\\{closure}()\n#32 /var/www/html/web/core/lib/Drupal/Core/Render/MainContent/HtmlRenderer.php(163): Drupal\\Core\\Render\\Renderer->executeInRenderContext(Object(Drupal\\Core\\Render\\RenderContext), Object(Closure))\n#33 /var/www/html/web/core/lib/Drupal/Core/EventSubscriber/MainContentViewSubscriber.php(90): Drupal\\Core\\Render\\MainContent\\HtmlRenderer->renderResponse(Array, Object(Symfony\\Component\\HttpFoundation\\Request), Object(Drupal\\Core\\Routing\\CurrentRouteMatch))\n#34 [internal function]: Drupal\\Core\\EventSubscriber\\MainContentViewSubscriber->onViewRenderArray(Object(Symfony\\Component\\HttpKernel\\Event\\ViewEvent), \'kernel.view\', Object(Drupal\\Component\\EventDispatcher\\ContainerAwareEventDispatcher))\n#35 /var/www/html/web/core/lib/Drupal/Component/EventDispatcher/ContainerAwareEventDispatcher.php(142): call_user_func(Array, Object(Symfony\\Component\\HttpKernel\\Event\\ViewEvent), \'kernel.view\', Object(Drupal\\Component\\EventDispatcher\\ContainerAwareEventDispatcher))\n#36 /var/www/html/vendor/symfony/http-kernel/HttpKernel.php(163): Drupal\\Component\\EventDispatcher\\ContainerAwareEventDispatcher->dispatch(Object(Symfony\\Component\\HttpKernel\\Event\\ViewEvent), \'kernel.view\')\n#37 /var/www/html/vendor/symfony/http-kernel/HttpKernel.php(80): Symfony\\Component\\HttpKernel\\HttpKernel->handleRaw(Object(Symfony\\Component\\HttpFoundation\\Request), 1)\n#38 /var/www/html/web/core/lib/Drupal/Core/StackMiddleware/Session.php(57): Symfony\\Component\\HttpKernel\\HttpKernel->handle(Object(Symfony\\Component\\HttpFoundation\\Request), 1, true)\n#39 /var/www/html/web/core/lib/Drupal/Core/StackMiddleware/KernelPreHandle.php(47): Drupal\\Core\\StackMiddleware\\Session->handle(Object(Symfony\\Component\\HttpFoundation\\Request), 1, true)\n#40 /var/www/html/web/core/modules/page_cache/src/StackMiddleware/PageCache.php(191): Drupal\\Core\\StackMiddleware\\KernelPreHandle->handle(Object(Symfony\\Component\\HttpFoundation\\Request), 1, true)\n#41 /var/www/html/web/core/modules/page_cache/src/StackMiddleware/PageCache.php(128): Drupal\\page_cache\\StackMiddleware\\PageCache->fetch(Object(Symfony\\Component\\HttpFoundation\\Request), 1, true)\n#42 /var/www/html/web/core/modules/page_cache/src/StackMiddleware/PageCache.php(82): Drupal\\page_cache\\StackMiddleware\\PageCache->lookup(Object(Symfony\\Component\\HttpFoundation\\Request), 1, true)\n#43 /var/www/html/web/core/lib/Drupal/Core/StackMiddleware/ReverseProxyMiddleware.php(47): Drupal\\page_cache\\StackMiddleware\\PageCache->handle(Object(Symfony\\Component\\HttpFoundation\\Request), 1, true)\n#44 /var/www/html/web/core/lib/Drupal/Core/StackMiddleware/NegotiationMiddleware.php(52): Drupal\\Core\\StackMiddleware\\ReverseProxyMiddleware->handle(Object(Symfony\\Component\\HttpFoundation\\Request), 1, true)\n#45 /var/www/html/vendor/stack/builder/src/Stack/StackedHttpKernel.php(23): Drupal\\Core\\StackMiddleware\\NegotiationMiddleware->handle(Object(Symfony\\Component\\HttpFoundation\\Request), 1, true)\n#46 /var/www/html/web/core/lib/Drupal/Core/DrupalKernel.php(717): Stack\\StackedHttpKernel->handle(Object(Symfony\\Component\\HttpFoundation\\Request), 1, true)\n#47 /var/www/html/web/index.php(19): Drupal\\Core\\DrupalKernel->handle(Object(Symfony\\Component\\HttpFoundation\\Request))\n#48 {main}\";}',3,'','https://hed-9lts.ddev.site/accueil','https://hed-9lts.ddev.site/domotique','172.18.0.6',1640009235),(2242,1,'content','@type: added %title.','a:2:{s:5:\"@type\";s:11:\"page_double\";s:6:\"%title\";s:9:\"WHOWE ARE\";}',5,'<a href=\"/node/98\" hreflang=\"fr\">Voir</a>','https://hed-9lts.ddev.site/node/add/page_double','https://hed-9lts.ddev.site/node/add/page_double','172.18.0.6',1640010067),(2243,0,'cron','Starting execution of @module_cron().','a:1:{s:7:\"@module\";s:7:\"comment\";}',6,'','https://hed-9lts.ddev.site/admin/content','https://hed-9lts.ddev.site/admin/content','172.18.0.6',1640091892),(2244,0,'cron','Starting execution of @module_cron(), execution of @module_previous_cron() took @time.','a:3:{s:7:\"@module\";s:5:\"dblog\";s:16:\"@module_previous\";s:7:\"comment\";s:5:\"@time\";s:6:\"0.62ms\";}',6,'','https://hed-9lts.ddev.site/admin/content','https://hed-9lts.ddev.site/admin/content','172.18.0.6',1640091892),(2245,0,'cron','Starting execution of @module_cron(), execution of @module_previous_cron() took @time.','a:3:{s:7:\"@module\";s:5:\"field\";s:16:\"@module_previous\";s:5:\"dblog\";s:5:\"@time\";s:6:\"2.81ms\";}',6,'','https://hed-9lts.ddev.site/admin/content','https://hed-9lts.ddev.site/admin/content','172.18.0.6',1640091892),(2246,0,'cron','Starting execution of @module_cron(), execution of @module_previous_cron() took @time.','a:3:{s:7:\"@module\";s:4:\"file\";s:16:\"@module_previous\";s:5:\"field\";s:5:\"@time\";s:6:\"1.85ms\";}',6,'','https://hed-9lts.ddev.site/admin/content','https://hed-9lts.ddev.site/admin/content','172.18.0.6',1640091892),(2247,0,'cron','Starting execution of @module_cron(), execution of @module_previous_cron() took @time.','a:3:{s:7:\"@module\";s:7:\"history\";s:16:\"@module_previous\";s:4:\"file\";s:5:\"@time\";s:6:\"2.95ms\";}',6,'','https://hed-9lts.ddev.site/admin/content','https://hed-9lts.ddev.site/admin/content','172.18.0.6',1640091892),(2248,0,'cron','Starting execution of @module_cron(), execution of @module_previous_cron() took @time.','a:3:{s:7:\"@module\";s:14:\"layout_builder\";s:16:\"@module_previous\";s:7:\"history\";s:5:\"@time\";s:6:\"0.18ms\";}',6,'','https://hed-9lts.ddev.site/admin/content','https://hed-9lts.ddev.site/admin/content','172.18.0.6',1640091892),(2249,0,'cron','Starting execution of @module_cron(), execution of @module_previous_cron() took @time.','a:3:{s:7:\"@module\";s:6:\"locale\";s:16:\"@module_previous\";s:14:\"layout_builder\";s:5:\"@time\";s:6:\"2.94ms\";}',6,'','https://hed-9lts.ddev.site/admin/content','https://hed-9lts.ddev.site/admin/content','172.18.0.6',1640091892),(2250,0,'cron','Starting execution of @module_cron(), execution of @module_previous_cron() took @time.','a:3:{s:7:\"@module\";s:4:\"node\";s:16:\"@module_previous\";s:6:\"locale\";s:5:\"@time\";s:6:\"0.02ms\";}',6,'','https://hed-9lts.ddev.site/admin/content','https://hed-9lts.ddev.site/admin/content','172.18.0.6',1640091892),(2251,0,'cron','Starting execution of @module_cron(), execution of @module_previous_cron() took @time.','a:3:{s:7:\"@module\";s:6:\"search\";s:16:\"@module_previous\";s:4:\"node\";s:5:\"@time\";s:3:\"1ms\";}',6,'','https://hed-9lts.ddev.site/admin/content','https://hed-9lts.ddev.site/admin/content','172.18.0.6',1640091892),(2252,0,'cron','Starting execution of @module_cron(), execution of @module_previous_cron() took @time.','a:3:{s:7:\"@module\";s:6:\"system\";s:16:\"@module_previous\";s:6:\"search\";s:5:\"@time\";s:7:\"159.9ms\";}',6,'','https://hed-9lts.ddev.site/admin/content','https://hed-9lts.ddev.site/admin/content','172.18.0.6',1640091892),(2253,0,'cron','Starting execution of @module_cron(), execution of @module_previous_cron() took @time.','a:3:{s:7:\"@module\";s:6:\"update\";s:16:\"@module_previous\";s:6:\"system\";s:5:\"@time\";s:8:\"116.59ms\";}',6,'','https://hed-9lts.ddev.site/admin/content','https://hed-9lts.ddev.site/admin/content','172.18.0.6',1640091892),(2254,0,'cron','Execution of @module_previous_cron() took @time.','a:2:{s:16:\"@module_previous\";s:6:\"update\";s:5:\"@time\";s:8:\"192.78ms\";}',6,'','https://hed-9lts.ddev.site/admin/content','https://hed-9lts.ddev.site/admin/content','172.18.0.6',1640091892),(2255,0,'cron','Cron run completed.','a:0:{}',6,'','https://hed-9lts.ddev.site/admin/content','https://hed-9lts.ddev.site/admin/content','172.18.0.6',1640091892),(2256,0,'cron','Starting execution of @module_cron().','a:1:{s:7:\"@module\";s:7:\"comment\";}',6,'','https://hed-9lts.ddev.site/admin/structure/views/view/who_we_are','https://hed-9lts.ddev.site/admin/structure/views/view/who_we_are','172.18.0.6',1640160922),(2257,0,'cron','Starting execution of @module_cron(), execution of @module_previous_cron() took @time.','a:3:{s:7:\"@module\";s:5:\"dblog\";s:16:\"@module_previous\";s:7:\"comment\";s:5:\"@time\";s:6:\"1.01ms\";}',6,'','https://hed-9lts.ddev.site/admin/structure/views/view/who_we_are','https://hed-9lts.ddev.site/admin/structure/views/view/who_we_are','172.18.0.6',1640160922),(2258,0,'cron','Starting execution of @module_cron(), execution of @module_previous_cron() took @time.','a:3:{s:7:\"@module\";s:5:\"field\";s:16:\"@module_previous\";s:5:\"dblog\";s:5:\"@time\";s:6:\"8.02ms\";}',6,'','https://hed-9lts.ddev.site/admin/structure/views/view/who_we_are','https://hed-9lts.ddev.site/admin/structure/views/view/who_we_are','172.18.0.6',1640160922),(2259,0,'cron','Starting execution of @module_cron(), execution of @module_previous_cron() took @time.','a:3:{s:7:\"@module\";s:4:\"file\";s:16:\"@module_previous\";s:5:\"field\";s:5:\"@time\";s:6:\"1.72ms\";}',6,'','https://hed-9lts.ddev.site/admin/structure/views/view/who_we_are','https://hed-9lts.ddev.site/admin/structure/views/view/who_we_are','172.18.0.6',1640160922),(2260,0,'cron','Starting execution of @module_cron(), execution of @module_previous_cron() took @time.','a:3:{s:7:\"@module\";s:7:\"history\";s:16:\"@module_previous\";s:4:\"file\";s:5:\"@time\";s:6:\"9.21ms\";}',6,'','https://hed-9lts.ddev.site/admin/structure/views/view/who_we_are','https://hed-9lts.ddev.site/admin/structure/views/view/who_we_are','172.18.0.6',1640160922),(2261,0,'cron','Starting execution of @module_cron(), execution of @module_previous_cron() took @time.','a:3:{s:7:\"@module\";s:14:\"layout_builder\";s:16:\"@module_previous\";s:7:\"history\";s:5:\"@time\";s:6:\"0.22ms\";}',6,'','https://hed-9lts.ddev.site/admin/structure/views/view/who_we_are','https://hed-9lts.ddev.site/admin/structure/views/view/who_we_are','172.18.0.6',1640160922),(2262,0,'cron','Starting execution of @module_cron(), execution of @module_previous_cron() took @time.','a:3:{s:7:\"@module\";s:6:\"locale\";s:16:\"@module_previous\";s:14:\"layout_builder\";s:5:\"@time\";s:7:\"10.91ms\";}',6,'','https://hed-9lts.ddev.site/admin/structure/views/view/who_we_are','https://hed-9lts.ddev.site/admin/structure/views/view/who_we_are','172.18.0.6',1640160922),(2263,0,'cron','Starting execution of @module_cron(), execution of @module_previous_cron() took @time.','a:3:{s:7:\"@module\";s:4:\"node\";s:16:\"@module_previous\";s:6:\"locale\";s:5:\"@time\";s:6:\"0.03ms\";}',6,'','https://hed-9lts.ddev.site/admin/structure/views/view/who_we_are','https://hed-9lts.ddev.site/admin/structure/views/view/who_we_are','172.18.0.6',1640160922),(2264,0,'cron','Starting execution of @module_cron(), execution of @module_previous_cron() took @time.','a:3:{s:7:\"@module\";s:6:\"search\";s:16:\"@module_previous\";s:4:\"node\";s:5:\"@time\";s:6:\"2.85ms\";}',6,'','https://hed-9lts.ddev.site/admin/structure/views/view/who_we_are','https://hed-9lts.ddev.site/admin/structure/views/view/who_we_are','172.18.0.6',1640160922),(2265,0,'cron','Starting execution of @module_cron(), execution of @module_previous_cron() took @time.','a:3:{s:7:\"@module\";s:6:\"system\";s:16:\"@module_previous\";s:6:\"search\";s:5:\"@time\";s:7:\"10.28ms\";}',6,'','https://hed-9lts.ddev.site/admin/structure/views/view/who_we_are','https://hed-9lts.ddev.site/admin/structure/views/view/who_we_are','172.18.0.6',1640160922),(2266,0,'cron','Starting execution of @module_cron(), execution of @module_previous_cron() took @time.','a:3:{s:7:\"@module\";s:6:\"update\";s:16:\"@module_previous\";s:6:\"system\";s:5:\"@time\";s:8:\"270.81ms\";}',6,'','https://hed-9lts.ddev.site/admin/structure/views/view/who_we_are','https://hed-9lts.ddev.site/admin/structure/views/view/who_we_are','172.18.0.6',1640160923),(2267,0,'cron','Execution of @module_previous_cron() took @time.','a:2:{s:16:\"@module_previous\";s:6:\"update\";s:5:\"@time\";s:6:\"4.95ms\";}',6,'','https://hed-9lts.ddev.site/admin/structure/views/view/who_we_are','https://hed-9lts.ddev.site/admin/structure/views/view/who_we_are','172.18.0.6',1640160923),(2268,0,'cron','Cron run completed.','a:0:{}',6,'','https://hed-9lts.ddev.site/admin/structure/views/view/who_we_are','https://hed-9lts.ddev.site/admin/structure/views/view/who_we_are','172.18.0.6',1640160923),(2269,0,'cron','Starting execution of @module_cron().','a:1:{s:7:\"@module\";s:7:\"comment\";}',6,'','https://hed-9lts.ddev.site/admin/content','https://hed-9lts.ddev.site/admin/content','172.18.0.6',1640245390),(2270,0,'cron','Starting execution of @module_cron(), execution of @module_previous_cron() took @time.','a:3:{s:7:\"@module\";s:5:\"dblog\";s:16:\"@module_previous\";s:7:\"comment\";s:5:\"@time\";s:6:\"2.77ms\";}',6,'','https://hed-9lts.ddev.site/admin/content','https://hed-9lts.ddev.site/admin/content','172.18.0.6',1640245390),(2271,0,'cron','Starting execution of @module_cron(), execution of @module_previous_cron() took @time.','a:3:{s:7:\"@module\";s:5:\"field\";s:16:\"@module_previous\";s:5:\"dblog\";s:5:\"@time\";s:6:\"3.36ms\";}',6,'','https://hed-9lts.ddev.site/admin/content','https://hed-9lts.ddev.site/admin/content','172.18.0.6',1640245390),(2272,0,'cron','Starting execution of @module_cron(), execution of @module_previous_cron() took @time.','a:3:{s:7:\"@module\";s:4:\"file\";s:16:\"@module_previous\";s:5:\"field\";s:5:\"@time\";s:6:\"2.35ms\";}',6,'','https://hed-9lts.ddev.site/admin/content','https://hed-9lts.ddev.site/admin/content','172.18.0.6',1640245391),(2273,0,'cron','Starting execution of @module_cron(), execution of @module_previous_cron() took @time.','a:3:{s:7:\"@module\";s:7:\"history\";s:16:\"@module_previous\";s:4:\"file\";s:5:\"@time\";s:6:\"4.26ms\";}',6,'','https://hed-9lts.ddev.site/admin/content','https://hed-9lts.ddev.site/admin/content','172.18.0.6',1640245391),(2274,0,'cron','Starting execution of @module_cron(), execution of @module_previous_cron() took @time.','a:3:{s:7:\"@module\";s:14:\"layout_builder\";s:16:\"@module_previous\";s:7:\"history\";s:5:\"@time\";s:6:\"0.35ms\";}',6,'','https://hed-9lts.ddev.site/admin/content','https://hed-9lts.ddev.site/admin/content','172.18.0.6',1640245391),(2275,0,'cron','Starting execution of @module_cron(), execution of @module_previous_cron() took @time.','a:3:{s:7:\"@module\";s:6:\"locale\";s:16:\"@module_previous\";s:14:\"layout_builder\";s:5:\"@time\";s:6:\"3.51ms\";}',6,'','https://hed-9lts.ddev.site/admin/content','https://hed-9lts.ddev.site/admin/content','172.18.0.6',1640245391),(2276,0,'cron','Starting execution of @module_cron(), execution of @module_previous_cron() took @time.','a:3:{s:7:\"@module\";s:4:\"node\";s:16:\"@module_previous\";s:6:\"locale\";s:5:\"@time\";s:6:\"0.02ms\";}',6,'','https://hed-9lts.ddev.site/admin/content','https://hed-9lts.ddev.site/admin/content','172.18.0.6',1640245391),(2277,0,'cron','Starting execution of @module_cron(), execution of @module_previous_cron() took @time.','a:3:{s:7:\"@module\";s:6:\"search\";s:16:\"@module_previous\";s:4:\"node\";s:5:\"@time\";s:5:\"1.3ms\";}',6,'','https://hed-9lts.ddev.site/admin/content','https://hed-9lts.ddev.site/admin/content','172.18.0.6',1640245391),(2278,0,'cron','Starting execution of @module_cron(), execution of @module_previous_cron() took @time.','a:3:{s:7:\"@module\";s:6:\"system\";s:16:\"@module_previous\";s:6:\"search\";s:5:\"@time\";s:6:\"3.53ms\";}',6,'','https://hed-9lts.ddev.site/admin/content','https://hed-9lts.ddev.site/admin/content','172.18.0.6',1640245391),(2279,0,'cron','Starting execution of @module_cron(), execution of @module_previous_cron() took @time.','a:3:{s:7:\"@module\";s:6:\"update\";s:16:\"@module_previous\";s:6:\"system\";s:5:\"@time\";s:7:\"61.75ms\";}',6,'','https://hed-9lts.ddev.site/admin/content','https://hed-9lts.ddev.site/admin/content','172.18.0.6',1640245391),(2280,0,'cron','Execution of @module_previous_cron() took @time.','a:2:{s:16:\"@module_previous\";s:6:\"update\";s:5:\"@time\";s:8:\"389.55ms\";}',6,'','https://hed-9lts.ddev.site/admin/content','https://hed-9lts.ddev.site/admin/content','172.18.0.6',1640245391),(2281,0,'cron','Cron run completed.','a:0:{}',6,'','https://hed-9lts.ddev.site/admin/content','https://hed-9lts.ddev.site/admin/content','172.18.0.6',1640245391),(2282,1,'content','@type: added %title.','a:2:{s:5:\"@type\";s:7:\"article\";s:6:\"%title\";s:16:\"Vintage Handmade\";}',5,'<a href=\"/node/99\" hreflang=\"fr\">Voir</a>','https://hed-9lts.ddev.site/node/add/article','https://hed-9lts.ddev.site/node/add/article','172.18.0.6',1640245602),(2283,1,'content','@type: added %title.','a:2:{s:5:\"@type\";s:7:\"article\";s:6:\"%title\";s:8:\"Mountain\";}',5,'<a href=\"/node/100\" hreflang=\"fr\">Voir</a>','https://hed-9lts.ddev.site/node/add/article','https://hed-9lts.ddev.site/node/add/article','172.18.0.6',1640245648),(2284,1,'content','@type: added %title.','a:2:{s:5:\"@type\";s:7:\"article\";s:6:\"%title\";s:13:\"Ransom&Wilder\";}',5,'<a href=\"/node/101\" hreflang=\"fr\">Voir</a>','https://hed-9lts.ddev.site/node/add/article','https://hed-9lts.ddev.site/node/add/article','172.18.0.6',1640245694),(2285,1,'content','@type: added %title.','a:2:{s:5:\"@type\";s:7:\"article\";s:6:\"%title\";s:10:\"Mineapolis\";}',5,'<a href=\"/node/102\" hreflang=\"fr\">Voir</a>','https://hed-9lts.ddev.site/node/add/article','https://hed-9lts.ddev.site/node/add/article','172.18.0.6',1640245780),(2286,1,'content','@type: added %title.','a:2:{s:5:\"@type\";s:7:\"article\";s:6:\"%title\";s:11:\"Steak House\";}',5,'<a href=\"/node/103\" hreflang=\"fr\">Voir</a>','https://hed-9lts.ddev.site/node/add/article','https://hed-9lts.ddev.site/node/add/article','172.18.0.6',1640245992),(2287,1,'content','@type: added %title.','a:2:{s:5:\"@type\";s:7:\"article\";s:6:\"%title\";s:10:\"Collection\";}',5,'<a href=\"/node/104\" hreflang=\"fr\">Voir</a>','https://hed-9lts.ddev.site/node/add/article','https://hed-9lts.ddev.site/node/add/article','172.18.0.6',1640246048),(2288,1,'content','@type: added %title.','a:2:{s:5:\"@type\";s:7:\"article\";s:6:\"%title\";s:11:\"Shabby Chic\";}',5,'<a href=\"/node/105\" hreflang=\"fr\">Voir</a>','https://hed-9lts.ddev.site/node/add/article','https://hed-9lts.ddev.site/node/add/article','172.18.0.6',1640246220),(2289,1,'content','@type: updated %title.','a:2:{s:5:\"@type\";s:7:\"article\";s:6:\"%title\";s:10:\"Collection\";}',5,'<a href=\"/node/104\" hreflang=\"fr\">Voir</a>','https://hed-9lts.ddev.site/node/104/edit?destination=%2Fadmin%2Fcontent','https://hed-9lts.ddev.site/node/104/edit?destination=/admin/content','172.18.0.6',1640251755),(2290,0,'page not found','@uri','a:1:{s:4:\"@uri\";s:10:\"/undefined\";}',4,'','https://hed-9lts.ddev.site/undefined','https://hed-9lts.ddev.site/accueil','172.18.0.6',1640255025),(2291,0,'page not found','@uri','a:1:{s:4:\"@uri\";s:10:\"/undefined\";}',4,'','https://hed-9lts.ddev.site/undefined','https://hed-9lts.ddev.site/accueil','172.18.0.6',1640255096),(2292,1,'content','@type: added %title.','a:2:{s:5:\"@type\";s:7:\"article\";s:6:\"%title\";s:31:\"#1 Which Plan Is Right For Me ?\";}',5,'<a href=\"/node/106\" hreflang=\"fr\">Voir</a>','https://hed-9lts.ddev.site/node/add/article','https://hed-9lts.ddev.site/node/add/article','172.18.0.6',1640255920),(2293,1,'page not found','@uri','a:1:{s:4:\"@uri\";s:15:\"/node/undefined\";}',4,'','https://hed-9lts.ddev.site/node/undefined','https://hed-9lts.ddev.site/node/106','172.18.0.6',1640255922),(2294,1,'content','@type: added %title.','a:2:{s:5:\"@type\";s:7:\"article\";s:6:\"%title\";s:38:\"#2 What Payment Methods Are Available?\";}',5,'<a href=\"/node/107\" hreflang=\"fr\">Voir</a>','https://hed-9lts.ddev.site/node/add/article','https://hed-9lts.ddev.site/node/add/article','172.18.0.6',1640256012),(2295,1,'page not found','@uri','a:1:{s:4:\"@uri\";s:15:\"/node/undefined\";}',4,'','https://hed-9lts.ddev.site/node/undefined','https://hed-9lts.ddev.site/node/107','172.18.0.6',1640256013),(2296,1,'content','@type: updated %title.','a:2:{s:5:\"@type\";s:7:\"article\";s:6:\"%title\";s:39:\"#2 What Payment Methods Are Available ?\";}',5,'<a href=\"/node/107\" hreflang=\"fr\">Voir</a>','https://hed-9lts.ddev.site/node/107/edit?destination=%2Fadmin%2Fcontent','https://hed-9lts.ddev.site/node/107/edit?destination=/admin/content','172.18.0.6',1640256147),(2297,1,'content','@type: added %title.','a:2:{s:5:\"@type\";s:7:\"article\";s:6:\"%title\";s:34:\"#3 What if I pick the wrong plan ?\";}',5,'<a href=\"/node/108\" hreflang=\"fr\">Voir</a>','https://hed-9lts.ddev.site/node/add/article','https://hed-9lts.ddev.site/node/add/article','172.18.0.6',1640256178),(2298,1,'page not found','@uri','a:1:{s:4:\"@uri\";s:15:\"/node/undefined\";}',4,'','https://hed-9lts.ddev.site/node/undefined','https://hed-9lts.ddev.site/node/108','172.18.0.6',1640256179),(2299,0,'cron','Starting execution of @module_cron().','a:1:{s:7:\"@module\";s:7:\"comment\";}',6,'','https://hed-9lts.ddev.site/admin/structure','https://hed-9lts.ddev.site/node/108','172.18.0.6',1640256215),(2300,0,'cron','Starting execution of @module_cron(), execution of @module_previous_cron() took @time.','a:3:{s:7:\"@module\";s:5:\"dblog\";s:16:\"@module_previous\";s:7:\"comment\";s:5:\"@time\";s:6:\"0.73ms\";}',6,'','https://hed-9lts.ddev.site/admin/structure','https://hed-9lts.ddev.site/node/108','172.18.0.6',1640256215),(2301,0,'cron','Starting execution of @module_cron(), execution of @module_previous_cron() took @time.','a:3:{s:7:\"@module\";s:5:\"field\";s:16:\"@module_previous\";s:5:\"dblog\";s:5:\"@time\";s:6:\"2.54ms\";}',6,'','https://hed-9lts.ddev.site/admin/structure','https://hed-9lts.ddev.site/node/108','172.18.0.6',1640256215),(2302,0,'cron','Starting execution of @module_cron(), execution of @module_previous_cron() took @time.','a:3:{s:7:\"@module\";s:4:\"file\";s:16:\"@module_previous\";s:5:\"field\";s:5:\"@time\";s:6:\"1.99ms\";}',6,'','https://hed-9lts.ddev.site/admin/structure','https://hed-9lts.ddev.site/node/108','172.18.0.6',1640256215),(2303,0,'cron','Starting execution of @module_cron(), execution of @module_previous_cron() took @time.','a:3:{s:7:\"@module\";s:7:\"history\";s:16:\"@module_previous\";s:4:\"file\";s:5:\"@time\";s:6:\"1.91ms\";}',6,'','https://hed-9lts.ddev.site/admin/structure','https://hed-9lts.ddev.site/node/108','172.18.0.6',1640256215),(2304,0,'cron','Starting execution of @module_cron(), execution of @module_previous_cron() took @time.','a:3:{s:7:\"@module\";s:14:\"layout_builder\";s:16:\"@module_previous\";s:7:\"history\";s:5:\"@time\";s:6:\"0.19ms\";}',6,'','https://hed-9lts.ddev.site/admin/structure','https://hed-9lts.ddev.site/node/108','172.18.0.6',1640256215),(2305,0,'cron','Starting execution of @module_cron(), execution of @module_previous_cron() took @time.','a:3:{s:7:\"@module\";s:6:\"locale\";s:16:\"@module_previous\";s:14:\"layout_builder\";s:5:\"@time\";s:5:\"1.5ms\";}',6,'','https://hed-9lts.ddev.site/admin/structure','https://hed-9lts.ddev.site/node/108','172.18.0.6',1640256215),(2306,0,'cron','Starting execution of @module_cron(), execution of @module_previous_cron() took @time.','a:3:{s:7:\"@module\";s:4:\"node\";s:16:\"@module_previous\";s:6:\"locale\";s:5:\"@time\";s:5:\"0.4ms\";}',6,'','https://hed-9lts.ddev.site/admin/structure','https://hed-9lts.ddev.site/node/108','172.18.0.6',1640256215),(2307,0,'cron','Starting execution of @module_cron(), execution of @module_previous_cron() took @time.','a:3:{s:7:\"@module\";s:6:\"search\";s:16:\"@module_previous\";s:4:\"node\";s:5:\"@time\";s:6:\"2.72ms\";}',6,'','https://hed-9lts.ddev.site/admin/structure','https://hed-9lts.ddev.site/node/108','172.18.0.6',1640256215),(2308,0,'cron','Starting execution of @module_cron(), execution of @module_previous_cron() took @time.','a:3:{s:7:\"@module\";s:6:\"system\";s:16:\"@module_previous\";s:6:\"search\";s:5:\"@time\";s:8:\"780.99ms\";}',6,'','https://hed-9lts.ddev.site/admin/structure','https://hed-9lts.ddev.site/node/108','172.18.0.6',1640256216),(2309,0,'cron','Starting execution of @module_cron(), execution of @module_previous_cron() took @time.','a:3:{s:7:\"@module\";s:6:\"update\";s:16:\"@module_previous\";s:6:\"system\";s:5:\"@time\";s:7:\"13.72ms\";}',6,'','https://hed-9lts.ddev.site/admin/structure','https://hed-9lts.ddev.site/node/108','172.18.0.6',1640256216),(2310,0,'cron','Execution of @module_previous_cron() took @time.','a:2:{s:16:\"@module_previous\";s:6:\"update\";s:5:\"@time\";s:6:\"3.03ms\";}',6,'','https://hed-9lts.ddev.site/admin/structure','https://hed-9lts.ddev.site/node/108','172.18.0.6',1640256216),(2311,0,'cron','Cron run completed.','a:0:{}',6,'','https://hed-9lts.ddev.site/admin/structure','https://hed-9lts.ddev.site/node/108','172.18.0.6',1640256216),(2312,1,'page not found','@uri','a:1:{s:4:\"@uri\";s:15:\"/node/undefined\";}',4,'','https://hed-9lts.ddev.site/node/undefined','https://hed-9lts.ddev.site/node/106','172.18.0.6',1640259501),(2313,0,'page not found','@uri','a:1:{s:4:\"@uri\";s:15:\"/node/undefined\";}',4,'','https://hed-9lts.ddev.site/node/undefined','https://hed-9lts.ddev.site/node/106','172.18.0.6',1640264979),(2314,0,'cron','Starting execution of @module_cron().','a:1:{s:7:\"@module\";s:7:\"comment\";}',6,'','https://hed-9lts.ddev.site/admin/structure','https://hed-9lts.ddev.site/admin/structure/views/view/faq','172.18.0.6',1640267099),(2315,0,'cron','Starting execution of @module_cron(), execution of @module_previous_cron() took @time.','a:3:{s:7:\"@module\";s:5:\"dblog\";s:16:\"@module_previous\";s:7:\"comment\";s:5:\"@time\";s:6:\"1.32ms\";}',6,'','https://hed-9lts.ddev.site/admin/structure','https://hed-9lts.ddev.site/admin/structure/views/view/faq','172.18.0.6',1640267099),(2316,0,'cron','Starting execution of @module_cron(), execution of @module_previous_cron() took @time.','a:3:{s:7:\"@module\";s:5:\"field\";s:16:\"@module_previous\";s:5:\"dblog\";s:5:\"@time\";s:6:\"3.79ms\";}',6,'','https://hed-9lts.ddev.site/admin/structure','https://hed-9lts.ddev.site/admin/structure/views/view/faq','172.18.0.6',1640267099),(2317,0,'cron','Starting execution of @module_cron(), execution of @module_previous_cron() took @time.','a:3:{s:7:\"@module\";s:4:\"file\";s:16:\"@module_previous\";s:5:\"field\";s:5:\"@time\";s:6:\"2.76ms\";}',6,'','https://hed-9lts.ddev.site/admin/structure','https://hed-9lts.ddev.site/admin/structure/views/view/faq','172.18.0.6',1640267099),(2318,0,'cron','Starting execution of @module_cron(), execution of @module_previous_cron() took @time.','a:3:{s:7:\"@module\";s:7:\"history\";s:16:\"@module_previous\";s:4:\"file\";s:5:\"@time\";s:6:\"2.31ms\";}',6,'','https://hed-9lts.ddev.site/admin/structure','https://hed-9lts.ddev.site/admin/structure/views/view/faq','172.18.0.6',1640267099),(2319,0,'cron','Starting execution of @module_cron(), execution of @module_previous_cron() took @time.','a:3:{s:7:\"@module\";s:14:\"layout_builder\";s:16:\"@module_previous\";s:7:\"history\";s:5:\"@time\";s:6:\"0.21ms\";}',6,'','https://hed-9lts.ddev.site/admin/structure','https://hed-9lts.ddev.site/admin/structure/views/view/faq','172.18.0.6',1640267099),(2320,0,'cron','Starting execution of @module_cron(), execution of @module_previous_cron() took @time.','a:3:{s:7:\"@module\";s:6:\"locale\";s:16:\"@module_previous\";s:14:\"layout_builder\";s:5:\"@time\";s:6:\"1.72ms\";}',6,'','https://hed-9lts.ddev.site/admin/structure','https://hed-9lts.ddev.site/admin/structure/views/view/faq','172.18.0.6',1640267099),(2321,0,'cron','Starting execution of @module_cron(), execution of @module_previous_cron() took @time.','a:3:{s:7:\"@module\";s:4:\"node\";s:16:\"@module_previous\";s:6:\"locale\";s:5:\"@time\";s:6:\"0.02ms\";}',6,'','https://hed-9lts.ddev.site/admin/structure','https://hed-9lts.ddev.site/admin/structure/views/view/faq','172.18.0.6',1640267099),(2322,0,'cron','Starting execution of @module_cron(), execution of @module_previous_cron() took @time.','a:3:{s:7:\"@module\";s:6:\"search\";s:16:\"@module_previous\";s:4:\"node\";s:5:\"@time\";s:6:\"2.79ms\";}',6,'','https://hed-9lts.ddev.site/admin/structure','https://hed-9lts.ddev.site/admin/structure/views/view/faq','172.18.0.6',1640267099),(2323,0,'cron','Starting execution of @module_cron(), execution of @module_previous_cron() took @time.','a:3:{s:7:\"@module\";s:6:\"system\";s:16:\"@module_previous\";s:6:\"search\";s:5:\"@time\";s:6:\"2.98ms\";}',6,'','https://hed-9lts.ddev.site/admin/structure','https://hed-9lts.ddev.site/admin/structure/views/view/faq','172.18.0.6',1640267099),(2324,0,'cron','Starting execution of @module_cron(), execution of @module_previous_cron() took @time.','a:3:{s:7:\"@module\";s:6:\"update\";s:16:\"@module_previous\";s:6:\"system\";s:5:\"@time\";s:8:\"175.98ms\";}',6,'','https://hed-9lts.ddev.site/admin/structure','https://hed-9lts.ddev.site/admin/structure/views/view/faq','172.18.0.6',1640267099),(2325,0,'cron','Execution of @module_previous_cron() took @time.','a:2:{s:16:\"@module_previous\";s:6:\"update\";s:5:\"@time\";s:6:\"4.97ms\";}',6,'','https://hed-9lts.ddev.site/admin/structure','https://hed-9lts.ddev.site/admin/structure/views/view/faq','172.18.0.6',1640267099),(2326,0,'cron','Cron run completed.','a:0:{}',6,'','https://hed-9lts.ddev.site/admin/structure','https://hed-9lts.ddev.site/admin/structure/views/view/faq','172.18.0.6',1640267100),(2327,1,'content','@type: updated %title.','a:2:{s:5:\"@type\";s:7:\"article\";s:6:\"%title\";s:16:\"Vintage Handmade\";}',5,'<a href=\"/node/99\" hreflang=\"fr\">Voir</a>','https://hed-9lts.ddev.site/node/99/edit?destination=%2Fadmin%2Fcontent','https://hed-9lts.ddev.site/node/99/edit?destination=/admin/content','172.18.0.6',1640270862),(2328,1,'content','@type: updated %title.','a:2:{s:5:\"@type\";s:7:\"article\";s:6:\"%title\";s:8:\"Mountain\";}',5,'<a href=\"/node/100\" hreflang=\"fr\">Voir</a>','https://hed-9lts.ddev.site/node/100/edit?destination=%2Fadmin%2Fcontent','https://hed-9lts.ddev.site/node/100/edit?destination=/admin/content','172.18.0.6',1640270884),(2329,1,'content','@type: updated %title.','a:2:{s:5:\"@type\";s:7:\"article\";s:6:\"%title\";s:13:\"Ransom&Wilder\";}',5,'<a href=\"/node/101\" hreflang=\"fr\">Voir</a>','https://hed-9lts.ddev.site/node/101/edit?destination=%2Fadmin%2Fcontent','https://hed-9lts.ddev.site/node/101/edit?destination=/admin/content','172.18.0.6',1640270901),(2330,1,'content','@type: updated %title.','a:2:{s:5:\"@type\";s:7:\"article\";s:6:\"%title\";s:10:\"Mineapolis\";}',5,'<a href=\"/node/102\" hreflang=\"fr\">Voir</a>','https://hed-9lts.ddev.site/node/102/edit?destination=%2Fadmin%2Fcontent','https://hed-9lts.ddev.site/node/102/edit?destination=/admin/content','172.18.0.6',1640270916),(2331,1,'content','@type: updated %title.','a:2:{s:5:\"@type\";s:7:\"article\";s:6:\"%title\";s:11:\"Steak House\";}',5,'<a href=\"/node/103\" hreflang=\"fr\">Voir</a>','https://hed-9lts.ddev.site/node/103/edit?destination=%2Fadmin%2Fcontent','https://hed-9lts.ddev.site/node/103/edit?destination=/admin/content','172.18.0.6',1640270934),(2332,1,'content','@type: updated %title.','a:2:{s:5:\"@type\";s:7:\"article\";s:6:\"%title\";s:11:\"Shabby Chic\";}',5,'<a href=\"/node/105\" hreflang=\"fr\">Voir</a>','https://hed-9lts.ddev.site/node/105/edit?destination=%2Fadmin%2Fcontent','https://hed-9lts.ddev.site/node/105/edit?destination=/admin/content','172.18.0.6',1640270973),(2333,1,'content','@type: updated %title.','a:2:{s:5:\"@type\";s:7:\"article\";s:6:\"%title\";s:10:\"Collection\";}',5,'<a href=\"/node/104\" hreflang=\"fr\">Voir</a>','https://hed-9lts.ddev.site/node/104/edit?destination=%2Fadmin%2Fcontent','https://hed-9lts.ddev.site/node/104/edit?destination=/admin/content','172.18.0.6',1640270991),(2334,0,'page not found','@uri','a:1:{s:4:\"@uri\";s:10:\"/undefined\";}',4,'','https://hed-9lts.ddev.site/undefined','https://hed-9lts.ddev.site/accueil','172.18.0.6',1640275024),(2335,0,'cron','Starting execution of @module_cron().','a:1:{s:7:\"@module\";s:7:\"comment\";}',6,'','https://hed-9lts.ddev.site/','','172.18.0.6',1641804059),(2336,0,'cron','Starting execution of @module_cron(), execution of @module_previous_cron() took @time.','a:3:{s:7:\"@module\";s:5:\"dblog\";s:16:\"@module_previous\";s:7:\"comment\";s:5:\"@time\";s:6:\"65.6ms\";}',6,'','https://hed-9lts.ddev.site/','','172.18.0.6',1641804059),(2337,0,'cron','Starting execution of @module_cron(), execution of @module_previous_cron() took @time.','a:3:{s:7:\"@module\";s:5:\"field\";s:16:\"@module_previous\";s:5:\"dblog\";s:5:\"@time\";s:8:\"126.15ms\";}',6,'','https://hed-9lts.ddev.site/','','172.18.0.6',1641804059),(2338,0,'cron','Starting execution of @module_cron(), execution of @module_previous_cron() took @time.','a:3:{s:7:\"@module\";s:4:\"file\";s:16:\"@module_previous\";s:5:\"field\";s:5:\"@time\";s:7:\"18.78ms\";}',6,'','https://hed-9lts.ddev.site/','','172.18.0.6',1641804059),(2339,0,'cron','Starting execution of @module_cron(), execution of @module_previous_cron() took @time.','a:3:{s:7:\"@module\";s:7:\"history\";s:16:\"@module_previous\";s:4:\"file\";s:5:\"@time\";s:7:\"69.06ms\";}',6,'','https://hed-9lts.ddev.site/','','172.18.0.6',1641804059),(2340,0,'cron','Starting execution of @module_cron(), execution of @module_previous_cron() took @time.','a:3:{s:7:\"@module\";s:14:\"layout_builder\";s:16:\"@module_previous\";s:7:\"history\";s:5:\"@time\";s:6:\"7.36ms\";}',6,'','https://hed-9lts.ddev.site/','','172.18.0.6',1641804059),(2341,0,'cron','Starting execution of @module_cron(), execution of @module_previous_cron() took @time.','a:3:{s:7:\"@module\";s:6:\"locale\";s:16:\"@module_previous\";s:14:\"layout_builder\";s:5:\"@time\";s:7:\"49.11ms\";}',6,'','https://hed-9lts.ddev.site/','','172.18.0.6',1641804059),(2342,0,'cron','Starting execution of @module_cron(), execution of @module_previous_cron() took @time.','a:3:{s:7:\"@module\";s:4:\"node\";s:16:\"@module_previous\";s:6:\"locale\";s:5:\"@time\";s:6:\"0.05ms\";}',6,'','https://hed-9lts.ddev.site/','','172.18.0.6',1641804059),(2343,0,'cron','Starting execution of @module_cron(), execution of @module_previous_cron() took @time.','a:3:{s:7:\"@module\";s:6:\"search\";s:16:\"@module_previous\";s:4:\"node\";s:5:\"@time\";s:7:\"60.23ms\";}',6,'','https://hed-9lts.ddev.site/','','172.18.0.6',1641804059),(2344,0,'cron','Starting execution of @module_cron(), execution of @module_previous_cron() took @time.','a:3:{s:7:\"@module\";s:6:\"system\";s:16:\"@module_previous\";s:6:\"search\";s:5:\"@time\";s:9:\"1368.78ms\";}',6,'','https://hed-9lts.ddev.site/','','172.18.0.6',1641804061),(2345,0,'cron','Starting execution of @module_cron(), execution of @module_previous_cron() took @time.','a:3:{s:7:\"@module\";s:6:\"update\";s:16:\"@module_previous\";s:6:\"system\";s:5:\"@time\";s:8:\"569.92ms\";}',6,'','https://hed-9lts.ddev.site/','','172.18.0.6',1641804061),(2346,0,'cron','Execution of @module_previous_cron() took @time.','a:2:{s:16:\"@module_previous\";s:6:\"update\";s:5:\"@time\";s:9:\"1129.46ms\";}',6,'','https://hed-9lts.ddev.site/','','172.18.0.6',1641804062),(2347,0,'cron','Cron run completed.','a:0:{}',6,'','https://hed-9lts.ddev.site/','','172.18.0.6',1641804062),(2348,1,'block','The @entity-type %label has been deleted.','a:2:{s:12:\"@entity-type\";O:48:\"Drupal\\Core\\StringTranslation\\TranslatableMarkup\":3:{s:9:\"\0*\0string\";s:5:\"block\";s:12:\"\0*\0arguments\";a:0:{}s:10:\"\0*\0options\";a:0:{}}s:6:\"%label\";O:48:\"Drupal\\Core\\StringTranslation\\TranslatableMarkup\":3:{s:9:\"\0*\0string\";s:15:\"@view: @display\";s:12:\"\0*\0arguments\";a:2:{s:5:\"@view\";s:10:\"WHO WE ARE\";s:8:\"@display\";s:5:\"Block\";}s:10:\"\0*\0options\";a:0:{}}}',5,'','https://hed-9lts.ddev.site/admin/structure/block/manage/views_block__who_we_are_block_1/delete?destination=%2Fadmin%2Fstructure%2Fblock','https://hed-9lts.ddev.site/admin/structure/block/manage/views_block__who_we_are_block_1/delete?destination=/admin/structure/block','172.18.0.6',1641805651),(2349,1,'content','@type: deleted %title.','a:2:{s:5:\"@type\";s:11:\"page_double\";s:6:\"%title\";s:9:\"WHOWE ARE\";}',5,'','https://hed-9lts.ddev.site/node/98/delete?destination=%2Fadmin%2Fcontent','https://hed-9lts.ddev.site/node/98/delete?destination=/admin/content','172.18.0.6',1641806551),(2350,1,'content','@type: deleted %title.','a:2:{s:5:\"@type\";s:11:\"page_double\";s:6:\"%title\";s:7:\"Welcome\";}',5,'','https://hed-9lts.ddev.site/node/97/delete?destination=%2Fadmin%2Fcontent','https://hed-9lts.ddev.site/node/97/delete?destination=/admin/content','172.18.0.6',1641806604),(2351,1,'node','The @entity-type %label has been deleted.','a:2:{s:12:\"@entity-type\";O:48:\"Drupal\\Core\\StringTranslation\\TranslatableMarkup\":3:{s:9:\"\0*\0string\";s:12:\"content type\";s:12:\"\0*\0arguments\";a:0:{}s:10:\"\0*\0options\";a:0:{}}s:6:\"%label\";s:11:\"Page double\";}',5,'','https://hed-9lts.ddev.site/admin/structure/types/manage/page_double/delete?destination=%2Fadmin%2Fstructure%2Ftypes','https://hed-9lts.ddev.site/admin/structure/types/manage/page_double/delete?destination=/admin/structure/types','172.18.0.6',1641806730),(2352,1,'content','@type: added %title.','a:2:{s:5:\"@type\";s:7:\"article\";s:6:\"%title\";s:7:\"Welcome\";}',5,'<a href=\"/node/109\" hreflang=\"fr\">Voir</a>','https://hed-9lts.ddev.site/node/add/article','https://hed-9lts.ddev.site/node/add/article','172.18.0.6',1641806901),(2353,1,'page not found','@uri','a:1:{s:4:\"@uri\";s:15:\"/node/undefined\";}',4,'','https://hed-9lts.ddev.site/node/undefined','https://hed-9lts.ddev.site/node/109','172.18.0.6',1641806904),(2354,1,'content','@type: added %title.','a:2:{s:5:\"@type\";s:7:\"article\";s:6:\"%title\";s:9:\"Welcome-2\";}',5,'<a href=\"/node/110\" hreflang=\"fr\">Voir</a>','https://hed-9lts.ddev.site/node/add/article','https://hed-9lts.ddev.site/node/add/article','172.18.0.6',1641807286),(2355,1,'page not found','@uri','a:1:{s:4:\"@uri\";s:15:\"/node/undefined\";}',4,'','https://hed-9lts.ddev.site/node/undefined','https://hed-9lts.ddev.site/node/110','172.18.0.6',1641807288),(2356,0,'page not found','@uri','a:1:{s:4:\"@uri\";s:5:\"/blog\";}',4,'','https://hed-9lts.ddev.site/blog','https://hed-9lts.ddev.site/accueil','172.18.0.6',1641807570),(2357,1,'content','@type: added %title.','a:2:{s:5:\"@type\";s:7:\"article\";s:6:\"%title\";s:10:\"WHO WE ARE\";}',5,'<a href=\"/node/111\" hreflang=\"fr\">Voir</a>','https://hed-9lts.ddev.site/node/add/article','https://hed-9lts.ddev.site/node/add/article','172.18.0.6',1641807611),(2358,1,'page not found','@uri','a:1:{s:4:\"@uri\";s:15:\"/node/undefined\";}',4,'','https://hed-9lts.ddev.site/node/undefined','https://hed-9lts.ddev.site/node/111','172.18.0.6',1641807614),(2359,1,'content','@type: updated %title.','a:2:{s:5:\"@type\";s:7:\"article\";s:6:\"%title\";s:10:\"WHO WE ARE\";}',5,'<a href=\"/node/111\" hreflang=\"fr\">Voir</a>','https://hed-9lts.ddev.site/node/111/edit?destination=%2Fadmin%2Fcontent','https://hed-9lts.ddev.site/node/111/edit?destination=/admin/content','172.18.0.6',1641807721),(2360,1,'views','The @entity-type %label has been deleted.','a:2:{s:12:\"@entity-type\";O:48:\"Drupal\\Core\\StringTranslation\\TranslatableMarkup\":3:{s:9:\"\0*\0string\";s:4:\"view\";s:12:\"\0*\0arguments\";a:0:{}s:10:\"\0*\0options\";a:1:{s:7:\"context\";s:16:\"View entity type\";}}s:6:\"%label\";s:22:\"Bloc who-we-are gauche\";}',5,'','https://hed-9lts.ddev.site/admin/structure/views/view/bloc_who_we_are_gauche/delete?destination=%2Fadmin%2Fstructure%2Fviews','https://hed-9lts.ddev.site/admin/structure/views/view/bloc_who_we_are_gauche/delete?destination=/admin/structure/views','172.18.0.6',1641812404),(2361,0,'cron','Starting execution of @module_cron().','a:1:{s:7:\"@module\";s:7:\"comment\";}',6,'','https://hed-9lts.ddev.site/admin/config/development/performance','https://hed-9lts.ddev.site/admin/config/development/performance','172.18.0.6',1641819905),(2362,0,'cron','Starting execution of @module_cron(), execution of @module_previous_cron() took @time.','a:3:{s:7:\"@module\";s:5:\"dblog\";s:16:\"@module_previous\";s:7:\"comment\";s:5:\"@time\";s:6:\"0.93ms\";}',6,'','https://hed-9lts.ddev.site/admin/config/development/performance','https://hed-9lts.ddev.site/admin/config/development/performance','172.18.0.6',1641819905),(2363,0,'cron','Starting execution of @module_cron(), execution of @module_previous_cron() took @time.','a:3:{s:7:\"@module\";s:5:\"field\";s:16:\"@module_previous\";s:5:\"dblog\";s:5:\"@time\";s:6:\"4.14ms\";}',6,'','https://hed-9lts.ddev.site/admin/config/development/performance','https://hed-9lts.ddev.site/admin/config/development/performance','172.18.0.6',1641819905),(2364,0,'cron','Starting execution of @module_cron(), execution of @module_previous_cron() took @time.','a:3:{s:7:\"@module\";s:4:\"file\";s:16:\"@module_previous\";s:5:\"field\";s:5:\"@time\";s:6:\"17.9ms\";}',6,'','https://hed-9lts.ddev.site/admin/config/development/performance','https://hed-9lts.ddev.site/admin/config/development/performance','172.18.0.6',1641819906),(2365,0,'cron','Starting execution of @module_cron(), execution of @module_previous_cron() took @time.','a:3:{s:7:\"@module\";s:7:\"history\";s:16:\"@module_previous\";s:4:\"file\";s:5:\"@time\";s:6:\"1.71ms\";}',6,'','https://hed-9lts.ddev.site/admin/config/development/performance','https://hed-9lts.ddev.site/admin/config/development/performance','172.18.0.6',1641819906),(2366,0,'cron','Starting execution of @module_cron(), execution of @module_previous_cron() took @time.','a:3:{s:7:\"@module\";s:14:\"layout_builder\";s:16:\"@module_previous\";s:7:\"history\";s:5:\"@time\";s:6:\"0.19ms\";}',6,'','https://hed-9lts.ddev.site/admin/config/development/performance','https://hed-9lts.ddev.site/admin/config/development/performance','172.18.0.6',1641819906),(2367,0,'cron','Starting execution of @module_cron(), execution of @module_previous_cron() took @time.','a:3:{s:7:\"@module\";s:6:\"locale\";s:16:\"@module_previous\";s:14:\"layout_builder\";s:5:\"@time\";s:6:\"1.44ms\";}',6,'','https://hed-9lts.ddev.site/admin/config/development/performance','https://hed-9lts.ddev.site/admin/config/development/performance','172.18.0.6',1641819906),(2368,0,'cron','Starting execution of @module_cron(), execution of @module_previous_cron() took @time.','a:3:{s:7:\"@module\";s:4:\"node\";s:16:\"@module_previous\";s:6:\"locale\";s:5:\"@time\";s:6:\"0.02ms\";}',6,'','https://hed-9lts.ddev.site/admin/config/development/performance','https://hed-9lts.ddev.site/admin/config/development/performance','172.18.0.6',1641819906),(2369,0,'cron','Starting execution of @module_cron(), execution of @module_previous_cron() took @time.','a:3:{s:7:\"@module\";s:6:\"search\";s:16:\"@module_previous\";s:4:\"node\";s:5:\"@time\";s:6:\"1.08ms\";}',6,'','https://hed-9lts.ddev.site/admin/config/development/performance','https://hed-9lts.ddev.site/admin/config/development/performance','172.18.0.6',1641819906),(2370,0,'cron','Starting execution of @module_cron(), execution of @module_previous_cron() took @time.','a:3:{s:7:\"@module\";s:6:\"system\";s:16:\"@module_previous\";s:6:\"search\";s:5:\"@time\";s:8:\"181.82ms\";}',6,'','https://hed-9lts.ddev.site/admin/config/development/performance','https://hed-9lts.ddev.site/admin/config/development/performance','172.18.0.6',1641819906),(2371,0,'cron','Starting execution of @module_cron(), execution of @module_previous_cron() took @time.','a:3:{s:7:\"@module\";s:6:\"update\";s:16:\"@module_previous\";s:6:\"system\";s:5:\"@time\";s:6:\"9.41ms\";}',6,'','https://hed-9lts.ddev.site/admin/config/development/performance','https://hed-9lts.ddev.site/admin/config/development/performance','172.18.0.6',1641819906),(2372,0,'cron','Execution of @module_previous_cron() took @time.','a:2:{s:16:\"@module_previous\";s:6:\"update\";s:5:\"@time\";s:6:\"1.74ms\";}',6,'','https://hed-9lts.ddev.site/admin/config/development/performance','https://hed-9lts.ddev.site/admin/config/development/performance','172.18.0.6',1641819906),(2373,0,'cron','Cron run completed.','a:0:{}',6,'','https://hed-9lts.ddev.site/admin/config/development/performance','https://hed-9lts.ddev.site/admin/config/development/performance','172.18.0.6',1641819906),(2374,1,'content','@type: deleted %title.','a:2:{s:5:\"@type\";s:7:\"article\";s:6:\"%title\";s:9:\"Welcome-2\";}',5,'','https://hed-9lts.ddev.site/node/110/delete?destination=%2Fadmin%2Fcontent','https://hed-9lts.ddev.site/node/110/delete?destination=/admin/content','172.18.0.6',1641822944),(2375,1,'content','@type: deleted %title.','a:2:{s:5:\"@type\";s:7:\"article\";s:6:\"%title\";s:7:\"Welcome\";}',5,'','https://hed-9lts.ddev.site/node/109/delete?destination=%2Fadmin%2Fcontent','https://hed-9lts.ddev.site/node/109/delete?destination=/admin/content','172.18.0.6',1641822952),(2376,1,'content','@type: added %title.','a:2:{s:5:\"@type\";s:7:\"article\";s:6:\"%title\";s:7:\"WELCOME\";}',5,'<a href=\"/node/112\" hreflang=\"fr\">Voir</a>','https://hed-9lts.ddev.site/node/add/article','https://hed-9lts.ddev.site/node/add/article','172.18.0.6',1641823219),(2377,1,'page not found','@uri','a:1:{s:4:\"@uri\";s:15:\"/node/undefined\";}',4,'','https://hed-9lts.ddev.site/node/undefined','https://hed-9lts.ddev.site/node/112','172.18.0.6',1641823229),(2378,1,'views','The @entity-type %label has been deleted.','a:2:{s:12:\"@entity-type\";O:48:\"Drupal\\Core\\StringTranslation\\TranslatableMarkup\":3:{s:9:\"\0*\0string\";s:4:\"view\";s:12:\"\0*\0arguments\";a:0:{}s:10:\"\0*\0options\";a:1:{s:7:\"context\";s:16:\"View entity type\";}}s:6:\"%label\";s:19:\"Bloc welcome droite\";}',5,'','https://hed-9lts.ddev.site/admin/structure/views/view/bloc_welcome_droite/delete?destination=%2Fadmin%2Fstructure%2Fviews','https://hed-9lts.ddev.site/admin/structure/views/view/bloc_welcome_droite/delete?destination=/admin/structure/views','172.18.0.6',1641823254),(2379,1,'views','The @entity-type %label has been deleted.','a:2:{s:12:\"@entity-type\";O:48:\"Drupal\\Core\\StringTranslation\\TranslatableMarkup\":3:{s:9:\"\0*\0string\";s:4:\"view\";s:12:\"\0*\0arguments\";a:0:{}s:10:\"\0*\0options\";a:1:{s:7:\"context\";s:16:\"View entity type\";}}s:6:\"%label\";s:19:\"Bloc welcome gauche\";}',5,'','https://hed-9lts.ddev.site/admin/structure/views/view/bloc_welcome_gauche/delete?destination=%2Fadmin%2Fstructure%2Fviews','https://hed-9lts.ddev.site/admin/structure/views/view/bloc_welcome_gauche/delete?destination=/admin/structure/views','172.18.0.6',1641823266),(2380,0,'cron','Starting execution of @module_cron().','a:1:{s:7:\"@module\";s:7:\"comment\";}',6,'','https://hed-9lts.ddev.site/','https://hed-9lts.ddev.site/','172.18.0.6',1641888098),(2381,0,'cron','Starting execution of @module_cron(), execution of @module_previous_cron() took @time.','a:3:{s:7:\"@module\";s:5:\"dblog\";s:16:\"@module_previous\";s:7:\"comment\";s:5:\"@time\";s:6:\"2.61ms\";}',6,'','https://hed-9lts.ddev.site/','https://hed-9lts.ddev.site/','172.18.0.6',1641888098),(2382,0,'cron','Starting execution of @module_cron(), execution of @module_previous_cron() took @time.','a:3:{s:7:\"@module\";s:5:\"field\";s:16:\"@module_previous\";s:5:\"dblog\";s:5:\"@time\";s:6:\"9.28ms\";}',6,'','https://hed-9lts.ddev.site/','https://hed-9lts.ddev.site/','172.18.0.6',1641888098),(2383,0,'cron','Starting execution of @module_cron(), execution of @module_previous_cron() took @time.','a:3:{s:7:\"@module\";s:4:\"file\";s:16:\"@module_previous\";s:5:\"field\";s:5:\"@time\";s:6:\"2.08ms\";}',6,'','https://hed-9lts.ddev.site/','https://hed-9lts.ddev.site/','172.18.0.6',1641888099),(2384,0,'cron','Starting execution of @module_cron(), execution of @module_previous_cron() took @time.','a:3:{s:7:\"@module\";s:7:\"history\";s:16:\"@module_previous\";s:4:\"file\";s:5:\"@time\";s:6:\"7.04ms\";}',6,'','https://hed-9lts.ddev.site/','https://hed-9lts.ddev.site/','172.18.0.6',1641888099),(2385,0,'cron','Starting execution of @module_cron(), execution of @module_previous_cron() took @time.','a:3:{s:7:\"@module\";s:14:\"layout_builder\";s:16:\"@module_previous\";s:7:\"history\";s:5:\"@time\";s:6:\"0.46ms\";}',6,'','https://hed-9lts.ddev.site/','https://hed-9lts.ddev.site/','172.18.0.6',1641888099),(2386,0,'cron','Starting execution of @module_cron(), execution of @module_previous_cron() took @time.','a:3:{s:7:\"@module\";s:6:\"locale\";s:16:\"@module_previous\";s:14:\"layout_builder\";s:5:\"@time\";s:7:\"11.34ms\";}',6,'','https://hed-9lts.ddev.site/','https://hed-9lts.ddev.site/','172.18.0.6',1641888099),(2387,0,'cron','Starting execution of @module_cron(), execution of @module_previous_cron() took @time.','a:3:{s:7:\"@module\";s:4:\"node\";s:16:\"@module_previous\";s:6:\"locale\";s:5:\"@time\";s:6:\"0.04ms\";}',6,'','https://hed-9lts.ddev.site/','https://hed-9lts.ddev.site/','172.18.0.6',1641888099),(2388,0,'cron','Starting execution of @module_cron(), execution of @module_previous_cron() took @time.','a:3:{s:7:\"@module\";s:6:\"search\";s:16:\"@module_previous\";s:4:\"node\";s:5:\"@time\";s:6:\"1.76ms\";}',6,'','https://hed-9lts.ddev.site/','https://hed-9lts.ddev.site/','172.18.0.6',1641888099),(2389,0,'cron','Starting execution of @module_cron(), execution of @module_previous_cron() took @time.','a:3:{s:7:\"@module\";s:6:\"system\";s:16:\"@module_previous\";s:6:\"search\";s:5:\"@time\";s:8:\"320.25ms\";}',6,'','https://hed-9lts.ddev.site/','https://hed-9lts.ddev.site/','172.18.0.6',1641888099),(2390,0,'cron','Starting execution of @module_cron(), execution of @module_previous_cron() took @time.','a:3:{s:7:\"@module\";s:6:\"update\";s:16:\"@module_previous\";s:6:\"system\";s:5:\"@time\";s:8:\"188.87ms\";}',6,'','https://hed-9lts.ddev.site/','https://hed-9lts.ddev.site/','172.18.0.6',1641888099),(2391,0,'cron','Execution of @module_previous_cron() took @time.','a:2:{s:16:\"@module_previous\";s:6:\"update\";s:5:\"@time\";s:8:\"693.32ms\";}',6,'','https://hed-9lts.ddev.site/','https://hed-9lts.ddev.site/','172.18.0.6',1641888100),(2392,0,'cron','Cron run completed.','a:0:{}',6,'','https://hed-9lts.ddev.site/','https://hed-9lts.ddev.site/','172.18.0.6',1641888100),(2393,1,'content','@type: added %title.','a:2:{s:5:\"@type\";s:7:\"article\";s:6:\"%title\";s:12:\"Portfolio#01\";}',5,'<a href=\"/node/113\" hreflang=\"fr\">Voir</a>','https://hed-9lts.ddev.site/node/add/article','https://hed-9lts.ddev.site/node/add/article','172.18.0.6',1641889475),(2394,1,'page not found','@uri','a:1:{s:4:\"@uri\";s:15:\"/node/undefined\";}',4,'','https://hed-9lts.ddev.site/node/undefined','https://hed-9lts.ddev.site/node/113','172.18.0.6',1641889477),(2395,1,'content','@type: added %title.','a:2:{s:5:\"@type\";s:7:\"article\";s:6:\"%title\";s:12:\"Portfolio#01\";}',5,'<a href=\"/node/114\" hreflang=\"fr\">Voir</a>','https://hed-9lts.ddev.site/node/add/article','https://hed-9lts.ddev.site/node/add/article','172.18.0.6',1641889499),(2396,1,'content','@type: deleted %title.','a:2:{s:5:\"@type\";s:7:\"article\";s:6:\"%title\";s:12:\"Portfolio#01\";}',5,'','https://hed-9lts.ddev.site/node/113/delete?destination=%2Fadmin%2Fcontent','https://hed-9lts.ddev.site/node/113/delete?destination=/admin/content','172.18.0.6',1641889514),(2397,1,'content','@type: added %title.','a:2:{s:5:\"@type\";s:7:\"article\";s:6:\"%title\";s:12:\"Portfolio#02\";}',5,'<a href=\"/node/115\" hreflang=\"fr\">Voir</a>','https://hed-9lts.ddev.site/node/add/article','https://hed-9lts.ddev.site/node/add/article','172.18.0.6',1641889595),(2398,1,'page not found','@uri','a:1:{s:4:\"@uri\";s:15:\"/node/undefined\";}',4,'','https://hed-9lts.ddev.site/node/undefined','https://hed-9lts.ddev.site/node/115','172.18.0.6',1641889597),(2399,1,'content','@type: added %title.','a:2:{s:5:\"@type\";s:7:\"article\";s:6:\"%title\";s:12:\"Portfolio#02\";}',5,'<a href=\"/node/116\" hreflang=\"fr\">Voir</a>','https://hed-9lts.ddev.site/node/add/article','https://hed-9lts.ddev.site/node/add/article','172.18.0.6',1641889611),(2400,1,'content','@type: deleted %title.','a:2:{s:5:\"@type\";s:7:\"article\";s:6:\"%title\";s:12:\"Portfolio#02\";}',5,'','https://hed-9lts.ddev.site/node/115/delete?destination=%2Fadmin%2Fcontent','https://hed-9lts.ddev.site/node/115/delete?destination=/admin/content','172.18.0.6',1641889624),(2401,1,'content','@type: added %title.','a:2:{s:5:\"@type\";s:7:\"article\";s:6:\"%title\";s:12:\"Portfolio#03\";}',5,'<a href=\"/node/117\" hreflang=\"fr\">Voir</a>','https://hed-9lts.ddev.site/node/add/article','https://hed-9lts.ddev.site/node/add/article','172.18.0.6',1641889684),(2402,1,'content','@type: updated %title.','a:2:{s:5:\"@type\";s:7:\"article\";s:6:\"%title\";s:12:\"Portfolio#02\";}',5,'<a href=\"/node/116\" hreflang=\"fr\">Voir</a>','https://hed-9lts.ddev.site/node/116/edit?destination=%2Fadmin%2Fcontent','https://hed-9lts.ddev.site/node/116/edit?destination=/admin/content','172.18.0.6',1641889706),(2403,1,'content','@type: updated %title.','a:2:{s:5:\"@type\";s:7:\"article\";s:6:\"%title\";s:12:\"Portfolio#01\";}',5,'<a href=\"/node/114\" hreflang=\"fr\">Voir</a>','https://hed-9lts.ddev.site/node/114/edit?destination=%2Fadmin%2Fcontent','https://hed-9lts.ddev.site/node/114/edit?destination=/admin/content','172.18.0.6',1641889719),(2404,1,'content','@type: added %title.','a:2:{s:5:\"@type\";s:7:\"article\";s:6:\"%title\";s:12:\"Portfolio#04\";}',5,'<a href=\"/node/118\" hreflang=\"fr\">Voir</a>','https://hed-9lts.ddev.site/node/add/article','https://hed-9lts.ddev.site/node/add/article','172.18.0.6',1641889751),(2405,1,'content','@type: added %title.','a:2:{s:5:\"@type\";s:7:\"article\";s:6:\"%title\";s:12:\"Portfolio#05\";}',5,'<a href=\"/node/119\" hreflang=\"fr\">Voir</a>','https://hed-9lts.ddev.site/node/add/article','https://hed-9lts.ddev.site/node/add/article','172.18.0.6',1641889806),(2406,1,'content','@type: added %title.','a:2:{s:5:\"@type\";s:7:\"article\";s:6:\"%title\";s:12:\"Portfolio#06\";}',5,'<a href=\"/node/120\" hreflang=\"fr\">Voir</a>','https://hed-9lts.ddev.site/node/add/article','https://hed-9lts.ddev.site/node/add/article','172.18.0.6',1641889877),(2407,1,'content','@type: added %title.','a:2:{s:5:\"@type\";s:7:\"article\";s:6:\"%title\";s:12:\"Portfolio#07\";}',5,'<a href=\"/node/121\" hreflang=\"fr\">Voir</a>','https://hed-9lts.ddev.site/node/add/article','https://hed-9lts.ddev.site/node/add/article','172.18.0.6',1641889926),(2408,1,'content','@type: added %title.','a:2:{s:5:\"@type\";s:7:\"article\";s:6:\"%title\";s:9:\"PORTFOLIO\";}',5,'<a href=\"/node/122\" hreflang=\"fr\">Voir</a>','https://hed-9lts.ddev.site/node/add/article','https://hed-9lts.ddev.site/node/add/article','172.18.0.6',1641891208),(2409,1,'page not found','@uri','a:1:{s:4:\"@uri\";s:15:\"/node/undefined\";}',4,'','https://hed-9lts.ddev.site/node/undefined','https://hed-9lts.ddev.site/node/122','172.18.0.6',1641891210),(2410,1,'content','@type: added %title.','a:2:{s:5:\"@type\";s:7:\"article\";s:6:\"%title\";s:9:\"PORTFOLIO\";}',5,'<a href=\"/node/123\" hreflang=\"fr\">Voir</a>','https://hed-9lts.ddev.site/node/add/article','https://hed-9lts.ddev.site/node/add/article','172.18.0.6',1641891252),(2411,1,'page not found','@uri','a:1:{s:4:\"@uri\";s:15:\"/node/undefined\";}',4,'','https://hed-9lts.ddev.site/node/undefined','https://hed-9lts.ddev.site/node/123','172.18.0.6',1641891254),(2412,1,'content','@type: deleted %title.','a:2:{s:5:\"@type\";s:7:\"article\";s:6:\"%title\";s:9:\"PORTFOLIO\";}',5,'','https://hed-9lts.ddev.site/node/122/delete?destination=%2Fadmin%2Fcontent','https://hed-9lts.ddev.site/node/122/delete?destination=/admin/content','172.18.0.6',1641891328),(2413,1,'content','@type: updated %title.','a:2:{s:5:\"@type\";s:7:\"article\";s:6:\"%title\";s:9:\"PORTFOLIO\";}',5,'<a href=\"/node/123\" hreflang=\"fr\">Voir</a>','https://hed-9lts.ddev.site/node/123/edit?destination=%2Fadmin%2Fcontent','https://hed-9lts.ddev.site/node/123/edit?destination=/admin/content','172.18.0.6',1641891369),(2414,1,'content','@type: updated %title.','a:2:{s:5:\"@type\";s:7:\"article\";s:6:\"%title\";s:9:\"PORTFOLIO\";}',5,'<a href=\"/node/123\" hreflang=\"fr\">Voir</a>','https://hed-9lts.ddev.site/node/123/edit?destination=%2Fadmin%2Fcontent','https://hed-9lts.ddev.site/node/123/edit?destination=/admin/content','172.18.0.6',1641891448),(2415,1,'content','@type: updated %title.','a:2:{s:5:\"@type\";s:7:\"article\";s:6:\"%title\";s:9:\"PORTFOLIO\";}',5,'<a href=\"/node/123\" hreflang=\"fr\">Voir</a>','https://hed-9lts.ddev.site/node/123/edit?destination=%2Fadmin%2Fcontent','https://hed-9lts.ddev.site/node/123/edit?destination=/admin/content','172.18.0.6',1641892260),(2416,1,'content','@type: added %title.','a:2:{s:5:\"@type\";s:7:\"article\";s:6:\"%title\";s:3:\"FAQ\";}',5,'<a href=\"/node/124\" hreflang=\"fr\">Voir</a>','https://hed-9lts.ddev.site/node/add/article','https://hed-9lts.ddev.site/node/add/article','172.18.0.6',1641893279),(2417,1,'page not found','@uri','a:1:{s:4:\"@uri\";s:15:\"/node/undefined\";}',4,'','https://hed-9lts.ddev.site/node/undefined','https://hed-9lts.ddev.site/node/124','172.18.0.6',1641893281),(2418,1,'content','@type: updated %title.','a:2:{s:5:\"@type\";s:7:\"article\";s:6:\"%title\";s:3:\"FAQ\";}',5,'<a href=\"/node/124\" hreflang=\"fr\">Voir</a>','https://hed-9lts.ddev.site/node/124/edit?destination=%2Fadmin%2Fcontent','https://hed-9lts.ddev.site/node/124/edit?destination=/admin/content','172.18.0.6',1641893344),(2419,1,'node','Added content type %name.','a:1:{s:5:\"%name\";s:11:\"Texte-image\";}',5,'<a href=\"/admin/structure/types\">Voir</a>','https://hed-9lts.ddev.site/admin/structure/types/add','https://hed-9lts.ddev.site/admin/structure/types/add','172.18.0.6',1641898171),(2420,1,'content','@type: added %title.','a:2:{s:5:\"@type\";s:11:\"texte_image\";s:6:\"%title\";s:10:\"who-we-are\";}',5,'<a href=\"/node/125\" hreflang=\"fr\">Voir</a>','https://hed-9lts.ddev.site/node/add/texte_image','https://hed-9lts.ddev.site/node/add/texte_image','172.18.0.6',1641898387),(2421,1,'content','@type: updated %title.','a:2:{s:5:\"@type\";s:11:\"texte_image\";s:6:\"%title\";s:10:\"who-we-are\";}',5,'<a href=\"/node/125\" hreflang=\"fr\">Voir</a>','https://hed-9lts.ddev.site/node/125/edit?destination=%2Fadmin%2Fcontent','https://hed-9lts.ddev.site/node/125/edit?destination=/admin/content','172.18.0.6',1641898575),(2422,0,'cron','Starting execution of @module_cron().','a:1:{s:7:\"@module\";s:7:\"comment\";}',6,'','https://hed-9lts.ddev.site/domotique','https://hed-9lts.ddev.site/accueil','172.18.0.6',1641899026),(2423,0,'cron','Starting execution of @module_cron(), execution of @module_previous_cron() took @time.','a:3:{s:7:\"@module\";s:5:\"dblog\";s:16:\"@module_previous\";s:7:\"comment\";s:5:\"@time\";s:6:\"0.95ms\";}',6,'','https://hed-9lts.ddev.site/domotique','https://hed-9lts.ddev.site/accueil','172.18.0.6',1641899026),(2424,0,'cron','Starting execution of @module_cron(), execution of @module_previous_cron() took @time.','a:3:{s:7:\"@module\";s:5:\"field\";s:16:\"@module_previous\";s:5:\"dblog\";s:5:\"@time\";s:6:\"5.99ms\";}',6,'','https://hed-9lts.ddev.site/domotique','https://hed-9lts.ddev.site/accueil','172.18.0.6',1641899026),(2425,0,'cron','Starting execution of @module_cron(), execution of @module_previous_cron() took @time.','a:3:{s:7:\"@module\";s:4:\"file\";s:16:\"@module_previous\";s:5:\"field\";s:5:\"@time\";s:6:\"3.52ms\";}',6,'','https://hed-9lts.ddev.site/domotique','https://hed-9lts.ddev.site/accueil','172.18.0.6',1641899026),(2426,0,'cron','Starting execution of @module_cron(), execution of @module_previous_cron() took @time.','a:3:{s:7:\"@module\";s:7:\"history\";s:16:\"@module_previous\";s:4:\"file\";s:5:\"@time\";s:6:\"1.38ms\";}',6,'','https://hed-9lts.ddev.site/domotique','https://hed-9lts.ddev.site/accueil','172.18.0.6',1641899026),(2427,0,'cron','Starting execution of @module_cron(), execution of @module_previous_cron() took @time.','a:3:{s:7:\"@module\";s:14:\"layout_builder\";s:16:\"@module_previous\";s:7:\"history\";s:5:\"@time\";s:6:\"0.28ms\";}',6,'','https://hed-9lts.ddev.site/domotique','https://hed-9lts.ddev.site/accueil','172.18.0.6',1641899026),(2428,0,'cron','Starting execution of @module_cron(), execution of @module_previous_cron() took @time.','a:3:{s:7:\"@module\";s:6:\"locale\";s:16:\"@module_previous\";s:14:\"layout_builder\";s:5:\"@time\";s:5:\"3.2ms\";}',6,'','https://hed-9lts.ddev.site/domotique','https://hed-9lts.ddev.site/accueil','172.18.0.6',1641899026),(2429,0,'cron','Starting execution of @module_cron(), execution of @module_previous_cron() took @time.','a:3:{s:7:\"@module\";s:4:\"node\";s:16:\"@module_previous\";s:6:\"locale\";s:5:\"@time\";s:6:\"0.04ms\";}',6,'','https://hed-9lts.ddev.site/domotique','https://hed-9lts.ddev.site/accueil','172.18.0.6',1641899026),(2430,0,'cron','Starting execution of @module_cron(), execution of @module_previous_cron() took @time.','a:3:{s:7:\"@module\";s:6:\"search\";s:16:\"@module_previous\";s:4:\"node\";s:5:\"@time\";s:6:\"2.44ms\";}',6,'','https://hed-9lts.ddev.site/domotique','https://hed-9lts.ddev.site/accueil','172.18.0.6',1641899026),(2431,0,'cron','Starting execution of @module_cron(), execution of @module_previous_cron() took @time.','a:3:{s:7:\"@module\";s:6:\"system\";s:16:\"@module_previous\";s:6:\"search\";s:5:\"@time\";s:8:\"240.44ms\";}',6,'','https://hed-9lts.ddev.site/domotique','https://hed-9lts.ddev.site/accueil','172.18.0.6',1641899026),(2432,0,'cron','Starting execution of @module_cron(), execution of @module_previous_cron() took @time.','a:3:{s:7:\"@module\";s:6:\"update\";s:16:\"@module_previous\";s:6:\"system\";s:5:\"@time\";s:7:\"15.78ms\";}',6,'','https://hed-9lts.ddev.site/domotique','https://hed-9lts.ddev.site/accueil','172.18.0.6',1641899026),(2433,0,'cron','Execution of @module_previous_cron() took @time.','a:2:{s:16:\"@module_previous\";s:6:\"update\";s:5:\"@time\";s:8:\"765.66ms\";}',6,'','https://hed-9lts.ddev.site/domotique','https://hed-9lts.ddev.site/accueil','172.18.0.6',1641899027),(2434,0,'cron','Cron run completed.','a:0:{}',6,'','https://hed-9lts.ddev.site/domotique','https://hed-9lts.ddev.site/accueil','172.18.0.6',1641899027),(2435,1,'content','@type: updated %title.','a:2:{s:5:\"@type\";s:7:\"article\";s:6:\"%title\";s:10:\"WHO WE ARE\";}',5,'<a href=\"/node/111\" hreflang=\"fr\">Voir</a>','https://hed-9lts.ddev.site/node/111/edit?destination=%2Fadmin%2Fcontent','https://hed-9lts.ddev.site/node/111/edit?destination=/admin/content','172.18.0.6',1641900167),(2436,1,'content','@type: updated %title.','a:2:{s:5:\"@type\";s:7:\"article\";s:6:\"%title\";s:10:\"WHO WE ARE\";}',5,'<a href=\"/node/111\" hreflang=\"fr\">Voir</a>','https://hed-9lts.ddev.site/node/111/edit?destination=%2Fadmin%2Fcontent','https://hed-9lts.ddev.site/node/111/edit?destination=/admin/content','172.18.0.6',1641900290),(2437,1,'system','%module module installed.','a:1:{s:7:\"%module\";s:10:\"link_class\";}',6,'','https://hed-9lts.ddev.site/admin/modules','https://hed-9lts.ddev.site/admin/modules','172.18.0.6',1641900616),(2438,1,'locale','Translation file not found: @uri.','a:1:{s:4:\"@uri\";s:79:\"https://ftp.drupal.org/files/translations/all/link_class/link_class-2.0.0.fr.po\";}',5,'','https://hed-9lts.ddev.site/batch?_format=json&id=33&op=do','https://hed-9lts.ddev.site/batch?id=33&op=start','172.18.0.6',1641900621),(2439,1,'content','@type: updated %title.','a:2:{s:5:\"@type\";s:7:\"article\";s:6:\"%title\";s:10:\"WHO WE ARE\";}',5,'<a href=\"/node/111\" hreflang=\"fr\">Voir</a>','https://hed-9lts.ddev.site/node/111/edit?destination=%2Fadmin%2Fcontent','https://hed-9lts.ddev.site/node/111/edit?destination=/admin/content','172.18.0.6',1641901047),(2440,1,'content','@type: deleted %title.','a:2:{s:5:\"@type\";s:11:\"texte_image\";s:6:\"%title\";s:10:\"who-we-are\";}',5,'','https://hed-9lts.ddev.site/node/125/delete?destination=%2Fadmin%2Fcontent','https://hed-9lts.ddev.site/node/125/delete?destination=/admin/content','172.18.0.6',1641909625),(2441,0,'cron','Starting execution of @module_cron().','a:1:{s:7:\"@module\";s:7:\"comment\";}',6,'','https://hed-9lts.ddev.site/admin/structure/views/ajax/display/bloc_who_we_are_droite/block_1/style_options?_wrapper_format=drupal_ajax','https://hed-9lts.ddev.site/admin/structure/views/view/bloc_who_we_are_droite','172.18.0.6',1641909956),(2442,0,'cron','Starting execution of @module_cron(), execution of @module_previous_cron() took @time.','a:3:{s:7:\"@module\";s:5:\"dblog\";s:16:\"@module_previous\";s:7:\"comment\";s:5:\"@time\";s:6:\"1.16ms\";}',6,'','https://hed-9lts.ddev.site/admin/structure/views/ajax/display/bloc_who_we_are_droite/block_1/style_options?_wrapper_format=drupal_ajax','https://hed-9lts.ddev.site/admin/structure/views/view/bloc_who_we_are_droite','172.18.0.6',1641909956),(2443,0,'cron','Starting execution of @module_cron(), execution of @module_previous_cron() took @time.','a:3:{s:7:\"@module\";s:5:\"field\";s:16:\"@module_previous\";s:5:\"dblog\";s:5:\"@time\";s:6:\"4.99ms\";}',6,'','https://hed-9lts.ddev.site/admin/structure/views/ajax/display/bloc_who_we_are_droite/block_1/style_options?_wrapper_format=drupal_ajax','https://hed-9lts.ddev.site/admin/structure/views/view/bloc_who_we_are_droite','172.18.0.6',1641909956),(2444,0,'cron','Starting execution of @module_cron(), execution of @module_previous_cron() took @time.','a:3:{s:7:\"@module\";s:4:\"file\";s:16:\"@module_previous\";s:5:\"field\";s:5:\"@time\";s:6:\"2.33ms\";}',6,'','https://hed-9lts.ddev.site/admin/structure/views/ajax/display/bloc_who_we_are_droite/block_1/style_options?_wrapper_format=drupal_ajax','https://hed-9lts.ddev.site/admin/structure/views/view/bloc_who_we_are_droite','172.18.0.6',1641909956),(2445,0,'cron','Starting execution of @module_cron(), execution of @module_previous_cron() took @time.','a:3:{s:7:\"@module\";s:7:\"history\";s:16:\"@module_previous\";s:4:\"file\";s:5:\"@time\";s:6:\"1.75ms\";}',6,'','https://hed-9lts.ddev.site/admin/structure/views/ajax/display/bloc_who_we_are_droite/block_1/style_options?_wrapper_format=drupal_ajax','https://hed-9lts.ddev.site/admin/structure/views/view/bloc_who_we_are_droite','172.18.0.6',1641909956),(2446,0,'cron','Starting execution of @module_cron(), execution of @module_previous_cron() took @time.','a:3:{s:7:\"@module\";s:14:\"layout_builder\";s:16:\"@module_previous\";s:7:\"history\";s:5:\"@time\";s:6:\"0.14ms\";}',6,'','https://hed-9lts.ddev.site/admin/structure/views/ajax/display/bloc_who_we_are_droite/block_1/style_options?_wrapper_format=drupal_ajax','https://hed-9lts.ddev.site/admin/structure/views/view/bloc_who_we_are_droite','172.18.0.6',1641909956),(2447,0,'cron','Starting execution of @module_cron(), execution of @module_previous_cron() took @time.','a:3:{s:7:\"@module\";s:6:\"locale\";s:16:\"@module_previous\";s:14:\"layout_builder\";s:5:\"@time\";s:5:\"1.8ms\";}',6,'','https://hed-9lts.ddev.site/admin/structure/views/ajax/display/bloc_who_we_are_droite/block_1/style_options?_wrapper_format=drupal_ajax','https://hed-9lts.ddev.site/admin/structure/views/view/bloc_who_we_are_droite','172.18.0.6',1641909956),(2448,0,'cron','Starting execution of @module_cron(), execution of @module_previous_cron() took @time.','a:3:{s:7:\"@module\";s:4:\"node\";s:16:\"@module_previous\";s:6:\"locale\";s:5:\"@time\";s:6:\"0.47ms\";}',6,'','https://hed-9lts.ddev.site/admin/structure/views/ajax/display/bloc_who_we_are_droite/block_1/style_options?_wrapper_format=drupal_ajax','https://hed-9lts.ddev.site/admin/structure/views/view/bloc_who_we_are_droite','172.18.0.6',1641909956),(2449,0,'cron','Starting execution of @module_cron(), execution of @module_previous_cron() took @time.','a:3:{s:7:\"@module\";s:6:\"search\";s:16:\"@module_previous\";s:4:\"node\";s:5:\"@time\";s:6:\"3.14ms\";}',6,'','https://hed-9lts.ddev.site/admin/structure/views/ajax/display/bloc_who_we_are_droite/block_1/style_options?_wrapper_format=drupal_ajax','https://hed-9lts.ddev.site/admin/structure/views/view/bloc_who_we_are_droite','172.18.0.6',1641909956),(2450,0,'cron','Starting execution of @module_cron(), execution of @module_previous_cron() took @time.','a:3:{s:7:\"@module\";s:6:\"system\";s:16:\"@module_previous\";s:6:\"search\";s:5:\"@time\";s:8:\"251.05ms\";}',6,'','https://hed-9lts.ddev.site/admin/structure/views/ajax/display/bloc_who_we_are_droite/block_1/style_options?_wrapper_format=drupal_ajax','https://hed-9lts.ddev.site/admin/structure/views/view/bloc_who_we_are_droite','172.18.0.6',1641909956),(2451,0,'cron','Starting execution of @module_cron(), execution of @module_previous_cron() took @time.','a:3:{s:7:\"@module\";s:6:\"update\";s:16:\"@module_previous\";s:6:\"system\";s:5:\"@time\";s:7:\"76.81ms\";}',6,'','https://hed-9lts.ddev.site/admin/structure/views/ajax/display/bloc_who_we_are_droite/block_1/style_options?_wrapper_format=drupal_ajax','https://hed-9lts.ddev.site/admin/structure/views/view/bloc_who_we_are_droite','172.18.0.6',1641909957),(2452,0,'cron','Execution of @module_previous_cron() took @time.','a:2:{s:16:\"@module_previous\";s:6:\"update\";s:5:\"@time\";s:7:\"15.07ms\";}',6,'','https://hed-9lts.ddev.site/admin/structure/views/ajax/display/bloc_who_we_are_droite/block_1/style_options?_wrapper_format=drupal_ajax','https://hed-9lts.ddev.site/admin/structure/views/view/bloc_who_we_are_droite','172.18.0.6',1641909957),(2453,0,'cron','Cron run completed.','a:0:{}',6,'','https://hed-9lts.ddev.site/admin/structure/views/ajax/display/bloc_who_we_are_droite/block_1/style_options?_wrapper_format=drupal_ajax','https://hed-9lts.ddev.site/admin/structure/views/view/bloc_who_we_are_droite','172.18.0.6',1641909957),(2454,1,'content','@type: added %title.','a:2:{s:5:\"@type\";s:7:\"article\";s:6:\"%title\";s:8:\"welcome2\";}',5,'<a href=\"/node/126\" hreflang=\"fr\">Voir</a>','https://hed-9lts.ddev.site/node/add/article','https://hed-9lts.ddev.site/node/add/article','172.18.0.6',1641919574),(2455,1,'page not found','@uri','a:1:{s:4:\"@uri\";s:15:\"/node/undefined\";}',4,'','https://hed-9lts.ddev.site/node/undefined','https://hed-9lts.ddev.site/node/126','172.18.0.6',1641919577),(2456,1,'content','@type: updated %title.','a:2:{s:5:\"@type\";s:7:\"article\";s:6:\"%title\";s:10:\"WHO WE ARE\";}',5,'<a href=\"/node/111\" hreflang=\"fr\">Voir</a>','https://hed-9lts.ddev.site/node/111/edit?destination=%2Fadmin%2Fcontent','https://hed-9lts.ddev.site/node/111/edit?destination=/admin/content','172.18.0.6',1641919791),(2457,1,'content','@type: added %title.','a:2:{s:5:\"@type\";s:7:\"article\";s:6:\"%title\";s:14:\"WHO WE ARE-img\";}',5,'<a href=\"/node/127\" hreflang=\"fr\">Voir</a>','https://hed-9lts.ddev.site/node/add/article','https://hed-9lts.ddev.site/node/add/article','172.18.0.6',1641919875),(2458,0,'cron','Starting execution of @module_cron().','a:1:{s:7:\"@module\";s:7:\"comment\";}',6,'','https://hed-9lts.ddev.site/admin/content','https://hed-9lts.ddev.site/node/127','172.18.0.6',1641976637),(2459,0,'cron','Starting execution of @module_cron(), execution of @module_previous_cron() took @time.','a:3:{s:7:\"@module\";s:5:\"dblog\";s:16:\"@module_previous\";s:7:\"comment\";s:5:\"@time\";s:6:\"0.76ms\";}',6,'','https://hed-9lts.ddev.site/admin/content','https://hed-9lts.ddev.site/node/127','172.18.0.6',1641976637),(2460,0,'cron','Starting execution of @module_cron(), execution of @module_previous_cron() took @time.','a:3:{s:7:\"@module\";s:5:\"field\";s:16:\"@module_previous\";s:5:\"dblog\";s:5:\"@time\";s:6:\"2.54ms\";}',6,'','https://hed-9lts.ddev.site/admin/content','https://hed-9lts.ddev.site/node/127','172.18.0.6',1641976637),(2461,0,'cron','Starting execution of @module_cron(), execution of @module_previous_cron() took @time.','a:3:{s:7:\"@module\";s:4:\"file\";s:16:\"@module_previous\";s:5:\"field\";s:5:\"@time\";s:3:\"2ms\";}',6,'','https://hed-9lts.ddev.site/admin/content','https://hed-9lts.ddev.site/node/127','172.18.0.6',1641976637),(2462,0,'cron','Attempting to re-run cron while it is already running.','a:0:{}',4,'','https://hed-9lts.ddev.site/admin/config/development/performance','https://hed-9lts.ddev.site/admin/config/development/performance','172.18.0.6',1641976637),(2463,0,'cron','Attempting to re-run cron while it is already running.','a:0:{}',4,'','https://hed-9lts.ddev.site/admin/structure/views/view/bloc_who_we_are_droite','https://hed-9lts.ddev.site/admin/structure/views/view/bloc_who_we_are_droite','172.18.0.6',1641976637),(2464,0,'cron','Starting execution of @module_cron(), execution of @module_previous_cron() took @time.','a:3:{s:7:\"@module\";s:7:\"history\";s:16:\"@module_previous\";s:4:\"file\";s:5:\"@time\";s:7:\"71.14ms\";}',6,'','https://hed-9lts.ddev.site/admin/content','https://hed-9lts.ddev.site/node/127','172.18.0.6',1641976637),(2465,0,'cron','Starting execution of @module_cron(), execution of @module_previous_cron() took @time.','a:3:{s:7:\"@module\";s:14:\"layout_builder\";s:16:\"@module_previous\";s:7:\"history\";s:5:\"@time\";s:6:\"0.29ms\";}',6,'','https://hed-9lts.ddev.site/admin/content','https://hed-9lts.ddev.site/node/127','172.18.0.6',1641976637),(2466,0,'cron','Starting execution of @module_cron(), execution of @module_previous_cron() took @time.','a:3:{s:7:\"@module\";s:6:\"locale\";s:16:\"@module_previous\";s:14:\"layout_builder\";s:5:\"@time\";s:6:\"0.27ms\";}',6,'','https://hed-9lts.ddev.site/admin/content','https://hed-9lts.ddev.site/node/127','172.18.0.6',1641976637),(2467,0,'cron','Starting execution of @module_cron(), execution of @module_previous_cron() took @time.','a:3:{s:7:\"@module\";s:4:\"node\";s:16:\"@module_previous\";s:6:\"locale\";s:5:\"@time\";s:6:\"1.09ms\";}',6,'','https://hed-9lts.ddev.site/admin/content','https://hed-9lts.ddev.site/node/127','172.18.0.6',1641976637),(2468,0,'cron','Starting execution of @module_cron(), execution of @module_previous_cron() took @time.','a:3:{s:7:\"@module\";s:6:\"search\";s:16:\"@module_previous\";s:4:\"node\";s:5:\"@time\";s:6:\"2.14ms\";}',6,'','https://hed-9lts.ddev.site/admin/content','https://hed-9lts.ddev.site/node/127','172.18.0.6',1641976637),(2469,0,'cron','Attempting to re-run cron while it is already running.','a:0:{}',4,'','https://hed-9lts.ddev.site/admin/structure/views/view/bloc_who_we_are_droite','https://hed-9lts.ddev.site/admin/structure/views/view/bloc_who_we_are_droite','172.18.0.6',1641976637),(2470,0,'cron','Starting execution of @module_cron(), execution of @module_previous_cron() took @time.','a:3:{s:7:\"@module\";s:6:\"system\";s:16:\"@module_previous\";s:6:\"search\";s:5:\"@time\";s:8:\"356.25ms\";}',6,'','https://hed-9lts.ddev.site/admin/content','https://hed-9lts.ddev.site/node/127','172.18.0.6',1641976637),(2471,0,'cron','Starting execution of @module_cron(), execution of @module_previous_cron() took @time.','a:3:{s:7:\"@module\";s:6:\"update\";s:16:\"@module_previous\";s:6:\"system\";s:5:\"@time\";s:8:\"347.49ms\";}',6,'','https://hed-9lts.ddev.site/admin/content','https://hed-9lts.ddev.site/node/127','172.18.0.6',1641976637),(2472,0,'cron','Execution of @module_previous_cron() took @time.','a:2:{s:16:\"@module_previous\";s:6:\"update\";s:5:\"@time\";s:7:\"19.92ms\";}',6,'','https://hed-9lts.ddev.site/admin/content','https://hed-9lts.ddev.site/node/127','172.18.0.6',1641976637),(2473,0,'cron','Cron run completed.','a:0:{}',6,'','https://hed-9lts.ddev.site/admin/content','https://hed-9lts.ddev.site/node/127','172.18.0.6',1641976637),(2474,1,'node','The @entity-type %label has been deleted.','a:2:{s:12:\"@entity-type\";O:48:\"Drupal\\Core\\StringTranslation\\TranslatableMarkup\":3:{s:9:\"\0*\0string\";s:12:\"content type\";s:12:\"\0*\0arguments\";a:0:{}s:10:\"\0*\0options\";a:0:{}}s:6:\"%label\";s:11:\"Texte-image\";}',5,'','https://hed-9lts.ddev.site/admin/structure/types/manage/texte_image/delete?destination=%2Fadmin%2Fstructure%2Ftypes','https://hed-9lts.ddev.site/admin/structure/types/manage/texte_image/delete?destination=/admin/structure/types','172.18.0.6',1641979374),(2475,1,'node','Added content type %name.','a:1:{s:5:\"%name\";s:5:\"Stats\";}',5,'<a href=\"/admin/structure/types\">Voir</a>','https://hed-9lts.ddev.site/admin/structure/types/add','https://hed-9lts.ddev.site/admin/structure/types/add','172.18.0.6',1641979399),(2476,1,'content','@type: added %title.','a:2:{s:5:\"@type\";s:5:\"stats\";s:6:\"%title\";s:19:\"SATISFIED CUSTOMERS\";}',5,'<a href=\"/node/128\" hreflang=\"fr\">Voir</a>','https://hed-9lts.ddev.site/node/add/stats','https://hed-9lts.ddev.site/node/add/stats','172.18.0.6',1641979592),(2477,1,'content','@type: added %title.','a:2:{s:5:\"@type\";s:5:\"stats\";s:6:\"%title\";s:18:\"COMPLETED PROJECTS\";}',5,'<a href=\"/node/129\" hreflang=\"fr\">Voir</a>','https://hed-9lts.ddev.site/node/add/stats','https://hed-9lts.ddev.site/node/add/stats','172.18.0.6',1641979620),(2478,1,'content','@type: added %title.','a:2:{s:5:\"@type\";s:5:\"stats\";s:6:\"%title\";s:14:\"WINNING AWARDS\";}',5,'<a href=\"/node/130\" hreflang=\"fr\">Voir</a>','https://hed-9lts.ddev.site/node/add/stats','https://hed-9lts.ddev.site/node/add/stats','172.18.0.6',1641979660),(2479,1,'content','@type: added %title.','a:2:{s:5:\"@type\";s:5:\"stats\";s:6:\"%title\";s:15:\"PIZZA\'S ORDERED\";}',5,'<a href=\"/node/131\" hreflang=\"fr\">Voir</a>','https://hed-9lts.ddev.site/node/add/stats','https://hed-9lts.ddev.site/node/add/stats','172.18.0.6',1641979711),(2480,1,'content','@type: updated %title.','a:2:{s:5:\"@type\";s:5:\"stats\";s:6:\"%title\";s:15:\"PIZZA\'S ORDERED\";}',5,'<a href=\"/node/131\" hreflang=\"fr\">Voir</a>','https://hed-9lts.ddev.site/node/131/edit?destination=%2Fadmin%2Fcontent','https://hed-9lts.ddev.site/node/131/edit?destination=/admin/content','172.18.0.6',1641979788),(2481,1,'content','@type: updated %title.','a:2:{s:5:\"@type\";s:5:\"stats\";s:6:\"%title\";s:19:\"SATISFIED CUSTOMERS\";}',5,'<a href=\"/node/128\" hreflang=\"fr\">Voir</a>','https://hed-9lts.ddev.site/node/128/edit?destination=%2Fadmin%2Fcontent','https://hed-9lts.ddev.site/node/128/edit?destination=/admin/content','172.18.0.6',1641979802),(2482,1,'content','@type: updated %title.','a:2:{s:5:\"@type\";s:5:\"stats\";s:6:\"%title\";s:18:\"COMPLETED PROJECTS\";}',5,'<a href=\"/node/129\" hreflang=\"fr\">Voir</a>','https://hed-9lts.ddev.site/node/129/edit?destination=%2Fadmin%2Fcontent','https://hed-9lts.ddev.site/node/129/edit?destination=/admin/content','172.18.0.6',1641979814),(2483,1,'content','@type: updated %title.','a:2:{s:5:\"@type\";s:5:\"stats\";s:6:\"%title\";s:14:\"WINNING AWARDS\";}',5,'<a href=\"/node/130\" hreflang=\"fr\">Voir</a>','https://hed-9lts.ddev.site/node/130/edit?destination=%2Fadmin%2Fcontent','https://hed-9lts.ddev.site/node/130/edit?destination=/admin/content','172.18.0.6',1641979835),(2484,1,'content','@type: updated %title.','a:2:{s:5:\"@type\";s:7:\"article\";s:6:\"%title\";s:10:\"WHO WE ARE\";}',5,'<a href=\"/node/111\" hreflang=\"fr\">Voir</a>','https://hed-9lts.ddev.site/node/111/edit?destination=%2Fadmin%2Fcontent','https://hed-9lts.ddev.site/node/111/edit?destination=/admin/content','172.18.0.6',1641982141),(2485,1,'content','@type: deleted %title.','a:2:{s:5:\"@type\";s:7:\"article\";s:6:\"%title\";s:14:\"WHO WE ARE-img\";}',5,'','https://hed-9lts.ddev.site/node/127/delete?destination=%2Fadmin%2Fcontent','https://hed-9lts.ddev.site/node/127/delete?destination=/admin/content','172.18.0.6',1641982153),(2486,1,'content','@type: added %title.','a:2:{s:5:\"@type\";s:7:\"article\";s:6:\"%title\";s:14:\"WHO WE ARE-img\";}',5,'<a href=\"/node/132\" hreflang=\"fr\">Voir</a>','https://hed-9lts.ddev.site/node/add/article','https://hed-9lts.ddev.site/node/add/article','172.18.0.6',1641983021),(2487,1,'content','@type: updated %title.','a:2:{s:5:\"@type\";s:7:\"article\";s:6:\"%title\";s:10:\"WHO WE ARE\";}',5,'<a href=\"/node/111\" hreflang=\"fr\">Voir</a>','https://hed-9lts.ddev.site/node/111/edit?destination=%2Fadmin%2Fcontent','https://hed-9lts.ddev.site/node/111/edit?destination=/admin/content','172.18.0.6',1641983047),(2488,1,'content','@type: updated %title.','a:2:{s:5:\"@type\";s:7:\"article\";s:6:\"%title\";s:10:\"WHO WE ARE\";}',5,'<a href=\"/node/111\" hreflang=\"fr\">Voir</a>','https://hed-9lts.ddev.site/node/111/edit?destination=%2Fadmin%2Fcontent','https://hed-9lts.ddev.site/node/111/edit?destination=/admin/content','172.18.0.6',1641983170),(2489,1,'content','@type: updated %title.','a:2:{s:5:\"@type\";s:7:\"article\";s:6:\"%title\";s:8:\"welcome2\";}',5,'<a href=\"/node/126\" hreflang=\"fr\">Voir</a>','https://hed-9lts.ddev.site/node/126/edit?destination=%2Fadmin%2Fcontent','https://hed-9lts.ddev.site/node/126/edit?destination=/admin/content','172.18.0.6',1641984074),(2490,1,'content','@type: updated %title.','a:2:{s:5:\"@type\";s:7:\"article\";s:6:\"%title\";s:8:\"welcome2\";}',5,'<a href=\"/node/126\" hreflang=\"fr\">Voir</a>','https://hed-9lts.ddev.site/node/126/edit?destination=%2Fadmin%2Fcontent','https://hed-9lts.ddev.site/node/126/edit?destination=/admin/content','172.18.0.6',1641984136),(2491,1,'content','@type: updated %title.','a:2:{s:5:\"@type\";s:7:\"article\";s:6:\"%title\";s:8:\"welcome2\";}',5,'<a href=\"/node/126\" hreflang=\"fr\">Voir</a>','https://hed-9lts.ddev.site/node/126/edit?destination=%2Fadmin%2Fcontent','https://hed-9lts.ddev.site/node/126/edit?destination=/admin/content','172.18.0.6',1641984541),(2492,0,'cron','Starting execution of @module_cron().','a:1:{s:7:\"@module\";s:7:\"comment\";}',6,'','https://hed-9lts.ddev.site/admin/structure/views/view/bloc_who_we_are_droite','https://hed-9lts.ddev.site/admin/structure/views/view/bloc_who_we_are_droite','172.18.0.6',1641992841),(2493,0,'cron','Starting execution of @module_cron(), execution of @module_previous_cron() took @time.','a:3:{s:7:\"@module\";s:5:\"dblog\";s:16:\"@module_previous\";s:7:\"comment\";s:5:\"@time\";s:6:\"1.38ms\";}',6,'','https://hed-9lts.ddev.site/admin/structure/views/view/bloc_who_we_are_droite','https://hed-9lts.ddev.site/admin/structure/views/view/bloc_who_we_are_droite','172.18.0.6',1641992841),(2494,0,'cron','Starting execution of @module_cron(), execution of @module_previous_cron() took @time.','a:3:{s:7:\"@module\";s:5:\"field\";s:16:\"@module_previous\";s:5:\"dblog\";s:5:\"@time\";s:7:\"11.48ms\";}',6,'','https://hed-9lts.ddev.site/admin/structure/views/view/bloc_who_we_are_droite','https://hed-9lts.ddev.site/admin/structure/views/view/bloc_who_we_are_droite','172.18.0.6',1641992841),(2495,0,'cron','Starting execution of @module_cron(), execution of @module_previous_cron() took @time.','a:3:{s:7:\"@module\";s:4:\"file\";s:16:\"@module_previous\";s:5:\"field\";s:5:\"@time\";s:7:\"56.87ms\";}',6,'','https://hed-9lts.ddev.site/admin/structure/views/view/bloc_who_we_are_droite','https://hed-9lts.ddev.site/admin/structure/views/view/bloc_who_we_are_droite','172.18.0.6',1641992841),(2496,0,'cron','Starting execution of @module_cron(), execution of @module_previous_cron() took @time.','a:3:{s:7:\"@module\";s:7:\"history\";s:16:\"@module_previous\";s:4:\"file\";s:5:\"@time\";s:6:\"3.91ms\";}',6,'','https://hed-9lts.ddev.site/admin/structure/views/view/bloc_who_we_are_droite','https://hed-9lts.ddev.site/admin/structure/views/view/bloc_who_we_are_droite','172.18.0.6',1641992841),(2497,0,'cron','Starting execution of @module_cron(), execution of @module_previous_cron() took @time.','a:3:{s:7:\"@module\";s:14:\"layout_builder\";s:16:\"@module_previous\";s:7:\"history\";s:5:\"@time\";s:6:\"0.65ms\";}',6,'','https://hed-9lts.ddev.site/admin/structure/views/view/bloc_who_we_are_droite','https://hed-9lts.ddev.site/admin/structure/views/view/bloc_who_we_are_droite','172.18.0.6',1641992841),(2498,0,'cron','Starting execution of @module_cron(), execution of @module_previous_cron() took @time.','a:3:{s:7:\"@module\";s:6:\"locale\";s:16:\"@module_previous\";s:14:\"layout_builder\";s:5:\"@time\";s:6:\"2.07ms\";}',6,'','https://hed-9lts.ddev.site/admin/structure/views/view/bloc_who_we_are_droite','https://hed-9lts.ddev.site/admin/structure/views/view/bloc_who_we_are_droite','172.18.0.6',1641992841),(2499,0,'cron','Starting execution of @module_cron(), execution of @module_previous_cron() took @time.','a:3:{s:7:\"@module\";s:4:\"node\";s:16:\"@module_previous\";s:6:\"locale\";s:5:\"@time\";s:6:\"0.03ms\";}',6,'','https://hed-9lts.ddev.site/admin/structure/views/view/bloc_who_we_are_droite','https://hed-9lts.ddev.site/admin/structure/views/view/bloc_who_we_are_droite','172.18.0.6',1641992841),(2500,0,'cron','Starting execution of @module_cron(), execution of @module_previous_cron() took @time.','a:3:{s:7:\"@module\";s:6:\"search\";s:16:\"@module_previous\";s:4:\"node\";s:5:\"@time\";s:6:\"1.67ms\";}',6,'','https://hed-9lts.ddev.site/admin/structure/views/view/bloc_who_we_are_droite','https://hed-9lts.ddev.site/admin/structure/views/view/bloc_who_we_are_droite','172.18.0.6',1641992841),(2501,0,'cron','Starting execution of @module_cron(), execution of @module_previous_cron() took @time.','a:3:{s:7:\"@module\";s:6:\"system\";s:16:\"@module_previous\";s:6:\"search\";s:5:\"@time\";s:8:\"419.09ms\";}',6,'','https://hed-9lts.ddev.site/admin/structure/views/view/bloc_who_we_are_droite','https://hed-9lts.ddev.site/admin/structure/views/view/bloc_who_we_are_droite','172.18.0.6',1641992841),(2502,0,'cron','Starting execution of @module_cron(), execution of @module_previous_cron() took @time.','a:3:{s:7:\"@module\";s:6:\"update\";s:16:\"@module_previous\";s:6:\"system\";s:5:\"@time\";s:7:\"20.72ms\";}',6,'','https://hed-9lts.ddev.site/admin/structure/views/view/bloc_who_we_are_droite','https://hed-9lts.ddev.site/admin/structure/views/view/bloc_who_we_are_droite','172.18.0.6',1641992841),(2503,0,'cron','Execution of @module_previous_cron() took @time.','a:2:{s:16:\"@module_previous\";s:6:\"update\";s:5:\"@time\";s:8:\"406.31ms\";}',6,'','https://hed-9lts.ddev.site/admin/structure/views/view/bloc_who_we_are_droite','https://hed-9lts.ddev.site/admin/structure/views/view/bloc_who_we_are_droite','172.18.0.6',1641992842),(2504,0,'cron','Cron run completed.','a:0:{}',6,'','https://hed-9lts.ddev.site/admin/structure/views/view/bloc_who_we_are_droite','https://hed-9lts.ddev.site/admin/structure/views/view/bloc_who_we_are_droite','172.18.0.6',1641992842),(2505,1,'content','@type: added %title.','a:2:{s:5:\"@type\";s:7:\"article\";s:6:\"%title\";s:8:\"wwa_left\";}',5,'<a href=\"/node/133\" hreflang=\"fr\">Voir</a>','https://hed-9lts.ddev.site/node/add/article','https://hed-9lts.ddev.site/node/add/article','172.18.0.6',1642001441),(2506,1,'content','@type: added %title.','a:2:{s:5:\"@type\";s:7:\"article\";s:6:\"%title\";s:9:\"wwa_rigth\";}',5,'<a href=\"/node/134\" hreflang=\"fr\">Voir</a>','https://hed-9lts.ddev.site/node/add/article','https://hed-9lts.ddev.site/node/add/article','172.18.0.6',1642001596),(2507,1,'page not found','@uri','a:1:{s:4:\"@uri\";s:15:\"/node/undefined\";}',4,'','https://hed-9lts.ddev.site/node/undefined','https://hed-9lts.ddev.site/node/134','172.18.0.6',1642001598),(2508,1,'content','@type: updated %title.','a:2:{s:5:\"@type\";s:7:\"article\";s:6:\"%title\";s:9:\"wwa_rigth\";}',5,'<a href=\"/node/134\" hreflang=\"fr\">Voir</a>','https://hed-9lts.ddev.site/node/134/edit?destination=%2Fadmin%2Fcontent','https://hed-9lts.ddev.site/node/134/edit?destination=/admin/content','172.18.0.6',1642001634),(2509,1,'content','@type: updated %title.','a:2:{s:5:\"@type\";s:7:\"article\";s:6:\"%title\";s:9:\"wwa_rigth\";}',5,'<a href=\"/node/134\" hreflang=\"fr\">Voir</a>','https://hed-9lts.ddev.site/node/134/edit?destination=%2Fadmin%2Fcontent','https://hed-9lts.ddev.site/node/134/edit?destination=/admin/content','172.18.0.6',1642002418),(2510,1,'content','@type: updated %title.','a:2:{s:5:\"@type\";s:7:\"article\";s:6:\"%title\";s:9:\"wwa_rigth\";}',5,'<a href=\"/node/134\" hreflang=\"fr\">Voir</a>','https://hed-9lts.ddev.site/node/134/edit?destination=%2Fadmin%2Fcontent','https://hed-9lts.ddev.site/node/134/edit?destination=/admin/content','172.18.0.6',1642002463),(2511,0,'cron','Starting execution of @module_cron().','a:1:{s:7:\"@module\";s:7:\"comment\";}',6,'','https://hed-9lts.ddev.site/admin/modules','https://hed-9lts.ddev.site/node/133/edit?destination=/admin/content','172.18.0.6',1642004339),(2512,0,'cron','Starting execution of @module_cron(), execution of @module_previous_cron() took @time.','a:3:{s:7:\"@module\";s:5:\"dblog\";s:16:\"@module_previous\";s:7:\"comment\";s:5:\"@time\";s:6:\"0.99ms\";}',6,'','https://hed-9lts.ddev.site/admin/modules','https://hed-9lts.ddev.site/node/133/edit?destination=/admin/content','172.18.0.6',1642004339),(2513,0,'cron','Starting execution of @module_cron(), execution of @module_previous_cron() took @time.','a:3:{s:7:\"@module\";s:5:\"field\";s:16:\"@module_previous\";s:5:\"dblog\";s:5:\"@time\";s:6:\"5.91ms\";}',6,'','https://hed-9lts.ddev.site/admin/modules','https://hed-9lts.ddev.site/node/133/edit?destination=/admin/content','172.18.0.6',1642004339),(2514,0,'cron','Starting execution of @module_cron(), execution of @module_previous_cron() took @time.','a:3:{s:7:\"@module\";s:4:\"file\";s:16:\"@module_previous\";s:5:\"field\";s:5:\"@time\";s:6:\"3.34ms\";}',6,'','https://hed-9lts.ddev.site/admin/modules','https://hed-9lts.ddev.site/node/133/edit?destination=/admin/content','172.18.0.6',1642004339),(2515,0,'cron','Starting execution of @module_cron(), execution of @module_previous_cron() took @time.','a:3:{s:7:\"@module\";s:7:\"history\";s:16:\"@module_previous\";s:4:\"file\";s:5:\"@time\";s:6:\"2.34ms\";}',6,'','https://hed-9lts.ddev.site/admin/modules','https://hed-9lts.ddev.site/node/133/edit?destination=/admin/content','172.18.0.6',1642004339),(2516,0,'cron','Starting execution of @module_cron(), execution of @module_previous_cron() took @time.','a:3:{s:7:\"@module\";s:14:\"layout_builder\";s:16:\"@module_previous\";s:7:\"history\";s:5:\"@time\";s:6:\"0.26ms\";}',6,'','https://hed-9lts.ddev.site/admin/modules','https://hed-9lts.ddev.site/node/133/edit?destination=/admin/content','172.18.0.6',1642004339),(2517,0,'cron','Starting execution of @module_cron(), execution of @module_previous_cron() took @time.','a:3:{s:7:\"@module\";s:6:\"locale\";s:16:\"@module_previous\";s:14:\"layout_builder\";s:5:\"@time\";s:6:\"2.13ms\";}',6,'','https://hed-9lts.ddev.site/admin/modules','https://hed-9lts.ddev.site/node/133/edit?destination=/admin/content','172.18.0.6',1642004339),(2518,0,'cron','Starting execution of @module_cron(), execution of @module_previous_cron() took @time.','a:3:{s:7:\"@module\";s:4:\"node\";s:16:\"@module_previous\";s:6:\"locale\";s:5:\"@time\";s:6:\"0.02ms\";}',6,'','https://hed-9lts.ddev.site/admin/modules','https://hed-9lts.ddev.site/node/133/edit?destination=/admin/content','172.18.0.6',1642004339),(2519,0,'cron','Starting execution of @module_cron(), execution of @module_previous_cron() took @time.','a:3:{s:7:\"@module\";s:6:\"search\";s:16:\"@module_previous\";s:4:\"node\";s:5:\"@time\";s:6:\"3.67ms\";}',6,'','https://hed-9lts.ddev.site/admin/modules','https://hed-9lts.ddev.site/node/133/edit?destination=/admin/content','172.18.0.6',1642004339),(2520,0,'cron','Starting execution of @module_cron(), execution of @module_previous_cron() took @time.','a:3:{s:7:\"@module\";s:6:\"system\";s:16:\"@module_previous\";s:6:\"search\";s:5:\"@time\";s:8:\"178.75ms\";}',6,'','https://hed-9lts.ddev.site/admin/modules','https://hed-9lts.ddev.site/node/133/edit?destination=/admin/content','172.18.0.6',1642004339),(2521,0,'cron','Starting execution of @module_cron(), execution of @module_previous_cron() took @time.','a:3:{s:7:\"@module\";s:6:\"update\";s:16:\"@module_previous\";s:6:\"system\";s:5:\"@time\";s:7:\"79.43ms\";}',6,'','https://hed-9lts.ddev.site/admin/modules','https://hed-9lts.ddev.site/node/133/edit?destination=/admin/content','172.18.0.6',1642004339),(2522,0,'cron','Execution of @module_previous_cron() took @time.','a:2:{s:16:\"@module_previous\";s:6:\"update\";s:5:\"@time\";s:7:\"27.97ms\";}',6,'','https://hed-9lts.ddev.site/admin/modules','https://hed-9lts.ddev.site/node/133/edit?destination=/admin/content','172.18.0.6',1642004339),(2523,0,'cron','Cron run completed.','a:0:{}',6,'','https://hed-9lts.ddev.site/admin/modules','https://hed-9lts.ddev.site/node/133/edit?destination=/admin/content','172.18.0.6',1642004339),(2524,1,'system','%module module installed.','a:1:{s:7:\"%module\";s:2:\"ds\";}',6,'','https://hed-9lts.ddev.site/admin/modules','https://hed-9lts.ddev.site/admin/modules','172.18.0.6',1642004389),(2525,1,'locale','Translations imported: %number added, %update updated, %delete removed.','a:3:{s:7:\"%number\";i:0;s:7:\"%update\";i:167;s:7:\"%delete\";i:0;}',5,'','https://hed-9lts.ddev.site/batch?id=34&op=finished','https://hed-9lts.ddev.site/batch?id=34&op=start','172.18.0.6',1642004395),(2526,0,'cron','Starting execution of @module_cron().','a:1:{s:7:\"@module\";s:7:\"comment\";}',6,'','https://hed-9lts.ddev.site/admin/content','https://hed-9lts.ddev.site/admin/content','172.18.0.6',1642062599),(2527,0,'cron','Starting execution of @module_cron(), execution of @module_previous_cron() took @time.','a:3:{s:7:\"@module\";s:5:\"dblog\";s:16:\"@module_previous\";s:7:\"comment\";s:5:\"@time\";s:6:\"1.07ms\";}',6,'','https://hed-9lts.ddev.site/admin/content','https://hed-9lts.ddev.site/admin/content','172.18.0.6',1642062599),(2528,0,'cron','Starting execution of @module_cron(), execution of @module_previous_cron() took @time.','a:3:{s:7:\"@module\";s:5:\"field\";s:16:\"@module_previous\";s:5:\"dblog\";s:5:\"@time\";s:6:\"3.34ms\";}',6,'','https://hed-9lts.ddev.site/admin/content','https://hed-9lts.ddev.site/admin/content','172.18.0.6',1642062599),(2529,0,'cron','Starting execution of @module_cron(), execution of @module_previous_cron() took @time.','a:3:{s:7:\"@module\";s:4:\"file\";s:16:\"@module_previous\";s:5:\"field\";s:5:\"@time\";s:5:\"1.6ms\";}',6,'','https://hed-9lts.ddev.site/admin/content','https://hed-9lts.ddev.site/admin/content','172.18.0.6',1642062599),(2530,0,'cron','Starting execution of @module_cron(), execution of @module_previous_cron() took @time.','a:3:{s:7:\"@module\";s:7:\"history\";s:16:\"@module_previous\";s:4:\"file\";s:5:\"@time\";s:6:\"2.35ms\";}',6,'','https://hed-9lts.ddev.site/admin/content','https://hed-9lts.ddev.site/admin/content','172.18.0.6',1642062599),(2531,0,'cron','Starting execution of @module_cron(), execution of @module_previous_cron() took @time.','a:3:{s:7:\"@module\";s:14:\"layout_builder\";s:16:\"@module_previous\";s:7:\"history\";s:5:\"@time\";s:6:\"0.24ms\";}',6,'','https://hed-9lts.ddev.site/admin/content','https://hed-9lts.ddev.site/admin/content','172.18.0.6',1642062599),(2532,0,'cron','Starting execution of @module_cron(), execution of @module_previous_cron() took @time.','a:3:{s:7:\"@module\";s:6:\"locale\";s:16:\"@module_previous\";s:14:\"layout_builder\";s:5:\"@time\";s:6:\"1.66ms\";}',6,'','https://hed-9lts.ddev.site/admin/content','https://hed-9lts.ddev.site/admin/content','172.18.0.6',1642062599),(2533,0,'cron','Starting execution of @module_cron(), execution of @module_previous_cron() took @time.','a:3:{s:7:\"@module\";s:4:\"node\";s:16:\"@module_previous\";s:6:\"locale\";s:5:\"@time\";s:6:\"0.02ms\";}',6,'','https://hed-9lts.ddev.site/admin/content','https://hed-9lts.ddev.site/admin/content','172.18.0.6',1642062599),(2534,0,'cron','Starting execution of @module_cron(), execution of @module_previous_cron() took @time.','a:3:{s:7:\"@module\";s:6:\"search\";s:16:\"@module_previous\";s:4:\"node\";s:5:\"@time\";s:6:\"1.46ms\";}',6,'','https://hed-9lts.ddev.site/admin/content','https://hed-9lts.ddev.site/admin/content','172.18.0.6',1642062599),(2535,0,'cron','Starting execution of @module_cron(), execution of @module_previous_cron() took @time.','a:3:{s:7:\"@module\";s:6:\"system\";s:16:\"@module_previous\";s:6:\"search\";s:5:\"@time\";s:6:\"15.2ms\";}',6,'','https://hed-9lts.ddev.site/admin/content','https://hed-9lts.ddev.site/admin/content','172.18.0.6',1642062599),(2536,0,'cron','Starting execution of @module_cron(), execution of @module_previous_cron() took @time.','a:3:{s:7:\"@module\";s:6:\"update\";s:16:\"@module_previous\";s:6:\"system\";s:5:\"@time\";s:8:\"150.51ms\";}',6,'','https://hed-9lts.ddev.site/admin/content','https://hed-9lts.ddev.site/admin/content','172.18.0.6',1642062599),(2537,0,'cron','Execution of @module_previous_cron() took @time.','a:2:{s:16:\"@module_previous\";s:6:\"update\";s:5:\"@time\";s:7:\"47.17ms\";}',6,'','https://hed-9lts.ddev.site/admin/content','https://hed-9lts.ddev.site/admin/content','172.18.0.6',1642062599),(2538,0,'cron','Cron run completed.','a:0:{}',6,'','https://hed-9lts.ddev.site/admin/content','https://hed-9lts.ddev.site/admin/content','172.18.0.6',1642062599),(2539,1,'node','Added content type %name.','a:1:{s:5:\"%name\";s:4:\"Home\";}',5,'<a href=\"/admin/structure/types\">Voir</a>','https://hed-9lts.ddev.site/admin/structure/types/add','https://hed-9lts.ddev.site/admin/structure/types/add','172.18.0.6',1642063041),(2540,1,'page not found','@uri','a:1:{s:4:\"@uri\";s:19:\"/quickedit/metadata\";}',4,'','https://hed-9lts.ddev.site/quickedit/metadata','https://hed-9lts.ddev.site/node/preview/d06c5b9e-8eb5-423e-bad7-a8a5415a95db/full','172.18.0.6',1642065087),(2541,1,'content','@type: added %title.','a:2:{s:5:\"@type\";s:4:\"home\";s:6:\"%title\";s:8:\"Homepage\";}',5,'<a href=\"/homepage\" hreflang=\"fr\">Voir</a>','https://hed-9lts.ddev.site/node/add/home','https://hed-9lts.ddev.site/node/add/home','172.18.0.6',1642065128),(2542,1,'content','@type: updated %title.','a:2:{s:5:\"@type\";s:4:\"home\";s:6:\"%title\";s:8:\"Homepage\";}',5,'<a href=\"/homepage\" hreflang=\"fr\">Voir</a>','https://hed-9lts.ddev.site/node/135/edit?destination=%2Fadmin%2Fcontent','https://hed-9lts.ddev.site/node/135/edit?destination=/admin/content','172.18.0.6',1642065244),(2543,1,'content','@type: updated %title.','a:2:{s:5:\"@type\";s:4:\"home\";s:6:\"%title\";s:8:\"Homepage\";}',5,'<a href=\"/homepage\" hreflang=\"fr\">Voir</a>','https://hed-9lts.ddev.site/node/135/edit?destination=%2Fadmin%2Fcontent','https://hed-9lts.ddev.site/node/135/edit?destination=/admin/content','172.18.0.6',1642065569),(2544,1,'content','@type: updated %title.','a:2:{s:5:\"@type\";s:4:\"home\";s:6:\"%title\";s:8:\"Homepage\";}',5,'<a href=\"/homepage\" hreflang=\"fr\">Voir</a>','https://hed-9lts.ddev.site/node/135/edit?destination=%2Fadmin%2Fcontent','https://hed-9lts.ddev.site/node/135/edit?destination=/admin/content','172.18.0.6',1642065959),(2545,1,'content','@type: updated %title.','a:2:{s:5:\"@type\";s:4:\"home\";s:6:\"%title\";s:8:\"Homepage\";}',5,'<a href=\"/homepage\" hreflang=\"fr\">Voir</a>','https://hed-9lts.ddev.site/node/135/edit?destination=%2Fadmin%2Fcontent','https://hed-9lts.ddev.site/node/135/edit?destination=/admin/content','172.18.0.6',1642066283),(2546,1,'content','@type: updated %title.','a:2:{s:5:\"@type\";s:4:\"home\";s:6:\"%title\";s:8:\"Homepage\";}',5,'<a href=\"/homepage\" hreflang=\"fr\">Voir</a>','https://hed-9lts.ddev.site/node/135/edit?destination=%2Fadmin%2Fcontent','https://hed-9lts.ddev.site/node/135/edit?destination=/admin/content','172.18.0.6',1642066318),(2547,1,'content','@type: updated %title.','a:2:{s:5:\"@type\";s:4:\"home\";s:6:\"%title\";s:8:\"Homepage\";}',5,'<a href=\"/homepage\" hreflang=\"fr\">Voir</a>','https://hed-9lts.ddev.site/node/135/edit?destination=%2Fadmin%2Fcontent','https://hed-9lts.ddev.site/node/135/edit?destination=/admin/content','172.18.0.6',1642066798),(2548,1,'content','@type: updated %title.','a:2:{s:5:\"@type\";s:4:\"home\";s:6:\"%title\";s:8:\"Homepage\";}',5,'<a href=\"/homepage\" hreflang=\"fr\">Voir</a>','https://hed-9lts.ddev.site/node/135/edit?destination=%2Fadmin%2Fcontent','https://hed-9lts.ddev.site/node/135/edit?destination=/admin/content','172.18.0.6',1642067118),(2549,1,'content','@type: updated %title.','a:2:{s:5:\"@type\";s:4:\"home\";s:6:\"%title\";s:8:\"Homepage\";}',5,'<a href=\"/homepage\" hreflang=\"fr\">Voir</a>','https://hed-9lts.ddev.site/node/135/edit?destination=%2Fadmin%2Fcontent','https://hed-9lts.ddev.site/node/135/edit?destination=/admin/content','172.18.0.6',1642067478),(2550,1,'content','@type: updated %title.','a:2:{s:5:\"@type\";s:4:\"home\";s:6:\"%title\";s:8:\"Homepage\";}',5,'<a href=\"/homepage\" hreflang=\"fr\">Voir</a>','https://hed-9lts.ddev.site/node/135/edit?destination=%2Fadmin%2Fcontent','https://hed-9lts.ddev.site/node/135/edit?destination=/admin/content','172.18.0.6',1642067519),(2551,1,'content','@type: updated %title.','a:2:{s:5:\"@type\";s:4:\"home\";s:6:\"%title\";s:8:\"Homepage\";}',5,'<a href=\"/homepage\" hreflang=\"fr\">Voir</a>','https://hed-9lts.ddev.site/node/135/edit?destination=%2Fadmin%2Fcontent','https://hed-9lts.ddev.site/node/135/edit?destination=/admin/content','172.18.0.6',1642067841),(2552,1,'content','@type: updated %title.','a:2:{s:5:\"@type\";s:4:\"home\";s:6:\"%title\";s:8:\"Homepage\";}',5,'<a href=\"/homepage\" hreflang=\"fr\">Voir</a>','https://hed-9lts.ddev.site/node/135/edit?destination=%2Fadmin%2Fcontent','https://hed-9lts.ddev.site/node/135/edit?destination=/admin/content','172.18.0.6',1642068142),(2553,1,'content','@type: updated %title.','a:2:{s:5:\"@type\";s:4:\"home\";s:6:\"%title\";s:8:\"Homepage\";}',5,'<a href=\"/homepage\" hreflang=\"fr\">Voir</a>','https://hed-9lts.ddev.site/node/135/edit?destination=%2Fadmin%2Fcontent','https://hed-9lts.ddev.site/node/135/edit?destination=/admin/content','172.18.0.6',1642068590),(2554,1,'content','@type: updated %title.','a:2:{s:5:\"@type\";s:4:\"home\";s:6:\"%title\";s:8:\"Homepage\";}',5,'<a href=\"/homepage\" hreflang=\"fr\">Voir</a>','https://hed-9lts.ddev.site/node/135/edit?destination=%2Fadmin%2Fcontent','https://hed-9lts.ddev.site/node/135/edit?destination=/admin/content','172.18.0.6',1642069036),(2555,1,'content','@type: updated %title.','a:2:{s:5:\"@type\";s:4:\"home\";s:6:\"%title\";s:8:\"Homepage\";}',5,'<a href=\"/homepage\" hreflang=\"fr\">Voir</a>','https://hed-9lts.ddev.site/node/135/edit?destination=%2Fadmin%2Fcontent','https://hed-9lts.ddev.site/node/135/edit?destination=/admin/content','172.18.0.6',1642069673),(2556,0,'cron','Starting execution of @module_cron().','a:1:{s:7:\"@module\";s:7:\"comment\";}',6,'','https://hed-9lts.ddev.site/node/135/edit?destination=%2Fadmin%2Fcontent','https://hed-9lts.ddev.site/node/135/edit?destination=/admin/content','172.18.0.6',1642079607),(2557,0,'cron','Starting execution of @module_cron(), execution of @module_previous_cron() took @time.','a:3:{s:7:\"@module\";s:5:\"dblog\";s:16:\"@module_previous\";s:7:\"comment\";s:5:\"@time\";s:6:\"1.21ms\";}',6,'','https://hed-9lts.ddev.site/node/135/edit?destination=%2Fadmin%2Fcontent','https://hed-9lts.ddev.site/node/135/edit?destination=/admin/content','172.18.0.6',1642079607),(2558,0,'cron','Starting execution of @module_cron(), execution of @module_previous_cron() took @time.','a:3:{s:7:\"@module\";s:5:\"field\";s:16:\"@module_previous\";s:5:\"dblog\";s:5:\"@time\";s:6:\"3.72ms\";}',6,'','https://hed-9lts.ddev.site/node/135/edit?destination=%2Fadmin%2Fcontent','https://hed-9lts.ddev.site/node/135/edit?destination=/admin/content','172.18.0.6',1642079607),(2559,0,'cron','Starting execution of @module_cron(), execution of @module_previous_cron() took @time.','a:3:{s:7:\"@module\";s:4:\"file\";s:16:\"@module_previous\";s:5:\"field\";s:5:\"@time\";s:6:\"2.74ms\";}',6,'','https://hed-9lts.ddev.site/node/135/edit?destination=%2Fadmin%2Fcontent','https://hed-9lts.ddev.site/node/135/edit?destination=/admin/content','172.18.0.6',1642079607),(2560,0,'cron','Starting execution of @module_cron(), execution of @module_previous_cron() took @time.','a:3:{s:7:\"@module\";s:7:\"history\";s:16:\"@module_previous\";s:4:\"file\";s:5:\"@time\";s:6:\"0.85ms\";}',6,'','https://hed-9lts.ddev.site/node/135/edit?destination=%2Fadmin%2Fcontent','https://hed-9lts.ddev.site/node/135/edit?destination=/admin/content','172.18.0.6',1642079607),(2561,0,'cron','Starting execution of @module_cron(), execution of @module_previous_cron() took @time.','a:3:{s:7:\"@module\";s:14:\"layout_builder\";s:16:\"@module_previous\";s:7:\"history\";s:5:\"@time\";s:6:\"0.39ms\";}',6,'','https://hed-9lts.ddev.site/node/135/edit?destination=%2Fadmin%2Fcontent','https://hed-9lts.ddev.site/node/135/edit?destination=/admin/content','172.18.0.6',1642079607),(2562,0,'cron','Starting execution of @module_cron(), execution of @module_previous_cron() took @time.','a:3:{s:7:\"@module\";s:6:\"locale\";s:16:\"@module_previous\";s:14:\"layout_builder\";s:5:\"@time\";s:6:\"1.81ms\";}',6,'','https://hed-9lts.ddev.site/node/135/edit?destination=%2Fadmin%2Fcontent','https://hed-9lts.ddev.site/node/135/edit?destination=/admin/content','172.18.0.6',1642079607),(2563,0,'cron','Starting execution of @module_cron(), execution of @module_previous_cron() took @time.','a:3:{s:7:\"@module\";s:4:\"node\";s:16:\"@module_previous\";s:6:\"locale\";s:5:\"@time\";s:6:\"0.02ms\";}',6,'','https://hed-9lts.ddev.site/node/135/edit?destination=%2Fadmin%2Fcontent','https://hed-9lts.ddev.site/node/135/edit?destination=/admin/content','172.18.0.6',1642079607),(2564,0,'cron','Starting execution of @module_cron(), execution of @module_previous_cron() took @time.','a:3:{s:7:\"@module\";s:6:\"search\";s:16:\"@module_previous\";s:4:\"node\";s:5:\"@time\";s:6:\"3.57ms\";}',6,'','https://hed-9lts.ddev.site/node/135/edit?destination=%2Fadmin%2Fcontent','https://hed-9lts.ddev.site/node/135/edit?destination=/admin/content','172.18.0.6',1642079607),(2565,0,'cron','Starting execution of @module_cron(), execution of @module_previous_cron() took @time.','a:3:{s:7:\"@module\";s:6:\"system\";s:16:\"@module_previous\";s:6:\"search\";s:5:\"@time\";s:8:\"284.41ms\";}',6,'','https://hed-9lts.ddev.site/node/135/edit?destination=%2Fadmin%2Fcontent','https://hed-9lts.ddev.site/node/135/edit?destination=/admin/content','172.18.0.6',1642079607),(2566,0,'cron','Starting execution of @module_cron(), execution of @module_previous_cron() took @time.','a:3:{s:7:\"@module\";s:6:\"update\";s:16:\"@module_previous\";s:6:\"system\";s:5:\"@time\";s:6:\"9.54ms\";}',6,'','https://hed-9lts.ddev.site/node/135/edit?destination=%2Fadmin%2Fcontent','https://hed-9lts.ddev.site/node/135/edit?destination=/admin/content','172.18.0.6',1642079607),(2567,0,'cron','Execution of @module_previous_cron() took @time.','a:2:{s:16:\"@module_previous\";s:6:\"update\";s:5:\"@time\";s:8:\"598.36ms\";}',6,'','https://hed-9lts.ddev.site/node/135/edit?destination=%2Fadmin%2Fcontent','https://hed-9lts.ddev.site/node/135/edit?destination=/admin/content','172.18.0.6',1642079608),(2568,0,'cron','Cron run completed.','a:0:{}',6,'','https://hed-9lts.ddev.site/node/135/edit?destination=%2Fadmin%2Fcontent','https://hed-9lts.ddev.site/node/135/edit?destination=/admin/content','172.18.0.6',1642079608),(2569,1,'content','@type: updated %title.','a:2:{s:5:\"@type\";s:4:\"home\";s:6:\"%title\";s:8:\"Homepage\";}',5,'<a href=\"/homepage\" hreflang=\"fr\">Voir</a>','https://hed-9lts.ddev.site/node/135/edit?destination=%2Fadmin%2Fcontent','https://hed-9lts.ddev.site/node/135/edit?destination=/admin/content','172.18.0.6',1642079663),(2570,1,'content','@type: updated %title.','a:2:{s:5:\"@type\";s:4:\"home\";s:6:\"%title\";s:8:\"Homepage\";}',5,'<a href=\"/homepage\" hreflang=\"fr\">Voir</a>','https://hed-9lts.ddev.site/node/135/edit?destination=%2Fadmin%2Fcontent','https://hed-9lts.ddev.site/node/135/edit?destination=/admin/content','172.18.0.6',1642079783),(2571,1,'php','%type: @message in %function (line %line of %file) @backtrace_string.','a:6:{s:5:\"%type\";s:6:\"Notice\";s:8:\"@message\";O:25:\"Drupal\\Core\\Render\\Markup\":1:{s:9:\"\0*\0string\";s:22:\"Undefined index: #type\";}s:9:\"%function\";s:28:\"_ds_field_ui_table_layouts()\";s:5:\"%file\";s:50:\"/var/www/html/web/modules/ds/includes/field_ui.inc\";s:5:\"%line\";i:826;s:17:\"@backtrace_string\";s:4558:\"#0 /var/www/html/web/core/includes/bootstrap.inc(312): _drupal_error_handler_real(8, \'Undefined index...\', \'/var/www/html/w...\', 826)\n#1 /var/www/html/web/modules/ds/includes/field_ui.inc(826): _drupal_error_handler(8, \'Undefined index...\', \'/var/www/html/w...\', 826, Array)\n#2 /var/www/html/web/modules/ds/includes/field_ui.inc(51): _ds_field_ui_table_layouts(\'node\', \'home\', \'default\', Array, Object(Drupal\\Core\\Form\\FormState))\n#3 /var/www/html/web/modules/ds/ds.module(241): ds_field_ui_fields_layouts(Array, Object(Drupal\\Core\\Form\\FormState))\n#4 /var/www/html/web/core/lib/Drupal/Core/Extension/ModuleHandler.php(539): ds_form_entity_view_display_edit_form_alter(Array, Object(Drupal\\Core\\Form\\FormState), \'entity_view_dis...\')\n#5 /var/www/html/web/core/lib/Drupal/Core/Form/FormBuilder.php(836): Drupal\\Core\\Extension\\ModuleHandler->alter(\'form\', Array, Object(Drupal\\Core\\Form\\FormState), \'entity_view_dis...\')\n#6 /var/www/html/web/core/lib/Drupal/Core/Form/FormBuilder.php(279): Drupal\\Core\\Form\\FormBuilder->prepareForm(\'entity_view_dis...\', Array, Object(Drupal\\Core\\Form\\FormState))\n#7 /var/www/html/web/core/lib/Drupal/Core/Controller/FormController.php(73): Drupal\\Core\\Form\\FormBuilder->buildForm(Object(Drupal\\layout_builder\\Form\\LayoutBuilderEntityViewDisplayForm), Object(Drupal\\Core\\Form\\FormState))\n#8 /var/www/html/web/core/modules/layout_builder/src/Controller/LayoutBuilderHtmlEntityFormController.php(39): Drupal\\Core\\Controller\\FormController->getContentResult(Object(Symfony\\Component\\HttpFoundation\\Request), Object(Drupal\\Core\\Routing\\RouteMatch))\n#9 [internal function]: Drupal\\layout_builder\\Controller\\LayoutBuilderHtmlEntityFormController->getContentResult(Object(Symfony\\Component\\HttpFoundation\\Request), Object(Drupal\\Core\\Routing\\RouteMatch))\n#10 /var/www/html/web/core/lib/Drupal/Core/EventSubscriber/EarlyRenderingControllerWrapperSubscriber.php(123): call_user_func_array(Array, Array)\n#11 /var/www/html/web/core/lib/Drupal/Core/Render/Renderer.php(578): Drupal\\Core\\EventSubscriber\\EarlyRenderingControllerWrapperSubscriber->Drupal\\Core\\EventSubscriber\\{closure}()\n#12 /var/www/html/web/core/lib/Drupal/Core/EventSubscriber/EarlyRenderingControllerWrapperSubscriber.php(124): Drupal\\Core\\Render\\Renderer->executeInRenderContext(Object(Drupal\\Core\\Render\\RenderContext), Object(Closure))\n#13 /var/www/html/web/core/lib/Drupal/Core/EventSubscriber/EarlyRenderingControllerWrapperSubscriber.php(97): Drupal\\Core\\EventSubscriber\\EarlyRenderingControllerWrapperSubscriber->wrapControllerExecutionInRenderContext(Array, Array)\n#14 /var/www/html/vendor/symfony/http-kernel/HttpKernel.php(158): Drupal\\Core\\EventSubscriber\\EarlyRenderingControllerWrapperSubscriber->Drupal\\Core\\EventSubscriber\\{closure}()\n#15 /var/www/html/vendor/symfony/http-kernel/HttpKernel.php(80): Symfony\\Component\\HttpKernel\\HttpKernel->handleRaw(Object(Symfony\\Component\\HttpFoundation\\Request), 1)\n#16 /var/www/html/web/core/lib/Drupal/Core/StackMiddleware/Session.php(57): Symfony\\Component\\HttpKernel\\HttpKernel->handle(Object(Symfony\\Component\\HttpFoundation\\Request), 1, true)\n#17 /var/www/html/web/core/lib/Drupal/Core/StackMiddleware/KernelPreHandle.php(47): Drupal\\Core\\StackMiddleware\\Session->handle(Object(Symfony\\Component\\HttpFoundation\\Request), 1, true)\n#18 /var/www/html/web/core/modules/page_cache/src/StackMiddleware/PageCache.php(106): Drupal\\Core\\StackMiddleware\\KernelPreHandle->handle(Object(Symfony\\Component\\HttpFoundation\\Request), 1, true)\n#19 /var/www/html/web/core/modules/page_cache/src/StackMiddleware/PageCache.php(85): Drupal\\page_cache\\StackMiddleware\\PageCache->pass(Object(Symfony\\Component\\HttpFoundation\\Request), 1, true)\n#20 /var/www/html/web/core/lib/Drupal/Core/StackMiddleware/ReverseProxyMiddleware.php(47): Drupal\\page_cache\\StackMiddleware\\PageCache->handle(Object(Symfony\\Component\\HttpFoundation\\Request), 1, true)\n#21 /var/www/html/web/core/lib/Drupal/Core/StackMiddleware/NegotiationMiddleware.php(52): Drupal\\Core\\StackMiddleware\\ReverseProxyMiddleware->handle(Object(Symfony\\Component\\HttpFoundation\\Request), 1, true)\n#22 /var/www/html/vendor/stack/builder/src/Stack/StackedHttpKernel.php(23): Drupal\\Core\\StackMiddleware\\NegotiationMiddleware->handle(Object(Symfony\\Component\\HttpFoundation\\Request), 1, true)\n#23 /var/www/html/web/core/lib/Drupal/Core/DrupalKernel.php(717): Stack\\StackedHttpKernel->handle(Object(Symfony\\Component\\HttpFoundation\\Request), 1, true)\n#24 /var/www/html/web/index.php(19): Drupal\\Core\\DrupalKernel->handle(Object(Symfony\\Component\\HttpFoundation\\Request))\n#25 {main}\";}',5,'','https://hed-9lts.ddev.site/admin/structure/types/manage/home/display/default','https://hed-9lts.ddev.site/admin/structure/types/manage/home/display','172.18.0.6',1642082145),(2572,1,'php','%type: @message in %function (line %line of %file) @backtrace_string.','a:6:{s:5:\"%type\";s:6:\"Notice\";s:8:\"@message\";O:25:\"Drupal\\Core\\Render\\Markup\":1:{s:9:\"\0*\0string\";s:22:\"Undefined index: #type\";}s:9:\"%function\";s:28:\"_ds_field_ui_table_layouts()\";s:5:\"%file\";s:50:\"/var/www/html/web/modules/ds/includes/field_ui.inc\";s:5:\"%line\";i:826;s:17:\"@backtrace_string\";s:4558:\"#0 /var/www/html/web/core/includes/bootstrap.inc(312): _drupal_error_handler_real(8, \'Undefined index...\', \'/var/www/html/w...\', 826)\n#1 /var/www/html/web/modules/ds/includes/field_ui.inc(826): _drupal_error_handler(8, \'Undefined index...\', \'/var/www/html/w...\', 826, Array)\n#2 /var/www/html/web/modules/ds/includes/field_ui.inc(51): _ds_field_ui_table_layouts(\'node\', \'home\', \'default\', Array, Object(Drupal\\Core\\Form\\FormState))\n#3 /var/www/html/web/modules/ds/ds.module(241): ds_field_ui_fields_layouts(Array, Object(Drupal\\Core\\Form\\FormState))\n#4 /var/www/html/web/core/lib/Drupal/Core/Extension/ModuleHandler.php(539): ds_form_entity_view_display_edit_form_alter(Array, Object(Drupal\\Core\\Form\\FormState), \'entity_view_dis...\')\n#5 /var/www/html/web/core/lib/Drupal/Core/Form/FormBuilder.php(836): Drupal\\Core\\Extension\\ModuleHandler->alter(\'form\', Array, Object(Drupal\\Core\\Form\\FormState), \'entity_view_dis...\')\n#6 /var/www/html/web/core/lib/Drupal/Core/Form/FormBuilder.php(279): Drupal\\Core\\Form\\FormBuilder->prepareForm(\'entity_view_dis...\', Array, Object(Drupal\\Core\\Form\\FormState))\n#7 /var/www/html/web/core/lib/Drupal/Core/Controller/FormController.php(73): Drupal\\Core\\Form\\FormBuilder->buildForm(Object(Drupal\\layout_builder\\Form\\LayoutBuilderEntityViewDisplayForm), Object(Drupal\\Core\\Form\\FormState))\n#8 /var/www/html/web/core/modules/layout_builder/src/Controller/LayoutBuilderHtmlEntityFormController.php(39): Drupal\\Core\\Controller\\FormController->getContentResult(Object(Symfony\\Component\\HttpFoundation\\Request), Object(Drupal\\Core\\Routing\\RouteMatch))\n#9 [internal function]: Drupal\\layout_builder\\Controller\\LayoutBuilderHtmlEntityFormController->getContentResult(Object(Symfony\\Component\\HttpFoundation\\Request), Object(Drupal\\Core\\Routing\\RouteMatch))\n#10 /var/www/html/web/core/lib/Drupal/Core/EventSubscriber/EarlyRenderingControllerWrapperSubscriber.php(123): call_user_func_array(Array, Array)\n#11 /var/www/html/web/core/lib/Drupal/Core/Render/Renderer.php(578): Drupal\\Core\\EventSubscriber\\EarlyRenderingControllerWrapperSubscriber->Drupal\\Core\\EventSubscriber\\{closure}()\n#12 /var/www/html/web/core/lib/Drupal/Core/EventSubscriber/EarlyRenderingControllerWrapperSubscriber.php(124): Drupal\\Core\\Render\\Renderer->executeInRenderContext(Object(Drupal\\Core\\Render\\RenderContext), Object(Closure))\n#13 /var/www/html/web/core/lib/Drupal/Core/EventSubscriber/EarlyRenderingControllerWrapperSubscriber.php(97): Drupal\\Core\\EventSubscriber\\EarlyRenderingControllerWrapperSubscriber->wrapControllerExecutionInRenderContext(Array, Array)\n#14 /var/www/html/vendor/symfony/http-kernel/HttpKernel.php(158): Drupal\\Core\\EventSubscriber\\EarlyRenderingControllerWrapperSubscriber->Drupal\\Core\\EventSubscriber\\{closure}()\n#15 /var/www/html/vendor/symfony/http-kernel/HttpKernel.php(80): Symfony\\Component\\HttpKernel\\HttpKernel->handleRaw(Object(Symfony\\Component\\HttpFoundation\\Request), 1)\n#16 /var/www/html/web/core/lib/Drupal/Core/StackMiddleware/Session.php(57): Symfony\\Component\\HttpKernel\\HttpKernel->handle(Object(Symfony\\Component\\HttpFoundation\\Request), 1, true)\n#17 /var/www/html/web/core/lib/Drupal/Core/StackMiddleware/KernelPreHandle.php(47): Drupal\\Core\\StackMiddleware\\Session->handle(Object(Symfony\\Component\\HttpFoundation\\Request), 1, true)\n#18 /var/www/html/web/core/modules/page_cache/src/StackMiddleware/PageCache.php(106): Drupal\\Core\\StackMiddleware\\KernelPreHandle->handle(Object(Symfony\\Component\\HttpFoundation\\Request), 1, true)\n#19 /var/www/html/web/core/modules/page_cache/src/StackMiddleware/PageCache.php(85): Drupal\\page_cache\\StackMiddleware\\PageCache->pass(Object(Symfony\\Component\\HttpFoundation\\Request), 1, true)\n#20 /var/www/html/web/core/lib/Drupal/Core/StackMiddleware/ReverseProxyMiddleware.php(47): Drupal\\page_cache\\StackMiddleware\\PageCache->handle(Object(Symfony\\Component\\HttpFoundation\\Request), 1, true)\n#21 /var/www/html/web/core/lib/Drupal/Core/StackMiddleware/NegotiationMiddleware.php(52): Drupal\\Core\\StackMiddleware\\ReverseProxyMiddleware->handle(Object(Symfony\\Component\\HttpFoundation\\Request), 1, true)\n#22 /var/www/html/vendor/stack/builder/src/Stack/StackedHttpKernel.php(23): Drupal\\Core\\StackMiddleware\\NegotiationMiddleware->handle(Object(Symfony\\Component\\HttpFoundation\\Request), 1, true)\n#23 /var/www/html/web/core/lib/Drupal/Core/DrupalKernel.php(717): Stack\\StackedHttpKernel->handle(Object(Symfony\\Component\\HttpFoundation\\Request), 1, true)\n#24 /var/www/html/web/index.php(19): Drupal\\Core\\DrupalKernel->handle(Object(Symfony\\Component\\HttpFoundation\\Request))\n#25 {main}\";}',5,'','https://hed-9lts.ddev.site/admin/structure/types/manage/home/display/default','https://hed-9lts.ddev.site/admin/structure/types/manage/home/display/default','172.18.0.6',1642082361),(2573,1,'php','%type: @message in %function (line %line of %file) @backtrace_string.','a:6:{s:5:\"%type\";s:6:\"Notice\";s:8:\"@message\";O:25:\"Drupal\\Core\\Render\\Markup\":1:{s:9:\"\0*\0string\";s:22:\"Undefined index: #type\";}s:9:\"%function\";s:28:\"_ds_field_ui_table_layouts()\";s:5:\"%file\";s:50:\"/var/www/html/web/modules/ds/includes/field_ui.inc\";s:5:\"%line\";i:826;s:17:\"@backtrace_string\";s:4558:\"#0 /var/www/html/web/core/includes/bootstrap.inc(312): _drupal_error_handler_real(8, \'Undefined index...\', \'/var/www/html/w...\', 826)\n#1 /var/www/html/web/modules/ds/includes/field_ui.inc(826): _drupal_error_handler(8, \'Undefined index...\', \'/var/www/html/w...\', 826, Array)\n#2 /var/www/html/web/modules/ds/includes/field_ui.inc(51): _ds_field_ui_table_layouts(\'node\', \'home\', \'default\', Array, Object(Drupal\\Core\\Form\\FormState))\n#3 /var/www/html/web/modules/ds/ds.module(241): ds_field_ui_fields_layouts(Array, Object(Drupal\\Core\\Form\\FormState))\n#4 /var/www/html/web/core/lib/Drupal/Core/Extension/ModuleHandler.php(539): ds_form_entity_view_display_edit_form_alter(Array, Object(Drupal\\Core\\Form\\FormState), \'entity_view_dis...\')\n#5 /var/www/html/web/core/lib/Drupal/Core/Form/FormBuilder.php(836): Drupal\\Core\\Extension\\ModuleHandler->alter(\'form\', Array, Object(Drupal\\Core\\Form\\FormState), \'entity_view_dis...\')\n#6 /var/www/html/web/core/lib/Drupal/Core/Form/FormBuilder.php(279): Drupal\\Core\\Form\\FormBuilder->prepareForm(\'entity_view_dis...\', Array, Object(Drupal\\Core\\Form\\FormState))\n#7 /var/www/html/web/core/lib/Drupal/Core/Controller/FormController.php(73): Drupal\\Core\\Form\\FormBuilder->buildForm(Object(Drupal\\layout_builder\\Form\\LayoutBuilderEntityViewDisplayForm), Object(Drupal\\Core\\Form\\FormState))\n#8 /var/www/html/web/core/modules/layout_builder/src/Controller/LayoutBuilderHtmlEntityFormController.php(39): Drupal\\Core\\Controller\\FormController->getContentResult(Object(Symfony\\Component\\HttpFoundation\\Request), Object(Drupal\\Core\\Routing\\RouteMatch))\n#9 [internal function]: Drupal\\layout_builder\\Controller\\LayoutBuilderHtmlEntityFormController->getContentResult(Object(Symfony\\Component\\HttpFoundation\\Request), Object(Drupal\\Core\\Routing\\RouteMatch))\n#10 /var/www/html/web/core/lib/Drupal/Core/EventSubscriber/EarlyRenderingControllerWrapperSubscriber.php(123): call_user_func_array(Array, Array)\n#11 /var/www/html/web/core/lib/Drupal/Core/Render/Renderer.php(578): Drupal\\Core\\EventSubscriber\\EarlyRenderingControllerWrapperSubscriber->Drupal\\Core\\EventSubscriber\\{closure}()\n#12 /var/www/html/web/core/lib/Drupal/Core/EventSubscriber/EarlyRenderingControllerWrapperSubscriber.php(124): Drupal\\Core\\Render\\Renderer->executeInRenderContext(Object(Drupal\\Core\\Render\\RenderContext), Object(Closure))\n#13 /var/www/html/web/core/lib/Drupal/Core/EventSubscriber/EarlyRenderingControllerWrapperSubscriber.php(97): Drupal\\Core\\EventSubscriber\\EarlyRenderingControllerWrapperSubscriber->wrapControllerExecutionInRenderContext(Array, Array)\n#14 /var/www/html/vendor/symfony/http-kernel/HttpKernel.php(158): Drupal\\Core\\EventSubscriber\\EarlyRenderingControllerWrapperSubscriber->Drupal\\Core\\EventSubscriber\\{closure}()\n#15 /var/www/html/vendor/symfony/http-kernel/HttpKernel.php(80): Symfony\\Component\\HttpKernel\\HttpKernel->handleRaw(Object(Symfony\\Component\\HttpFoundation\\Request), 1)\n#16 /var/www/html/web/core/lib/Drupal/Core/StackMiddleware/Session.php(57): Symfony\\Component\\HttpKernel\\HttpKernel->handle(Object(Symfony\\Component\\HttpFoundation\\Request), 1, true)\n#17 /var/www/html/web/core/lib/Drupal/Core/StackMiddleware/KernelPreHandle.php(47): Drupal\\Core\\StackMiddleware\\Session->handle(Object(Symfony\\Component\\HttpFoundation\\Request), 1, true)\n#18 /var/www/html/web/core/modules/page_cache/src/StackMiddleware/PageCache.php(106): Drupal\\Core\\StackMiddleware\\KernelPreHandle->handle(Object(Symfony\\Component\\HttpFoundation\\Request), 1, true)\n#19 /var/www/html/web/core/modules/page_cache/src/StackMiddleware/PageCache.php(85): Drupal\\page_cache\\StackMiddleware\\PageCache->pass(Object(Symfony\\Component\\HttpFoundation\\Request), 1, true)\n#20 /var/www/html/web/core/lib/Drupal/Core/StackMiddleware/ReverseProxyMiddleware.php(47): Drupal\\page_cache\\StackMiddleware\\PageCache->handle(Object(Symfony\\Component\\HttpFoundation\\Request), 1, true)\n#21 /var/www/html/web/core/lib/Drupal/Core/StackMiddleware/NegotiationMiddleware.php(52): Drupal\\Core\\StackMiddleware\\ReverseProxyMiddleware->handle(Object(Symfony\\Component\\HttpFoundation\\Request), 1, true)\n#22 /var/www/html/vendor/stack/builder/src/Stack/StackedHttpKernel.php(23): Drupal\\Core\\StackMiddleware\\NegotiationMiddleware->handle(Object(Symfony\\Component\\HttpFoundation\\Request), 1, true)\n#23 /var/www/html/web/core/lib/Drupal/Core/DrupalKernel.php(717): Stack\\StackedHttpKernel->handle(Object(Symfony\\Component\\HttpFoundation\\Request), 1, true)\n#24 /var/www/html/web/index.php(19): Drupal\\Core\\DrupalKernel->handle(Object(Symfony\\Component\\HttpFoundation\\Request))\n#25 {main}\";}',5,'','https://hed-9lts.ddev.site/admin/structure/types/manage/home/display/default','https://hed-9lts.ddev.site/admin/structure/types/manage/home/display/default','172.18.0.6',1642082361),(2574,1,'php','%type: @message in %function (line %line of %file) @backtrace_string.','a:6:{s:5:\"%type\";s:6:\"Notice\";s:8:\"@message\";O:25:\"Drupal\\Core\\Render\\Markup\":1:{s:9:\"\0*\0string\";s:22:\"Undefined index: #type\";}s:9:\"%function\";s:28:\"_ds_field_ui_table_layouts()\";s:5:\"%file\";s:50:\"/var/www/html/web/modules/ds/includes/field_ui.inc\";s:5:\"%line\";i:826;s:17:\"@backtrace_string\";s:4558:\"#0 /var/www/html/web/core/includes/bootstrap.inc(312): _drupal_error_handler_real(8, \'Undefined index...\', \'/var/www/html/w...\', 826)\n#1 /var/www/html/web/modules/ds/includes/field_ui.inc(826): _drupal_error_handler(8, \'Undefined index...\', \'/var/www/html/w...\', 826, Array)\n#2 /var/www/html/web/modules/ds/includes/field_ui.inc(51): _ds_field_ui_table_layouts(\'node\', \'home\', \'default\', Array, Object(Drupal\\Core\\Form\\FormState))\n#3 /var/www/html/web/modules/ds/ds.module(241): ds_field_ui_fields_layouts(Array, Object(Drupal\\Core\\Form\\FormState))\n#4 /var/www/html/web/core/lib/Drupal/Core/Extension/ModuleHandler.php(539): ds_form_entity_view_display_edit_form_alter(Array, Object(Drupal\\Core\\Form\\FormState), \'entity_view_dis...\')\n#5 /var/www/html/web/core/lib/Drupal/Core/Form/FormBuilder.php(836): Drupal\\Core\\Extension\\ModuleHandler->alter(\'form\', Array, Object(Drupal\\Core\\Form\\FormState), \'entity_view_dis...\')\n#6 /var/www/html/web/core/lib/Drupal/Core/Form/FormBuilder.php(279): Drupal\\Core\\Form\\FormBuilder->prepareForm(\'entity_view_dis...\', Array, Object(Drupal\\Core\\Form\\FormState))\n#7 /var/www/html/web/core/lib/Drupal/Core/Controller/FormController.php(73): Drupal\\Core\\Form\\FormBuilder->buildForm(Object(Drupal\\layout_builder\\Form\\LayoutBuilderEntityViewDisplayForm), Object(Drupal\\Core\\Form\\FormState))\n#8 /var/www/html/web/core/modules/layout_builder/src/Controller/LayoutBuilderHtmlEntityFormController.php(39): Drupal\\Core\\Controller\\FormController->getContentResult(Object(Symfony\\Component\\HttpFoundation\\Request), Object(Drupal\\Core\\Routing\\RouteMatch))\n#9 [internal function]: Drupal\\layout_builder\\Controller\\LayoutBuilderHtmlEntityFormController->getContentResult(Object(Symfony\\Component\\HttpFoundation\\Request), Object(Drupal\\Core\\Routing\\RouteMatch))\n#10 /var/www/html/web/core/lib/Drupal/Core/EventSubscriber/EarlyRenderingControllerWrapperSubscriber.php(123): call_user_func_array(Array, Array)\n#11 /var/www/html/web/core/lib/Drupal/Core/Render/Renderer.php(578): Drupal\\Core\\EventSubscriber\\EarlyRenderingControllerWrapperSubscriber->Drupal\\Core\\EventSubscriber\\{closure}()\n#12 /var/www/html/web/core/lib/Drupal/Core/EventSubscriber/EarlyRenderingControllerWrapperSubscriber.php(124): Drupal\\Core\\Render\\Renderer->executeInRenderContext(Object(Drupal\\Core\\Render\\RenderContext), Object(Closure))\n#13 /var/www/html/web/core/lib/Drupal/Core/EventSubscriber/EarlyRenderingControllerWrapperSubscriber.php(97): Drupal\\Core\\EventSubscriber\\EarlyRenderingControllerWrapperSubscriber->wrapControllerExecutionInRenderContext(Array, Array)\n#14 /var/www/html/vendor/symfony/http-kernel/HttpKernel.php(158): Drupal\\Core\\EventSubscriber\\EarlyRenderingControllerWrapperSubscriber->Drupal\\Core\\EventSubscriber\\{closure}()\n#15 /var/www/html/vendor/symfony/http-kernel/HttpKernel.php(80): Symfony\\Component\\HttpKernel\\HttpKernel->handleRaw(Object(Symfony\\Component\\HttpFoundation\\Request), 1)\n#16 /var/www/html/web/core/lib/Drupal/Core/StackMiddleware/Session.php(57): Symfony\\Component\\HttpKernel\\HttpKernel->handle(Object(Symfony\\Component\\HttpFoundation\\Request), 1, true)\n#17 /var/www/html/web/core/lib/Drupal/Core/StackMiddleware/KernelPreHandle.php(47): Drupal\\Core\\StackMiddleware\\Session->handle(Object(Symfony\\Component\\HttpFoundation\\Request), 1, true)\n#18 /var/www/html/web/core/modules/page_cache/src/StackMiddleware/PageCache.php(106): Drupal\\Core\\StackMiddleware\\KernelPreHandle->handle(Object(Symfony\\Component\\HttpFoundation\\Request), 1, true)\n#19 /var/www/html/web/core/modules/page_cache/src/StackMiddleware/PageCache.php(85): Drupal\\page_cache\\StackMiddleware\\PageCache->pass(Object(Symfony\\Component\\HttpFoundation\\Request), 1, true)\n#20 /var/www/html/web/core/lib/Drupal/Core/StackMiddleware/ReverseProxyMiddleware.php(47): Drupal\\page_cache\\StackMiddleware\\PageCache->handle(Object(Symfony\\Component\\HttpFoundation\\Request), 1, true)\n#21 /var/www/html/web/core/lib/Drupal/Core/StackMiddleware/NegotiationMiddleware.php(52): Drupal\\Core\\StackMiddleware\\ReverseProxyMiddleware->handle(Object(Symfony\\Component\\HttpFoundation\\Request), 1, true)\n#22 /var/www/html/vendor/stack/builder/src/Stack/StackedHttpKernel.php(23): Drupal\\Core\\StackMiddleware\\NegotiationMiddleware->handle(Object(Symfony\\Component\\HttpFoundation\\Request), 1, true)\n#23 /var/www/html/web/core/lib/Drupal/Core/DrupalKernel.php(717): Stack\\StackedHttpKernel->handle(Object(Symfony\\Component\\HttpFoundation\\Request), 1, true)\n#24 /var/www/html/web/index.php(19): Drupal\\Core\\DrupalKernel->handle(Object(Symfony\\Component\\HttpFoundation\\Request))\n#25 {main}\";}',5,'','https://hed-9lts.ddev.site/admin/structure/types/manage/home/display/default','https://hed-9lts.ddev.site/admin/structure/types/manage/home/display/default','172.18.0.6',1642082484),(2575,0,'cron','Starting execution of @module_cron().','a:1:{s:7:\"@module\";s:7:\"comment\";}',6,'','https://hed-9lts.ddev.site/admin/config/development/performance','https://hed-9lts.ddev.site/admin/config/development/performance','172.18.0.6',1642090954),(2576,0,'cron','Starting execution of @module_cron(), execution of @module_previous_cron() took @time.','a:3:{s:7:\"@module\";s:5:\"dblog\";s:16:\"@module_previous\";s:7:\"comment\";s:5:\"@time\";s:6:\"0.73ms\";}',6,'','https://hed-9lts.ddev.site/admin/config/development/performance','https://hed-9lts.ddev.site/admin/config/development/performance','172.18.0.6',1642090954),(2577,0,'cron','Starting execution of @module_cron(), execution of @module_previous_cron() took @time.','a:3:{s:7:\"@module\";s:5:\"field\";s:16:\"@module_previous\";s:5:\"dblog\";s:5:\"@time\";s:6:\"3.43ms\";}',6,'','https://hed-9lts.ddev.site/admin/config/development/performance','https://hed-9lts.ddev.site/admin/config/development/performance','172.18.0.6',1642090954),(2578,0,'cron','Starting execution of @module_cron(), execution of @module_previous_cron() took @time.','a:3:{s:7:\"@module\";s:4:\"file\";s:16:\"@module_previous\";s:5:\"field\";s:5:\"@time\";s:6:\"2.53ms\";}',6,'','https://hed-9lts.ddev.site/admin/config/development/performance','https://hed-9lts.ddev.site/admin/config/development/performance','172.18.0.6',1642090954),(2579,0,'cron','Starting execution of @module_cron(), execution of @module_previous_cron() took @time.','a:3:{s:7:\"@module\";s:7:\"history\";s:16:\"@module_previous\";s:4:\"file\";s:5:\"@time\";s:7:\"42.61ms\";}',6,'','https://hed-9lts.ddev.site/admin/config/development/performance','https://hed-9lts.ddev.site/admin/config/development/performance','172.18.0.6',1642090954),(2580,0,'cron','Starting execution of @module_cron(), execution of @module_previous_cron() took @time.','a:3:{s:7:\"@module\";s:14:\"layout_builder\";s:16:\"@module_previous\";s:7:\"history\";s:5:\"@time\";s:5:\"0.2ms\";}',6,'','https://hed-9lts.ddev.site/admin/config/development/performance','https://hed-9lts.ddev.site/admin/config/development/performance','172.18.0.6',1642090954),(2581,0,'cron','Starting execution of @module_cron(), execution of @module_previous_cron() took @time.','a:3:{s:7:\"@module\";s:6:\"locale\";s:16:\"@module_previous\";s:14:\"layout_builder\";s:5:\"@time\";s:5:\"0.3ms\";}',6,'','https://hed-9lts.ddev.site/admin/config/development/performance','https://hed-9lts.ddev.site/admin/config/development/performance','172.18.0.6',1642090954),(2582,0,'cron','Starting execution of @module_cron(), execution of @module_previous_cron() took @time.','a:3:{s:7:\"@module\";s:4:\"node\";s:16:\"@module_previous\";s:6:\"locale\";s:5:\"@time\";s:6:\"0.03ms\";}',6,'','https://hed-9lts.ddev.site/admin/config/development/performance','https://hed-9lts.ddev.site/admin/config/development/performance','172.18.0.6',1642090954),(2583,0,'cron','Starting execution of @module_cron(), execution of @module_previous_cron() took @time.','a:3:{s:7:\"@module\";s:6:\"search\";s:16:\"@module_previous\";s:4:\"node\";s:5:\"@time\";s:6:\"1.46ms\";}',6,'','https://hed-9lts.ddev.site/admin/config/development/performance','https://hed-9lts.ddev.site/admin/config/development/performance','172.18.0.6',1642090954),(2584,0,'cron','Attempting to re-run cron while it is already running.','a:0:{}',4,'','https://hed-9lts.ddev.site/admin/config/development/performance','https://hed-9lts.ddev.site/admin/config/development/performance','172.18.0.6',1642090955),(2585,0,'cron','Starting execution of @module_cron(), execution of @module_previous_cron() took @time.','a:3:{s:7:\"@module\";s:6:\"system\";s:16:\"@module_previous\";s:6:\"search\";s:5:\"@time\";s:9:\"1189.37ms\";}',6,'','https://hed-9lts.ddev.site/admin/config/development/performance','https://hed-9lts.ddev.site/admin/config/development/performance','172.18.0.6',1642090955),(2586,0,'cron','Starting execution of @module_cron(), execution of @module_previous_cron() took @time.','a:3:{s:7:\"@module\";s:6:\"update\";s:16:\"@module_previous\";s:6:\"system\";s:5:\"@time\";s:8:\"237.78ms\";}',6,'','https://hed-9lts.ddev.site/admin/config/development/performance','https://hed-9lts.ddev.site/admin/config/development/performance','172.18.0.6',1642090955),(2587,0,'cron','Execution of @module_previous_cron() took @time.','a:2:{s:16:\"@module_previous\";s:6:\"update\";s:5:\"@time\";s:7:\"22.76ms\";}',6,'','https://hed-9lts.ddev.site/admin/config/development/performance','https://hed-9lts.ddev.site/admin/config/development/performance','172.18.0.6',1642090955),(2588,0,'cron','Cron run completed.','a:0:{}',6,'','https://hed-9lts.ddev.site/admin/config/development/performance','https://hed-9lts.ddev.site/admin/config/development/performance','172.18.0.6',1642090955),(2589,0,'cron','Starting execution of @module_cron().','a:1:{s:7:\"@module\";s:7:\"comment\";}',6,'','https://hed-9lts.ddev.site/admin/structure/types/manage/home/display/default/layout','https://hed-9lts.ddev.site/admin/structure/types/manage/home/display/default/layout','172.18.0.6',1642145598),(2590,0,'cron','Starting execution of @module_cron(), execution of @module_previous_cron() took @time.','a:3:{s:7:\"@module\";s:5:\"dblog\";s:16:\"@module_previous\";s:7:\"comment\";s:5:\"@time\";s:6:\"1.87ms\";}',6,'','https://hed-9lts.ddev.site/admin/structure/types/manage/home/display/default/layout','https://hed-9lts.ddev.site/admin/structure/types/manage/home/display/default/layout','172.18.0.6',1642145598),(2591,0,'cron','Starting execution of @module_cron(), execution of @module_previous_cron() took @time.','a:3:{s:7:\"@module\";s:5:\"field\";s:16:\"@module_previous\";s:5:\"dblog\";s:5:\"@time\";s:6:\"4.28ms\";}',6,'','https://hed-9lts.ddev.site/admin/structure/types/manage/home/display/default/layout','https://hed-9lts.ddev.site/admin/structure/types/manage/home/display/default/layout','172.18.0.6',1642145598),(2592,0,'cron','Starting execution of @module_cron(), execution of @module_previous_cron() took @time.','a:3:{s:7:\"@module\";s:4:\"file\";s:16:\"@module_previous\";s:5:\"field\";s:5:\"@time\";s:6:\"2.88ms\";}',6,'','https://hed-9lts.ddev.site/admin/structure/types/manage/home/display/default/layout','https://hed-9lts.ddev.site/admin/structure/types/manage/home/display/default/layout','172.18.0.6',1642145598),(2593,0,'cron','Starting execution of @module_cron(), execution of @module_previous_cron() took @time.','a:3:{s:7:\"@module\";s:7:\"history\";s:16:\"@module_previous\";s:4:\"file\";s:5:\"@time\";s:8:\"198.52ms\";}',6,'','https://hed-9lts.ddev.site/admin/structure/types/manage/home/display/default/layout','https://hed-9lts.ddev.site/admin/structure/types/manage/home/display/default/layout','172.18.0.6',1642145598),(2594,0,'cron','Starting execution of @module_cron(), execution of @module_previous_cron() took @time.','a:3:{s:7:\"@module\";s:14:\"layout_builder\";s:16:\"@module_previous\";s:7:\"history\";s:5:\"@time\";s:6:\"0.16ms\";}',6,'','https://hed-9lts.ddev.site/admin/structure/types/manage/home/display/default/layout','https://hed-9lts.ddev.site/admin/structure/types/manage/home/display/default/layout','172.18.0.6',1642145598),(2595,0,'cron','Starting execution of @module_cron(), execution of @module_previous_cron() took @time.','a:3:{s:7:\"@module\";s:6:\"locale\";s:16:\"@module_previous\";s:14:\"layout_builder\";s:5:\"@time\";s:6:\"0.22ms\";}',6,'','https://hed-9lts.ddev.site/admin/structure/types/manage/home/display/default/layout','https://hed-9lts.ddev.site/admin/structure/types/manage/home/display/default/layout','172.18.0.6',1642145598),(2596,0,'cron','Starting execution of @module_cron(), execution of @module_previous_cron() took @time.','a:3:{s:7:\"@module\";s:4:\"node\";s:16:\"@module_previous\";s:6:\"locale\";s:5:\"@time\";s:6:\"0.02ms\";}',6,'','https://hed-9lts.ddev.site/admin/structure/types/manage/home/display/default/layout','https://hed-9lts.ddev.site/admin/structure/types/manage/home/display/default/layout','172.18.0.6',1642145598),(2597,0,'cron','Starting execution of @module_cron(), execution of @module_previous_cron() took @time.','a:3:{s:7:\"@module\";s:6:\"search\";s:16:\"@module_previous\";s:4:\"node\";s:5:\"@time\";s:8:\"137.91ms\";}',6,'','https://hed-9lts.ddev.site/admin/structure/types/manage/home/display/default/layout','https://hed-9lts.ddev.site/admin/structure/types/manage/home/display/default/layout','172.18.0.6',1642145599),(2598,0,'cron','Starting execution of @module_cron(), execution of @module_previous_cron() took @time.','a:3:{s:7:\"@module\";s:6:\"system\";s:16:\"@module_previous\";s:6:\"search\";s:5:\"@time\";s:7:\"19.56ms\";}',6,'','https://hed-9lts.ddev.site/admin/structure/types/manage/home/display/default/layout','https://hed-9lts.ddev.site/admin/structure/types/manage/home/display/default/layout','172.18.0.6',1642145599),(2599,0,'cron','Starting execution of @module_cron(), execution of @module_previous_cron() took @time.','a:3:{s:7:\"@module\";s:6:\"update\";s:16:\"@module_previous\";s:6:\"system\";s:5:\"@time\";s:7:\"418.1ms\";}',6,'','https://hed-9lts.ddev.site/admin/structure/types/manage/home/display/default/layout','https://hed-9lts.ddev.site/admin/structure/types/manage/home/display/default/layout','172.18.0.6',1642145599),(2600,0,'cron','Execution of @module_previous_cron() took @time.','a:2:{s:16:\"@module_previous\";s:6:\"update\";s:5:\"@time\";s:8:\"453.61ms\";}',6,'','https://hed-9lts.ddev.site/admin/structure/types/manage/home/display/default/layout','https://hed-9lts.ddev.site/admin/structure/types/manage/home/display/default/layout','172.18.0.6',1642145599),(2601,0,'cron','Cron run completed.','a:0:{}',6,'','https://hed-9lts.ddev.site/admin/structure/types/manage/home/display/default/layout','https://hed-9lts.ddev.site/admin/structure/types/manage/home/display/default/layout','172.18.0.6',1642145599),(2602,0,'php','%type: @message in %function (line %line of %file).','a:6:{s:5:\"%type\";s:22:\"Twig\\Error\\SyntaxError\";s:8:\"@message\";s:80:\"Unexpected token \"punctuation\" of value \",\" (\"end of print statement\" expected).\";s:9:\"%function\";s:26:\"Twig\\TokenStream->expect()\";s:5:\"%file\";s:110:\"/var/www/html/web/themes/custom/HEDsite/templates/field/field--node--field-texte-welcome-droit--home.html.twig\";s:5:\"%line\";i:56;s:17:\"@backtrace_string\";s:10039:\"#0 /var/www/html/vendor/twig/twig/src/Parser.php(143): Twig\\TokenStream->expect(4)\n#1 /var/www/html/vendor/twig/twig/src/TokenParser/ForTokenParser.php(52): Twig\\Parser->subparse(Array)\n#2 /var/www/html/vendor/twig/twig/src/Parser.php(185): Twig\\TokenParser\\ForTokenParser->parse(Object(Twig\\Token))\n#3 /var/www/html/vendor/twig/twig/src/TokenParser/IfTokenParser.php(48): Twig\\Parser->subparse(Array)\n#4 /var/www/html/vendor/twig/twig/src/Parser.php(185): Twig\\TokenParser\\IfTokenParser->parse(Object(Twig\\Token))\n#5 /var/www/html/vendor/twig/twig/src/TokenParser/IfTokenParser.php(39): Twig\\Parser->subparse(Array)\n#6 /var/www/html/vendor/twig/twig/src/Parser.php(185): Twig\\TokenParser\\IfTokenParser->parse(Object(Twig\\Token))\n#7 /var/www/html/vendor/twig/twig/src/Parser.php(98): Twig\\Parser->subparse(NULL, false)\n#8 /var/www/html/vendor/twig/twig/src/Environment.php(563): Twig\\Parser->parse(Object(Twig\\TokenStream))\n#9 /var/www/html/vendor/twig/twig/src/Environment.php(595): Twig\\Environment->parse(Object(Twig\\TokenStream))\n#10 /var/www/html/web/core/lib/Drupal/Core/Template/TwigEnvironment.php(132): Twig\\Environment->compileSource(Object(Twig\\Source))\n#11 /var/www/html/vendor/twig/twig/src/Environment.php(408): Drupal\\Core\\Template\\TwigEnvironment->compileSource(Object(Twig\\Source))\n#12 /var/www/html/vendor/twig/twig/src/Environment.php(381): Twig\\Environment->loadClass(\'__TwigTemplate_...\', \'themes/custom/H...\', NULL)\n#13 /var/www/html/web/core/themes/engines/twig/twig.engine(65): Twig\\Environment->loadTemplate(\'themes/custom/H...\')\n#14 /var/www/html/web/core/lib/Drupal/Core/Theme/ThemeManager.php(384): twig_render_template(\'themes/custom/H...\', Array)\n#15 /var/www/html/web/core/lib/Drupal/Core/Render/Renderer.php(436): Drupal\\Core\\Theme\\ThemeManager->render(\'field\', Array)\n#16 /var/www/html/web/core/lib/Drupal/Core/Render/Renderer.php(201): Drupal\\Core\\Render\\Renderer->doRender(Array, false)\n#17 /var/www/html/web/core/lib/Drupal/Core/Template/TwigExtension.php(450): Drupal\\Core\\Render\\Renderer->render(Array)\n#18 /var/www/html/web/sites/default/files/php/twig/61e1380e2b697_block.html.twig_aZTDzy-ZE4V38D-3Rlot-qA36/ZbWE6yJxYOCCI4sLsH4hBI1LJglaQMvpknfon-ZIUsg.php(76): Drupal\\Core\\Template\\TwigExtension->escapeFilter(Object(Drupal\\Core\\Template\\TwigEnvironment), Array, \'html\', NULL, true)\n#19 /var/www/html/vendor/twig/twig/src/Template.php(182): __TwigTemplate_91857dcbcd5b18e16fc4cc43273112f5c700bb55aef666d6f74b21be23db0872->block_content(Array, Array)\n#20 /var/www/html/web/sites/default/files/php/twig/61e1380e2b697_block.html.twig_aZTDzy-ZE4V38D-3Rlot-qA36/ZbWE6yJxYOCCI4sLsH4hBI1LJglaQMvpknfon-ZIUsg.php(64): Twig\\Template->displayBlock(\'content\', Array, Array)\n#21 /var/www/html/vendor/twig/twig/src/Template.php(405): __TwigTemplate_91857dcbcd5b18e16fc4cc43273112f5c700bb55aef666d6f74b21be23db0872->doDisplay(Array, Array)\n#22 /var/www/html/vendor/twig/twig/src/Template.php(378): Twig\\Template->displayWithErrorHandling(Array, Array)\n#23 /var/www/html/vendor/twig/twig/src/Template.php(390): Twig\\Template->display(Array)\n#24 /var/www/html/web/core/themes/engines/twig/twig.engine(65): Twig\\Template->render(Array)\n#25 /var/www/html/web/core/lib/Drupal/Core/Theme/ThemeManager.php(384): twig_render_template(\'core/themes/sta...\', Array)\n#26 /var/www/html/web/core/lib/Drupal/Core/Render/Renderer.php(436): Drupal\\Core\\Theme\\ThemeManager->render(\'block\', Array)\n#27 /var/www/html/web/core/lib/Drupal/Core/Render/Renderer.php(449): Drupal\\Core\\Render\\Renderer->doRender(Array)\n#28 /var/www/html/web/core/lib/Drupal/Core/Render/Renderer.php(201): Drupal\\Core\\Render\\Renderer->doRender(Array, false)\n#29 /var/www/html/web/core/lib/Drupal/Core/Template/TwigExtension.php(450): Drupal\\Core\\Render\\Renderer->render(Array)\n#30 /var/www/html/web/sites/default/files/php/twig/61e1380e2b697_ds-2col.html.twig_KVqYCrtsKS_G6qvW-uLySxzXj/Y-v2Pa7ZHSpIIVgK_bfULHfFnDOzMu9izuUQIPuEgxk.php(70): Drupal\\Core\\Template\\TwigExtension->escapeFilter(Object(Drupal\\Core\\Template\\TwigEnvironment), Array, \'html\', NULL, true)\n#31 /var/www/html/vendor/twig/twig/src/Template.php(405): __TwigTemplate_abe2b42d1b54275ebff2e3780dc8b774670bdcc85d6472f6b8bc4bd828b25242->doDisplay(Array, Array)\n#32 /var/www/html/vendor/twig/twig/src/Template.php(378): Twig\\Template->displayWithErrorHandling(Array, Array)\n#33 /var/www/html/vendor/twig/twig/src/Template.php(390): Twig\\Template->display(Array)\n#34 /var/www/html/web/core/themes/engines/twig/twig.engine(65): Twig\\Template->render(Array)\n#35 /var/www/html/web/core/lib/Drupal/Core/Theme/ThemeManager.php(384): twig_render_template(\'modules/ds/temp...\', Array)\n#36 /var/www/html/web/core/lib/Drupal/Core/Render/Renderer.php(436): Drupal\\Core\\Theme\\ThemeManager->render(\'ds_2col\', Array)\n#37 /var/www/html/web/core/lib/Drupal/Core/Render/Renderer.php(449): Drupal\\Core\\Render\\Renderer->doRender(Array)\n#38 /var/www/html/web/core/lib/Drupal/Core/Render/Renderer.php(449): Drupal\\Core\\Render\\Renderer->doRender(Array)\n#39 /var/www/html/web/core/lib/Drupal/Core/Render/Renderer.php(201): Drupal\\Core\\Render\\Renderer->doRender(Array, false)\n#40 /var/www/html/web/core/lib/Drupal/Core/Template/TwigExtension.php(450): Drupal\\Core\\Render\\Renderer->render(Array)\n#41 /var/www/html/web/sites/default/files/php/twig/61e1380e2b697_node.html.twig_ekqPacjEAeLBsIhXiYcay71WH/uRZ_HG0fN0Ebid62zBdDKwXCe0aR_l9zDFLlzxl-Xqg.php(100): Drupal\\Core\\Template\\TwigExtension->escapeFilter(Object(Drupal\\Core\\Template\\TwigEnvironment), Array, \'html\', NULL, true)\n#42 /var/www/html/vendor/twig/twig/src/Template.php(405): __TwigTemplate_1e03c3c8414b9ebb308c9ae7daee47a0b0d70ecff71a20ff06a7d094ae2dd365->doDisplay(Array, Array)\n#43 /var/www/html/vendor/twig/twig/src/Template.php(378): Twig\\Template->displayWithErrorHandling(Array, Array)\n#44 /var/www/html/vendor/twig/twig/src/Template.php(390): Twig\\Template->display(Array)\n#45 /var/www/html/web/core/themes/engines/twig/twig.engine(65): Twig\\Template->render(Array)\n#46 /var/www/html/web/core/lib/Drupal/Core/Theme/ThemeManager.php(384): twig_render_template(\'core/themes/sta...\', Array)\n#47 /var/www/html/web/core/lib/Drupal/Core/Render/Renderer.php(436): Drupal\\Core\\Theme\\ThemeManager->render(\'node\', Array)\n#48 /var/www/html/web/core/lib/Drupal/Core/Render/Renderer.php(201): Drupal\\Core\\Render\\Renderer->doRender(Array, false)\n#49 /var/www/html/web/core/lib/Drupal/Core/Render/MainContent/HtmlRenderer.php(241): Drupal\\Core\\Render\\Renderer->render(Array, false)\n#50 /var/www/html/web/core/lib/Drupal/Core/Render/Renderer.php(578): Drupal\\Core\\Render\\MainContent\\HtmlRenderer->Drupal\\Core\\Render\\MainContent\\{closure}()\n#51 /var/www/html/web/core/lib/Drupal/Core/Render/MainContent/HtmlRenderer.php(242): Drupal\\Core\\Render\\Renderer->executeInRenderContext(Object(Drupal\\Core\\Render\\RenderContext), Object(Closure))\n#52 /var/www/html/web/core/lib/Drupal/Core/Render/MainContent/HtmlRenderer.php(132): Drupal\\Core\\Render\\MainContent\\HtmlRenderer->prepare(Array, Object(Symfony\\Component\\HttpFoundation\\Request), Object(Drupal\\Core\\Routing\\CurrentRouteMatch))\n#53 /var/www/html/web/core/lib/Drupal/Core/EventSubscriber/MainContentViewSubscriber.php(90): Drupal\\Core\\Render\\MainContent\\HtmlRenderer->renderResponse(Array, Object(Symfony\\Component\\HttpFoundation\\Request), Object(Drupal\\Core\\Routing\\CurrentRouteMatch))\n#54 [internal function]: Drupal\\Core\\EventSubscriber\\MainContentViewSubscriber->onViewRenderArray(Object(Symfony\\Component\\HttpKernel\\Event\\ViewEvent), \'kernel.view\', Object(Drupal\\Component\\EventDispatcher\\ContainerAwareEventDispatcher))\n#55 /var/www/html/web/core/lib/Drupal/Component/EventDispatcher/ContainerAwareEventDispatcher.php(142): call_user_func(Array, Object(Symfony\\Component\\HttpKernel\\Event\\ViewEvent), \'kernel.view\', Object(Drupal\\Component\\EventDispatcher\\ContainerAwareEventDispatcher))\n#56 /var/www/html/vendor/symfony/http-kernel/HttpKernel.php(163): Drupal\\Component\\EventDispatcher\\ContainerAwareEventDispatcher->dispatch(Object(Symfony\\Component\\HttpKernel\\Event\\ViewEvent), \'kernel.view\')\n#57 /var/www/html/vendor/symfony/http-kernel/HttpKernel.php(80): Symfony\\Component\\HttpKernel\\HttpKernel->handleRaw(Object(Symfony\\Component\\HttpFoundation\\Request), 1)\n#58 /var/www/html/web/core/lib/Drupal/Core/StackMiddleware/Session.php(57): Symfony\\Component\\HttpKernel\\HttpKernel->handle(Object(Symfony\\Component\\HttpFoundation\\Request), 1, true)\n#59 /var/www/html/web/core/lib/Drupal/Core/StackMiddleware/KernelPreHandle.php(47): Drupal\\Core\\StackMiddleware\\Session->handle(Object(Symfony\\Component\\HttpFoundation\\Request), 1, true)\n#60 /var/www/html/web/core/modules/page_cache/src/StackMiddleware/PageCache.php(191): Drupal\\Core\\StackMiddleware\\KernelPreHandle->handle(Object(Symfony\\Component\\HttpFoundation\\Request), 1, true)\n#61 /var/www/html/web/core/modules/page_cache/src/StackMiddleware/PageCache.php(128): Drupal\\page_cache\\StackMiddleware\\PageCache->fetch(Object(Symfony\\Component\\HttpFoundation\\Request), 1, true)\n#62 /var/www/html/web/core/modules/page_cache/src/StackMiddleware/PageCache.php(82): Drupal\\page_cache\\StackMiddleware\\PageCache->lookup(Object(Symfony\\Component\\HttpFoundation\\Request), 1, true)\n#63 /var/www/html/web/core/lib/Drupal/Core/StackMiddleware/ReverseProxyMiddleware.php(47): Drupal\\page_cache\\StackMiddleware\\PageCache->handle(Object(Symfony\\Component\\HttpFoundation\\Request), 1, true)\n#64 /var/www/html/web/core/lib/Drupal/Core/StackMiddleware/NegotiationMiddleware.php(52): Drupal\\Core\\StackMiddleware\\ReverseProxyMiddleware->handle(Object(Symfony\\Component\\HttpFoundation\\Request), 1, true)\n#65 /var/www/html/vendor/stack/builder/src/Stack/StackedHttpKernel.php(23): Drupal\\Core\\StackMiddleware\\NegotiationMiddleware->handle(Object(Symfony\\Component\\HttpFoundation\\Request), 1, true)\n#66 /var/www/html/web/core/lib/Drupal/Core/DrupalKernel.php(717): Stack\\StackedHttpKernel->handle(Object(Symfony\\Component\\HttpFoundation\\Request), 1, true)\n#67 /var/www/html/web/index.php(19): Drupal\\Core\\DrupalKernel->handle(Object(Symfony\\Component\\HttpFoundation\\Request))\n#68 {main}\";}',3,'','https://hed-9lts.ddev.site/homepage','','172.18.0.6',1642149907),(2603,1,'content','@type: updated %title.','a:2:{s:5:\"@type\";s:4:\"home\";s:6:\"%title\";s:8:\"Homepage\";}',5,'<a href=\"/homepage\" hreflang=\"fr\">Voir</a>','https://hed-9lts.ddev.site/node/135/edit?destination=%2Fadmin%2Fcontent','https://hed-9lts.ddev.site/node/135/edit?destination=/admin/content','172.18.0.6',1642154674),(2604,1,'content','@type: updated %title.','a:2:{s:5:\"@type\";s:4:\"home\";s:6:\"%title\";s:8:\"Homepage\";}',5,'<a href=\"/homepage\" hreflang=\"fr\">Voir</a>','https://hed-9lts.ddev.site/node/135/edit?destination=%2Fadmin%2Fcontent','https://hed-9lts.ddev.site/node/135/edit?destination=/admin/content','172.18.0.6',1642154864),(2605,1,'content','@type: updated %title.','a:2:{s:5:\"@type\";s:4:\"home\";s:6:\"%title\";s:8:\"Homepage\";}',5,'<a href=\"/homepage\" hreflang=\"fr\">Voir</a>','https://hed-9lts.ddev.site/node/135/edit?destination=%2Fadmin%2Fcontent','https://hed-9lts.ddev.site/node/135/edit?destination=/admin/content','172.18.0.6',1642155175),(2606,0,'php','%type: @message in %function (line %line of %file).','a:6:{s:5:\"%type\";s:22:\"Twig\\Error\\SyntaxError\";s:8:\"@message\";s:15:\"Unexpected \"}\".\";s:9:\"%function\";s:27:\"Twig\\Lexer->lexExpression()\";s:5:\"%file\";s:107:\"/var/www/html/web/themes/custom/HEDsite/templates/field/field--node--field-texte-who-we-are--home.html.twig\";s:5:\"%line\";i:60;s:17:\"@backtrace_string\";s:9385:\"#0 /var/www/html/vendor/twig/twig/src/Lexer.php(292): Twig\\Lexer->lexExpression()\n#1 /var/www/html/vendor/twig/twig/src/Lexer.php(186): Twig\\Lexer->lexVar()\n#2 /var/www/html/vendor/twig/twig/src/Environment.php(542): Twig\\Lexer->tokenize(Object(Twig\\Source))\n#3 /var/www/html/vendor/twig/twig/src/Environment.php(595): Twig\\Environment->tokenize(Object(Twig\\Source))\n#4 /var/www/html/web/core/lib/Drupal/Core/Template/TwigEnvironment.php(132): Twig\\Environment->compileSource(Object(Twig\\Source))\n#5 /var/www/html/vendor/twig/twig/src/Environment.php(408): Drupal\\Core\\Template\\TwigEnvironment->compileSource(Object(Twig\\Source))\n#6 /var/www/html/vendor/twig/twig/src/Environment.php(381): Twig\\Environment->loadClass(\'__TwigTemplate_...\', \'themes/custom/H...\', NULL)\n#7 /var/www/html/web/core/themes/engines/twig/twig.engine(65): Twig\\Environment->loadTemplate(\'themes/custom/H...\')\n#8 /var/www/html/web/core/lib/Drupal/Core/Theme/ThemeManager.php(384): twig_render_template(\'themes/custom/H...\', Array)\n#9 /var/www/html/web/core/lib/Drupal/Core/Render/Renderer.php(436): Drupal\\Core\\Theme\\ThemeManager->render(\'field\', Array)\n#10 /var/www/html/web/core/lib/Drupal/Core/Render/Renderer.php(201): Drupal\\Core\\Render\\Renderer->doRender(Array, false)\n#11 /var/www/html/web/core/lib/Drupal/Core/Template/TwigExtension.php(450): Drupal\\Core\\Render\\Renderer->render(Array)\n#12 /var/www/html/web/sites/default/files/php/twig/61e150cfb7809_block.html.twig_aZTDzy-ZE4V38D-3Rlot-qA36/NPv-HsxTG7qB3UxYo_jIB4vnIVyylNDYK7l630POcmQ.php(76): Drupal\\Core\\Template\\TwigExtension->escapeFilter(Object(Drupal\\Core\\Template\\TwigEnvironment), Array, \'html\', NULL, true)\n#13 /var/www/html/vendor/twig/twig/src/Template.php(182): __TwigTemplate_91857dcbcd5b18e16fc4cc43273112f5c700bb55aef666d6f74b21be23db0872->block_content(Array, Array)\n#14 /var/www/html/web/sites/default/files/php/twig/61e150cfb7809_block.html.twig_aZTDzy-ZE4V38D-3Rlot-qA36/NPv-HsxTG7qB3UxYo_jIB4vnIVyylNDYK7l630POcmQ.php(64): Twig\\Template->displayBlock(\'content\', Array, Array)\n#15 /var/www/html/vendor/twig/twig/src/Template.php(405): __TwigTemplate_91857dcbcd5b18e16fc4cc43273112f5c700bb55aef666d6f74b21be23db0872->doDisplay(Array, Array)\n#16 /var/www/html/vendor/twig/twig/src/Template.php(378): Twig\\Template->displayWithErrorHandling(Array, Array)\n#17 /var/www/html/vendor/twig/twig/src/Template.php(390): Twig\\Template->display(Array)\n#18 /var/www/html/web/core/themes/engines/twig/twig.engine(65): Twig\\Template->render(Array)\n#19 /var/www/html/web/core/lib/Drupal/Core/Theme/ThemeManager.php(384): twig_render_template(\'core/themes/sta...\', Array)\n#20 /var/www/html/web/core/lib/Drupal/Core/Render/Renderer.php(436): Drupal\\Core\\Theme\\ThemeManager->render(\'block\', Array)\n#21 /var/www/html/web/core/lib/Drupal/Core/Render/Renderer.php(449): Drupal\\Core\\Render\\Renderer->doRender(Array)\n#22 /var/www/html/web/core/lib/Drupal/Core/Render/Renderer.php(201): Drupal\\Core\\Render\\Renderer->doRender(Array, false)\n#23 /var/www/html/web/core/lib/Drupal/Core/Template/TwigExtension.php(450): Drupal\\Core\\Render\\Renderer->render(Array)\n#24 /var/www/html/web/sites/default/files/php/twig/61e150cfb7809_layout--twocol-section.ht_5E0avRrLCPqZjXFaw5P1VYvSf/Ll8atlmb9YzPROKWt_b1r_FWear7XE-LYpwG4IcN7ag.php(84): Drupal\\Core\\Template\\TwigExtension->escapeFilter(Object(Drupal\\Core\\Template\\TwigEnvironment), Array, \'html\', NULL, true)\n#25 /var/www/html/vendor/twig/twig/src/Template.php(405): __TwigTemplate_2801a1a3fec3baa8106ec47006c49cd0116e4ed4a4646ec6637a80ebab564594->doDisplay(Array, Array)\n#26 /var/www/html/vendor/twig/twig/src/Template.php(378): Twig\\Template->displayWithErrorHandling(Array, Array)\n#27 /var/www/html/vendor/twig/twig/src/Template.php(390): Twig\\Template->display(Array)\n#28 /var/www/html/web/core/themes/engines/twig/twig.engine(65): Twig\\Template->render(Array)\n#29 /var/www/html/web/core/lib/Drupal/Core/Theme/ThemeManager.php(384): twig_render_template(\'themes/custom/H...\', Array)\n#30 /var/www/html/web/core/lib/Drupal/Core/Render/Renderer.php(436): Drupal\\Core\\Theme\\ThemeManager->render(\'layout__twocol_...\', Array)\n#31 /var/www/html/web/core/lib/Drupal/Core/Render/Renderer.php(449): Drupal\\Core\\Render\\Renderer->doRender(Array)\n#32 /var/www/html/web/core/lib/Drupal/Core/Render/Renderer.php(449): Drupal\\Core\\Render\\Renderer->doRender(Array)\n#33 /var/www/html/web/core/lib/Drupal/Core/Render/Renderer.php(201): Drupal\\Core\\Render\\Renderer->doRender(Array, false)\n#34 /var/www/html/web/core/lib/Drupal/Core/Template/TwigExtension.php(450): Drupal\\Core\\Render\\Renderer->render(Array)\n#35 /var/www/html/web/sites/default/files/php/twig/61e150cfb7809_node.html.twig_ekqPacjEAeLBsIhXiYcay71WH/IwhxyOQLX1-slYkF6eRGEBT5AgHZiqlK6OZJ3Ee-b78.php(100): Drupal\\Core\\Template\\TwigExtension->escapeFilter(Object(Drupal\\Core\\Template\\TwigEnvironment), Array, \'html\', NULL, true)\n#36 /var/www/html/vendor/twig/twig/src/Template.php(405): __TwigTemplate_1e03c3c8414b9ebb308c9ae7daee47a0b0d70ecff71a20ff06a7d094ae2dd365->doDisplay(Array, Array)\n#37 /var/www/html/vendor/twig/twig/src/Template.php(378): Twig\\Template->displayWithErrorHandling(Array, Array)\n#38 /var/www/html/vendor/twig/twig/src/Template.php(390): Twig\\Template->display(Array)\n#39 /var/www/html/web/core/themes/engines/twig/twig.engine(65): Twig\\Template->render(Array)\n#40 /var/www/html/web/core/lib/Drupal/Core/Theme/ThemeManager.php(384): twig_render_template(\'core/themes/sta...\', Array)\n#41 /var/www/html/web/core/lib/Drupal/Core/Render/Renderer.php(436): Drupal\\Core\\Theme\\ThemeManager->render(\'node\', Array)\n#42 /var/www/html/web/core/lib/Drupal/Core/Render/Renderer.php(201): Drupal\\Core\\Render\\Renderer->doRender(Array, false)\n#43 /var/www/html/web/core/lib/Drupal/Core/Render/MainContent/HtmlRenderer.php(241): Drupal\\Core\\Render\\Renderer->render(Array, false)\n#44 /var/www/html/web/core/lib/Drupal/Core/Render/Renderer.php(578): Drupal\\Core\\Render\\MainContent\\HtmlRenderer->Drupal\\Core\\Render\\MainContent\\{closure}()\n#45 /var/www/html/web/core/lib/Drupal/Core/Render/MainContent/HtmlRenderer.php(242): Drupal\\Core\\Render\\Renderer->executeInRenderContext(Object(Drupal\\Core\\Render\\RenderContext), Object(Closure))\n#46 /var/www/html/web/core/lib/Drupal/Core/Render/MainContent/HtmlRenderer.php(132): Drupal\\Core\\Render\\MainContent\\HtmlRenderer->prepare(Array, Object(Symfony\\Component\\HttpFoundation\\Request), Object(Drupal\\Core\\Routing\\CurrentRouteMatch))\n#47 /var/www/html/web/core/lib/Drupal/Core/EventSubscriber/MainContentViewSubscriber.php(90): Drupal\\Core\\Render\\MainContent\\HtmlRenderer->renderResponse(Array, Object(Symfony\\Component\\HttpFoundation\\Request), Object(Drupal\\Core\\Routing\\CurrentRouteMatch))\n#48 [internal function]: Drupal\\Core\\EventSubscriber\\MainContentViewSubscriber->onViewRenderArray(Object(Symfony\\Component\\HttpKernel\\Event\\ViewEvent), \'kernel.view\', Object(Drupal\\Component\\EventDispatcher\\ContainerAwareEventDispatcher))\n#49 /var/www/html/web/core/lib/Drupal/Component/EventDispatcher/ContainerAwareEventDispatcher.php(142): call_user_func(Array, Object(Symfony\\Component\\HttpKernel\\Event\\ViewEvent), \'kernel.view\', Object(Drupal\\Component\\EventDispatcher\\ContainerAwareEventDispatcher))\n#50 /var/www/html/vendor/symfony/http-kernel/HttpKernel.php(163): Drupal\\Component\\EventDispatcher\\ContainerAwareEventDispatcher->dispatch(Object(Symfony\\Component\\HttpKernel\\Event\\ViewEvent), \'kernel.view\')\n#51 /var/www/html/vendor/symfony/http-kernel/HttpKernel.php(80): Symfony\\Component\\HttpKernel\\HttpKernel->handleRaw(Object(Symfony\\Component\\HttpFoundation\\Request), 1)\n#52 /var/www/html/web/core/lib/Drupal/Core/StackMiddleware/Session.php(57): Symfony\\Component\\HttpKernel\\HttpKernel->handle(Object(Symfony\\Component\\HttpFoundation\\Request), 1, true)\n#53 /var/www/html/web/core/lib/Drupal/Core/StackMiddleware/KernelPreHandle.php(47): Drupal\\Core\\StackMiddleware\\Session->handle(Object(Symfony\\Component\\HttpFoundation\\Request), 1, true)\n#54 /var/www/html/web/core/modules/page_cache/src/StackMiddleware/PageCache.php(191): Drupal\\Core\\StackMiddleware\\KernelPreHandle->handle(Object(Symfony\\Component\\HttpFoundation\\Request), 1, true)\n#55 /var/www/html/web/core/modules/page_cache/src/StackMiddleware/PageCache.php(128): Drupal\\page_cache\\StackMiddleware\\PageCache->fetch(Object(Symfony\\Component\\HttpFoundation\\Request), 1, true)\n#56 /var/www/html/web/core/modules/page_cache/src/StackMiddleware/PageCache.php(82): Drupal\\page_cache\\StackMiddleware\\PageCache->lookup(Object(Symfony\\Component\\HttpFoundation\\Request), 1, true)\n#57 /var/www/html/web/core/lib/Drupal/Core/StackMiddleware/ReverseProxyMiddleware.php(47): Drupal\\page_cache\\StackMiddleware\\PageCache->handle(Object(Symfony\\Component\\HttpFoundation\\Request), 1, true)\n#58 /var/www/html/web/core/lib/Drupal/Core/StackMiddleware/NegotiationMiddleware.php(52): Drupal\\Core\\StackMiddleware\\ReverseProxyMiddleware->handle(Object(Symfony\\Component\\HttpFoundation\\Request), 1, true)\n#59 /var/www/html/vendor/stack/builder/src/Stack/StackedHttpKernel.php(23): Drupal\\Core\\StackMiddleware\\NegotiationMiddleware->handle(Object(Symfony\\Component\\HttpFoundation\\Request), 1, true)\n#60 /var/www/html/web/core/lib/Drupal/Core/DrupalKernel.php(717): Stack\\StackedHttpKernel->handle(Object(Symfony\\Component\\HttpFoundation\\Request), 1, true)\n#61 /var/www/html/web/index.php(19): Drupal\\Core\\DrupalKernel->handle(Object(Symfony\\Component\\HttpFoundation\\Request))\n#62 {main}\";}',3,'','https://hed-9lts.ddev.site/homepage','','172.18.0.6',1642156251),(2607,0,'php','%type: @message in %function (line %line of %file).','a:6:{s:5:\"%type\";s:22:\"Twig\\Error\\SyntaxError\";s:8:\"@message\";s:15:\"Unexpected \"}\".\";s:9:\"%function\";s:27:\"Twig\\Lexer->lexExpression()\";s:5:\"%file\";s:107:\"/var/www/html/web/themes/custom/HEDsite/templates/field/field--node--field-texte-who-we-are--home.html.twig\";s:5:\"%line\";i:60;s:17:\"@backtrace_string\";s:9385:\"#0 /var/www/html/vendor/twig/twig/src/Lexer.php(292): Twig\\Lexer->lexExpression()\n#1 /var/www/html/vendor/twig/twig/src/Lexer.php(186): Twig\\Lexer->lexVar()\n#2 /var/www/html/vendor/twig/twig/src/Environment.php(542): Twig\\Lexer->tokenize(Object(Twig\\Source))\n#3 /var/www/html/vendor/twig/twig/src/Environment.php(595): Twig\\Environment->tokenize(Object(Twig\\Source))\n#4 /var/www/html/web/core/lib/Drupal/Core/Template/TwigEnvironment.php(132): Twig\\Environment->compileSource(Object(Twig\\Source))\n#5 /var/www/html/vendor/twig/twig/src/Environment.php(408): Drupal\\Core\\Template\\TwigEnvironment->compileSource(Object(Twig\\Source))\n#6 /var/www/html/vendor/twig/twig/src/Environment.php(381): Twig\\Environment->loadClass(\'__TwigTemplate_...\', \'themes/custom/H...\', NULL)\n#7 /var/www/html/web/core/themes/engines/twig/twig.engine(65): Twig\\Environment->loadTemplate(\'themes/custom/H...\')\n#8 /var/www/html/web/core/lib/Drupal/Core/Theme/ThemeManager.php(384): twig_render_template(\'themes/custom/H...\', Array)\n#9 /var/www/html/web/core/lib/Drupal/Core/Render/Renderer.php(436): Drupal\\Core\\Theme\\ThemeManager->render(\'field\', Array)\n#10 /var/www/html/web/core/lib/Drupal/Core/Render/Renderer.php(201): Drupal\\Core\\Render\\Renderer->doRender(Array, false)\n#11 /var/www/html/web/core/lib/Drupal/Core/Template/TwigExtension.php(450): Drupal\\Core\\Render\\Renderer->render(Array)\n#12 /var/www/html/web/sites/default/files/php/twig/61e150f36d10f_block.html.twig_aZTDzy-ZE4V38D-3Rlot-qA36/jNVFKvOT2J5KOZmnBWezBfe5fqCPv1NaIBf6zLdqs68.php(76): Drupal\\Core\\Template\\TwigExtension->escapeFilter(Object(Drupal\\Core\\Template\\TwigEnvironment), Array, \'html\', NULL, true)\n#13 /var/www/html/vendor/twig/twig/src/Template.php(182): __TwigTemplate_91857dcbcd5b18e16fc4cc43273112f5c700bb55aef666d6f74b21be23db0872->block_content(Array, Array)\n#14 /var/www/html/web/sites/default/files/php/twig/61e150f36d10f_block.html.twig_aZTDzy-ZE4V38D-3Rlot-qA36/jNVFKvOT2J5KOZmnBWezBfe5fqCPv1NaIBf6zLdqs68.php(64): Twig\\Template->displayBlock(\'content\', Array, Array)\n#15 /var/www/html/vendor/twig/twig/src/Template.php(405): __TwigTemplate_91857dcbcd5b18e16fc4cc43273112f5c700bb55aef666d6f74b21be23db0872->doDisplay(Array, Array)\n#16 /var/www/html/vendor/twig/twig/src/Template.php(378): Twig\\Template->displayWithErrorHandling(Array, Array)\n#17 /var/www/html/vendor/twig/twig/src/Template.php(390): Twig\\Template->display(Array)\n#18 /var/www/html/web/core/themes/engines/twig/twig.engine(65): Twig\\Template->render(Array)\n#19 /var/www/html/web/core/lib/Drupal/Core/Theme/ThemeManager.php(384): twig_render_template(\'core/themes/sta...\', Array)\n#20 /var/www/html/web/core/lib/Drupal/Core/Render/Renderer.php(436): Drupal\\Core\\Theme\\ThemeManager->render(\'block\', Array)\n#21 /var/www/html/web/core/lib/Drupal/Core/Render/Renderer.php(449): Drupal\\Core\\Render\\Renderer->doRender(Array)\n#22 /var/www/html/web/core/lib/Drupal/Core/Render/Renderer.php(201): Drupal\\Core\\Render\\Renderer->doRender(Array, false)\n#23 /var/www/html/web/core/lib/Drupal/Core/Template/TwigExtension.php(450): Drupal\\Core\\Render\\Renderer->render(Array)\n#24 /var/www/html/web/sites/default/files/php/twig/61e150f36d10f_layout--twocol-section.ht_5E0avRrLCPqZjXFaw5P1VYvSf/4MbkVPPHLbQfb1k-t_Mv0DCrH1Zij2Q46SJFQrcqbpY.php(84): Drupal\\Core\\Template\\TwigExtension->escapeFilter(Object(Drupal\\Core\\Template\\TwigEnvironment), Array, \'html\', NULL, true)\n#25 /var/www/html/vendor/twig/twig/src/Template.php(405): __TwigTemplate_2801a1a3fec3baa8106ec47006c49cd0116e4ed4a4646ec6637a80ebab564594->doDisplay(Array, Array)\n#26 /var/www/html/vendor/twig/twig/src/Template.php(378): Twig\\Template->displayWithErrorHandling(Array, Array)\n#27 /var/www/html/vendor/twig/twig/src/Template.php(390): Twig\\Template->display(Array)\n#28 /var/www/html/web/core/themes/engines/twig/twig.engine(65): Twig\\Template->render(Array)\n#29 /var/www/html/web/core/lib/Drupal/Core/Theme/ThemeManager.php(384): twig_render_template(\'themes/custom/H...\', Array)\n#30 /var/www/html/web/core/lib/Drupal/Core/Render/Renderer.php(436): Drupal\\Core\\Theme\\ThemeManager->render(\'layout__twocol_...\', Array)\n#31 /var/www/html/web/core/lib/Drupal/Core/Render/Renderer.php(449): Drupal\\Core\\Render\\Renderer->doRender(Array)\n#32 /var/www/html/web/core/lib/Drupal/Core/Render/Renderer.php(449): Drupal\\Core\\Render\\Renderer->doRender(Array)\n#33 /var/www/html/web/core/lib/Drupal/Core/Render/Renderer.php(201): Drupal\\Core\\Render\\Renderer->doRender(Array, false)\n#34 /var/www/html/web/core/lib/Drupal/Core/Template/TwigExtension.php(450): Drupal\\Core\\Render\\Renderer->render(Array)\n#35 /var/www/html/web/sites/default/files/php/twig/61e150f36d10f_node.html.twig_ekqPacjEAeLBsIhXiYcay71WH/xzmBlkjnjRsAJGgp_Tn0ocLBAXTeo7J5F96t451YPgg.php(100): Drupal\\Core\\Template\\TwigExtension->escapeFilter(Object(Drupal\\Core\\Template\\TwigEnvironment), Array, \'html\', NULL, true)\n#36 /var/www/html/vendor/twig/twig/src/Template.php(405): __TwigTemplate_1e03c3c8414b9ebb308c9ae7daee47a0b0d70ecff71a20ff06a7d094ae2dd365->doDisplay(Array, Array)\n#37 /var/www/html/vendor/twig/twig/src/Template.php(378): Twig\\Template->displayWithErrorHandling(Array, Array)\n#38 /var/www/html/vendor/twig/twig/src/Template.php(390): Twig\\Template->display(Array)\n#39 /var/www/html/web/core/themes/engines/twig/twig.engine(65): Twig\\Template->render(Array)\n#40 /var/www/html/web/core/lib/Drupal/Core/Theme/ThemeManager.php(384): twig_render_template(\'core/themes/sta...\', Array)\n#41 /var/www/html/web/core/lib/Drupal/Core/Render/Renderer.php(436): Drupal\\Core\\Theme\\ThemeManager->render(\'node\', Array)\n#42 /var/www/html/web/core/lib/Drupal/Core/Render/Renderer.php(201): Drupal\\Core\\Render\\Renderer->doRender(Array, false)\n#43 /var/www/html/web/core/lib/Drupal/Core/Render/MainContent/HtmlRenderer.php(241): Drupal\\Core\\Render\\Renderer->render(Array, false)\n#44 /var/www/html/web/core/lib/Drupal/Core/Render/Renderer.php(578): Drupal\\Core\\Render\\MainContent\\HtmlRenderer->Drupal\\Core\\Render\\MainContent\\{closure}()\n#45 /var/www/html/web/core/lib/Drupal/Core/Render/MainContent/HtmlRenderer.php(242): Drupal\\Core\\Render\\Renderer->executeInRenderContext(Object(Drupal\\Core\\Render\\RenderContext), Object(Closure))\n#46 /var/www/html/web/core/lib/Drupal/Core/Render/MainContent/HtmlRenderer.php(132): Drupal\\Core\\Render\\MainContent\\HtmlRenderer->prepare(Array, Object(Symfony\\Component\\HttpFoundation\\Request), Object(Drupal\\Core\\Routing\\CurrentRouteMatch))\n#47 /var/www/html/web/core/lib/Drupal/Core/EventSubscriber/MainContentViewSubscriber.php(90): Drupal\\Core\\Render\\MainContent\\HtmlRenderer->renderResponse(Array, Object(Symfony\\Component\\HttpFoundation\\Request), Object(Drupal\\Core\\Routing\\CurrentRouteMatch))\n#48 [internal function]: Drupal\\Core\\EventSubscriber\\MainContentViewSubscriber->onViewRenderArray(Object(Symfony\\Component\\HttpKernel\\Event\\ViewEvent), \'kernel.view\', Object(Drupal\\Component\\EventDispatcher\\ContainerAwareEventDispatcher))\n#49 /var/www/html/web/core/lib/Drupal/Component/EventDispatcher/ContainerAwareEventDispatcher.php(142): call_user_func(Array, Object(Symfony\\Component\\HttpKernel\\Event\\ViewEvent), \'kernel.view\', Object(Drupal\\Component\\EventDispatcher\\ContainerAwareEventDispatcher))\n#50 /var/www/html/vendor/symfony/http-kernel/HttpKernel.php(163): Drupal\\Component\\EventDispatcher\\ContainerAwareEventDispatcher->dispatch(Object(Symfony\\Component\\HttpKernel\\Event\\ViewEvent), \'kernel.view\')\n#51 /var/www/html/vendor/symfony/http-kernel/HttpKernel.php(80): Symfony\\Component\\HttpKernel\\HttpKernel->handleRaw(Object(Symfony\\Component\\HttpFoundation\\Request), 1)\n#52 /var/www/html/web/core/lib/Drupal/Core/StackMiddleware/Session.php(57): Symfony\\Component\\HttpKernel\\HttpKernel->handle(Object(Symfony\\Component\\HttpFoundation\\Request), 1, true)\n#53 /var/www/html/web/core/lib/Drupal/Core/StackMiddleware/KernelPreHandle.php(47): Drupal\\Core\\StackMiddleware\\Session->handle(Object(Symfony\\Component\\HttpFoundation\\Request), 1, true)\n#54 /var/www/html/web/core/modules/page_cache/src/StackMiddleware/PageCache.php(191): Drupal\\Core\\StackMiddleware\\KernelPreHandle->handle(Object(Symfony\\Component\\HttpFoundation\\Request), 1, true)\n#55 /var/www/html/web/core/modules/page_cache/src/StackMiddleware/PageCache.php(128): Drupal\\page_cache\\StackMiddleware\\PageCache->fetch(Object(Symfony\\Component\\HttpFoundation\\Request), 1, true)\n#56 /var/www/html/web/core/modules/page_cache/src/StackMiddleware/PageCache.php(82): Drupal\\page_cache\\StackMiddleware\\PageCache->lookup(Object(Symfony\\Component\\HttpFoundation\\Request), 1, true)\n#57 /var/www/html/web/core/lib/Drupal/Core/StackMiddleware/ReverseProxyMiddleware.php(47): Drupal\\page_cache\\StackMiddleware\\PageCache->handle(Object(Symfony\\Component\\HttpFoundation\\Request), 1, true)\n#58 /var/www/html/web/core/lib/Drupal/Core/StackMiddleware/NegotiationMiddleware.php(52): Drupal\\Core\\StackMiddleware\\ReverseProxyMiddleware->handle(Object(Symfony\\Component\\HttpFoundation\\Request), 1, true)\n#59 /var/www/html/vendor/stack/builder/src/Stack/StackedHttpKernel.php(23): Drupal\\Core\\StackMiddleware\\NegotiationMiddleware->handle(Object(Symfony\\Component\\HttpFoundation\\Request), 1, true)\n#60 /var/www/html/web/core/lib/Drupal/Core/DrupalKernel.php(717): Stack\\StackedHttpKernel->handle(Object(Symfony\\Component\\HttpFoundation\\Request), 1, true)\n#61 /var/www/html/web/index.php(19): Drupal\\Core\\DrupalKernel->handle(Object(Symfony\\Component\\HttpFoundation\\Request))\n#62 {main}\";}',3,'','https://hed-9lts.ddev.site/homepage','','172.18.0.6',1642156284),(2608,0,'php','%type: @message in %function (line %line of %file).','a:6:{s:5:\"%type\";s:22:\"Twig\\Error\\SyntaxError\";s:8:\"@message\";s:15:\"Unexpected \"}\".\";s:9:\"%function\";s:27:\"Twig\\Lexer->lexExpression()\";s:5:\"%file\";s:107:\"/var/www/html/web/themes/custom/HEDsite/templates/field/field--node--field-texte-who-we-are--home.html.twig\";s:5:\"%line\";i:60;s:17:\"@backtrace_string\";s:9385:\"#0 /var/www/html/vendor/twig/twig/src/Lexer.php(292): Twig\\Lexer->lexExpression()\n#1 /var/www/html/vendor/twig/twig/src/Lexer.php(186): Twig\\Lexer->lexVar()\n#2 /var/www/html/vendor/twig/twig/src/Environment.php(542): Twig\\Lexer->tokenize(Object(Twig\\Source))\n#3 /var/www/html/vendor/twig/twig/src/Environment.php(595): Twig\\Environment->tokenize(Object(Twig\\Source))\n#4 /var/www/html/web/core/lib/Drupal/Core/Template/TwigEnvironment.php(132): Twig\\Environment->compileSource(Object(Twig\\Source))\n#5 /var/www/html/vendor/twig/twig/src/Environment.php(408): Drupal\\Core\\Template\\TwigEnvironment->compileSource(Object(Twig\\Source))\n#6 /var/www/html/vendor/twig/twig/src/Environment.php(381): Twig\\Environment->loadClass(\'__TwigTemplate_...\', \'themes/custom/H...\', NULL)\n#7 /var/www/html/web/core/themes/engines/twig/twig.engine(65): Twig\\Environment->loadTemplate(\'themes/custom/H...\')\n#8 /var/www/html/web/core/lib/Drupal/Core/Theme/ThemeManager.php(384): twig_render_template(\'themes/custom/H...\', Array)\n#9 /var/www/html/web/core/lib/Drupal/Core/Render/Renderer.php(436): Drupal\\Core\\Theme\\ThemeManager->render(\'field\', Array)\n#10 /var/www/html/web/core/lib/Drupal/Core/Render/Renderer.php(201): Drupal\\Core\\Render\\Renderer->doRender(Array, false)\n#11 /var/www/html/web/core/lib/Drupal/Core/Template/TwigExtension.php(450): Drupal\\Core\\Render\\Renderer->render(Array)\n#12 /var/www/html/web/sites/default/files/php/twig/61e150f36d10f_block.html.twig_aZTDzy-ZE4V38D-3Rlot-qA36/jNVFKvOT2J5KOZmnBWezBfe5fqCPv1NaIBf6zLdqs68.php(76): Drupal\\Core\\Template\\TwigExtension->escapeFilter(Object(Drupal\\Core\\Template\\TwigEnvironment), Array, \'html\', NULL, true)\n#13 /var/www/html/vendor/twig/twig/src/Template.php(182): __TwigTemplate_91857dcbcd5b18e16fc4cc43273112f5c700bb55aef666d6f74b21be23db0872->block_content(Array, Array)\n#14 /var/www/html/web/sites/default/files/php/twig/61e150f36d10f_block.html.twig_aZTDzy-ZE4V38D-3Rlot-qA36/jNVFKvOT2J5KOZmnBWezBfe5fqCPv1NaIBf6zLdqs68.php(64): Twig\\Template->displayBlock(\'content\', Array, Array)\n#15 /var/www/html/vendor/twig/twig/src/Template.php(405): __TwigTemplate_91857dcbcd5b18e16fc4cc43273112f5c700bb55aef666d6f74b21be23db0872->doDisplay(Array, Array)\n#16 /var/www/html/vendor/twig/twig/src/Template.php(378): Twig\\Template->displayWithErrorHandling(Array, Array)\n#17 /var/www/html/vendor/twig/twig/src/Template.php(390): Twig\\Template->display(Array)\n#18 /var/www/html/web/core/themes/engines/twig/twig.engine(65): Twig\\Template->render(Array)\n#19 /var/www/html/web/core/lib/Drupal/Core/Theme/ThemeManager.php(384): twig_render_template(\'core/themes/sta...\', Array)\n#20 /var/www/html/web/core/lib/Drupal/Core/Render/Renderer.php(436): Drupal\\Core\\Theme\\ThemeManager->render(\'block\', Array)\n#21 /var/www/html/web/core/lib/Drupal/Core/Render/Renderer.php(449): Drupal\\Core\\Render\\Renderer->doRender(Array)\n#22 /var/www/html/web/core/lib/Drupal/Core/Render/Renderer.php(201): Drupal\\Core\\Render\\Renderer->doRender(Array, false)\n#23 /var/www/html/web/core/lib/Drupal/Core/Template/TwigExtension.php(450): Drupal\\Core\\Render\\Renderer->render(Array)\n#24 /var/www/html/web/sites/default/files/php/twig/61e150f36d10f_layout--twocol-section.ht_5E0avRrLCPqZjXFaw5P1VYvSf/4MbkVPPHLbQfb1k-t_Mv0DCrH1Zij2Q46SJFQrcqbpY.php(84): Drupal\\Core\\Template\\TwigExtension->escapeFilter(Object(Drupal\\Core\\Template\\TwigEnvironment), Array, \'html\', NULL, true)\n#25 /var/www/html/vendor/twig/twig/src/Template.php(405): __TwigTemplate_2801a1a3fec3baa8106ec47006c49cd0116e4ed4a4646ec6637a80ebab564594->doDisplay(Array, Array)\n#26 /var/www/html/vendor/twig/twig/src/Template.php(378): Twig\\Template->displayWithErrorHandling(Array, Array)\n#27 /var/www/html/vendor/twig/twig/src/Template.php(390): Twig\\Template->display(Array)\n#28 /var/www/html/web/core/themes/engines/twig/twig.engine(65): Twig\\Template->render(Array)\n#29 /var/www/html/web/core/lib/Drupal/Core/Theme/ThemeManager.php(384): twig_render_template(\'themes/custom/H...\', Array)\n#30 /var/www/html/web/core/lib/Drupal/Core/Render/Renderer.php(436): Drupal\\Core\\Theme\\ThemeManager->render(\'layout__twocol_...\', Array)\n#31 /var/www/html/web/core/lib/Drupal/Core/Render/Renderer.php(449): Drupal\\Core\\Render\\Renderer->doRender(Array)\n#32 /var/www/html/web/core/lib/Drupal/Core/Render/Renderer.php(449): Drupal\\Core\\Render\\Renderer->doRender(Array)\n#33 /var/www/html/web/core/lib/Drupal/Core/Render/Renderer.php(201): Drupal\\Core\\Render\\Renderer->doRender(Array, false)\n#34 /var/www/html/web/core/lib/Drupal/Core/Template/TwigExtension.php(450): Drupal\\Core\\Render\\Renderer->render(Array)\n#35 /var/www/html/web/sites/default/files/php/twig/61e150f36d10f_node.html.twig_ekqPacjEAeLBsIhXiYcay71WH/xzmBlkjnjRsAJGgp_Tn0ocLBAXTeo7J5F96t451YPgg.php(100): Drupal\\Core\\Template\\TwigExtension->escapeFilter(Object(Drupal\\Core\\Template\\TwigEnvironment), Array, \'html\', NULL, true)\n#36 /var/www/html/vendor/twig/twig/src/Template.php(405): __TwigTemplate_1e03c3c8414b9ebb308c9ae7daee47a0b0d70ecff71a20ff06a7d094ae2dd365->doDisplay(Array, Array)\n#37 /var/www/html/vendor/twig/twig/src/Template.php(378): Twig\\Template->displayWithErrorHandling(Array, Array)\n#38 /var/www/html/vendor/twig/twig/src/Template.php(390): Twig\\Template->display(Array)\n#39 /var/www/html/web/core/themes/engines/twig/twig.engine(65): Twig\\Template->render(Array)\n#40 /var/www/html/web/core/lib/Drupal/Core/Theme/ThemeManager.php(384): twig_render_template(\'core/themes/sta...\', Array)\n#41 /var/www/html/web/core/lib/Drupal/Core/Render/Renderer.php(436): Drupal\\Core\\Theme\\ThemeManager->render(\'node\', Array)\n#42 /var/www/html/web/core/lib/Drupal/Core/Render/Renderer.php(201): Drupal\\Core\\Render\\Renderer->doRender(Array, false)\n#43 /var/www/html/web/core/lib/Drupal/Core/Render/MainContent/HtmlRenderer.php(241): Drupal\\Core\\Render\\Renderer->render(Array, false)\n#44 /var/www/html/web/core/lib/Drupal/Core/Render/Renderer.php(578): Drupal\\Core\\Render\\MainContent\\HtmlRenderer->Drupal\\Core\\Render\\MainContent\\{closure}()\n#45 /var/www/html/web/core/lib/Drupal/Core/Render/MainContent/HtmlRenderer.php(242): Drupal\\Core\\Render\\Renderer->executeInRenderContext(Object(Drupal\\Core\\Render\\RenderContext), Object(Closure))\n#46 /var/www/html/web/core/lib/Drupal/Core/Render/MainContent/HtmlRenderer.php(132): Drupal\\Core\\Render\\MainContent\\HtmlRenderer->prepare(Array, Object(Symfony\\Component\\HttpFoundation\\Request), Object(Drupal\\Core\\Routing\\CurrentRouteMatch))\n#47 /var/www/html/web/core/lib/Drupal/Core/EventSubscriber/MainContentViewSubscriber.php(90): Drupal\\Core\\Render\\MainContent\\HtmlRenderer->renderResponse(Array, Object(Symfony\\Component\\HttpFoundation\\Request), Object(Drupal\\Core\\Routing\\CurrentRouteMatch))\n#48 [internal function]: Drupal\\Core\\EventSubscriber\\MainContentViewSubscriber->onViewRenderArray(Object(Symfony\\Component\\HttpKernel\\Event\\ViewEvent), \'kernel.view\', Object(Drupal\\Component\\EventDispatcher\\ContainerAwareEventDispatcher))\n#49 /var/www/html/web/core/lib/Drupal/Component/EventDispatcher/ContainerAwareEventDispatcher.php(142): call_user_func(Array, Object(Symfony\\Component\\HttpKernel\\Event\\ViewEvent), \'kernel.view\', Object(Drupal\\Component\\EventDispatcher\\ContainerAwareEventDispatcher))\n#50 /var/www/html/vendor/symfony/http-kernel/HttpKernel.php(163): Drupal\\Component\\EventDispatcher\\ContainerAwareEventDispatcher->dispatch(Object(Symfony\\Component\\HttpKernel\\Event\\ViewEvent), \'kernel.view\')\n#51 /var/www/html/vendor/symfony/http-kernel/HttpKernel.php(80): Symfony\\Component\\HttpKernel\\HttpKernel->handleRaw(Object(Symfony\\Component\\HttpFoundation\\Request), 1)\n#52 /var/www/html/web/core/lib/Drupal/Core/StackMiddleware/Session.php(57): Symfony\\Component\\HttpKernel\\HttpKernel->handle(Object(Symfony\\Component\\HttpFoundation\\Request), 1, true)\n#53 /var/www/html/web/core/lib/Drupal/Core/StackMiddleware/KernelPreHandle.php(47): Drupal\\Core\\StackMiddleware\\Session->handle(Object(Symfony\\Component\\HttpFoundation\\Request), 1, true)\n#54 /var/www/html/web/core/modules/page_cache/src/StackMiddleware/PageCache.php(191): Drupal\\Core\\StackMiddleware\\KernelPreHandle->handle(Object(Symfony\\Component\\HttpFoundation\\Request), 1, true)\n#55 /var/www/html/web/core/modules/page_cache/src/StackMiddleware/PageCache.php(128): Drupal\\page_cache\\StackMiddleware\\PageCache->fetch(Object(Symfony\\Component\\HttpFoundation\\Request), 1, true)\n#56 /var/www/html/web/core/modules/page_cache/src/StackMiddleware/PageCache.php(82): Drupal\\page_cache\\StackMiddleware\\PageCache->lookup(Object(Symfony\\Component\\HttpFoundation\\Request), 1, true)\n#57 /var/www/html/web/core/lib/Drupal/Core/StackMiddleware/ReverseProxyMiddleware.php(47): Drupal\\page_cache\\StackMiddleware\\PageCache->handle(Object(Symfony\\Component\\HttpFoundation\\Request), 1, true)\n#58 /var/www/html/web/core/lib/Drupal/Core/StackMiddleware/NegotiationMiddleware.php(52): Drupal\\Core\\StackMiddleware\\ReverseProxyMiddleware->handle(Object(Symfony\\Component\\HttpFoundation\\Request), 1, true)\n#59 /var/www/html/vendor/stack/builder/src/Stack/StackedHttpKernel.php(23): Drupal\\Core\\StackMiddleware\\NegotiationMiddleware->handle(Object(Symfony\\Component\\HttpFoundation\\Request), 1, true)\n#60 /var/www/html/web/core/lib/Drupal/Core/DrupalKernel.php(717): Stack\\StackedHttpKernel->handle(Object(Symfony\\Component\\HttpFoundation\\Request), 1, true)\n#61 /var/www/html/web/index.php(19): Drupal\\Core\\DrupalKernel->handle(Object(Symfony\\Component\\HttpFoundation\\Request))\n#62 {main}\";}',3,'','https://hed-9lts.ddev.site/homepage','','172.18.0.6',1642156288),(2609,0,'php','%type: @message in %function (line %line of %file).','a:6:{s:5:\"%type\";s:22:\"Twig\\Error\\SyntaxError\";s:8:\"@message\";s:15:\"Unexpected \"}\".\";s:9:\"%function\";s:27:\"Twig\\Lexer->lexExpression()\";s:5:\"%file\";s:107:\"/var/www/html/web/themes/custom/HEDsite/templates/field/field--node--field-texte-who-we-are--home.html.twig\";s:5:\"%line\";i:60;s:17:\"@backtrace_string\";s:9385:\"#0 /var/www/html/vendor/twig/twig/src/Lexer.php(292): Twig\\Lexer->lexExpression()\n#1 /var/www/html/vendor/twig/twig/src/Lexer.php(186): Twig\\Lexer->lexVar()\n#2 /var/www/html/vendor/twig/twig/src/Environment.php(542): Twig\\Lexer->tokenize(Object(Twig\\Source))\n#3 /var/www/html/vendor/twig/twig/src/Environment.php(595): Twig\\Environment->tokenize(Object(Twig\\Source))\n#4 /var/www/html/web/core/lib/Drupal/Core/Template/TwigEnvironment.php(132): Twig\\Environment->compileSource(Object(Twig\\Source))\n#5 /var/www/html/vendor/twig/twig/src/Environment.php(408): Drupal\\Core\\Template\\TwigEnvironment->compileSource(Object(Twig\\Source))\n#6 /var/www/html/vendor/twig/twig/src/Environment.php(381): Twig\\Environment->loadClass(\'__TwigTemplate_...\', \'themes/custom/H...\', NULL)\n#7 /var/www/html/web/core/themes/engines/twig/twig.engine(65): Twig\\Environment->loadTemplate(\'themes/custom/H...\')\n#8 /var/www/html/web/core/lib/Drupal/Core/Theme/ThemeManager.php(384): twig_render_template(\'themes/custom/H...\', Array)\n#9 /var/www/html/web/core/lib/Drupal/Core/Render/Renderer.php(436): Drupal\\Core\\Theme\\ThemeManager->render(\'field\', Array)\n#10 /var/www/html/web/core/lib/Drupal/Core/Render/Renderer.php(201): Drupal\\Core\\Render\\Renderer->doRender(Array, false)\n#11 /var/www/html/web/core/lib/Drupal/Core/Template/TwigExtension.php(450): Drupal\\Core\\Render\\Renderer->render(Array)\n#12 /var/www/html/web/sites/default/files/php/twig/61e150f36d10f_block.html.twig_aZTDzy-ZE4V38D-3Rlot-qA36/jNVFKvOT2J5KOZmnBWezBfe5fqCPv1NaIBf6zLdqs68.php(76): Drupal\\Core\\Template\\TwigExtension->escapeFilter(Object(Drupal\\Core\\Template\\TwigEnvironment), Array, \'html\', NULL, true)\n#13 /var/www/html/vendor/twig/twig/src/Template.php(182): __TwigTemplate_91857dcbcd5b18e16fc4cc43273112f5c700bb55aef666d6f74b21be23db0872->block_content(Array, Array)\n#14 /var/www/html/web/sites/default/files/php/twig/61e150f36d10f_block.html.twig_aZTDzy-ZE4V38D-3Rlot-qA36/jNVFKvOT2J5KOZmnBWezBfe5fqCPv1NaIBf6zLdqs68.php(64): Twig\\Template->displayBlock(\'content\', Array, Array)\n#15 /var/www/html/vendor/twig/twig/src/Template.php(405): __TwigTemplate_91857dcbcd5b18e16fc4cc43273112f5c700bb55aef666d6f74b21be23db0872->doDisplay(Array, Array)\n#16 /var/www/html/vendor/twig/twig/src/Template.php(378): Twig\\Template->displayWithErrorHandling(Array, Array)\n#17 /var/www/html/vendor/twig/twig/src/Template.php(390): Twig\\Template->display(Array)\n#18 /var/www/html/web/core/themes/engines/twig/twig.engine(65): Twig\\Template->render(Array)\n#19 /var/www/html/web/core/lib/Drupal/Core/Theme/ThemeManager.php(384): twig_render_template(\'core/themes/sta...\', Array)\n#20 /var/www/html/web/core/lib/Drupal/Core/Render/Renderer.php(436): Drupal\\Core\\Theme\\ThemeManager->render(\'block\', Array)\n#21 /var/www/html/web/core/lib/Drupal/Core/Render/Renderer.php(449): Drupal\\Core\\Render\\Renderer->doRender(Array)\n#22 /var/www/html/web/core/lib/Drupal/Core/Render/Renderer.php(201): Drupal\\Core\\Render\\Renderer->doRender(Array, false)\n#23 /var/www/html/web/core/lib/Drupal/Core/Template/TwigExtension.php(450): Drupal\\Core\\Render\\Renderer->render(Array)\n#24 /var/www/html/web/sites/default/files/php/twig/61e150f36d10f_layout--twocol-section.ht_5E0avRrLCPqZjXFaw5P1VYvSf/4MbkVPPHLbQfb1k-t_Mv0DCrH1Zij2Q46SJFQrcqbpY.php(84): Drupal\\Core\\Template\\TwigExtension->escapeFilter(Object(Drupal\\Core\\Template\\TwigEnvironment), Array, \'html\', NULL, true)\n#25 /var/www/html/vendor/twig/twig/src/Template.php(405): __TwigTemplate_2801a1a3fec3baa8106ec47006c49cd0116e4ed4a4646ec6637a80ebab564594->doDisplay(Array, Array)\n#26 /var/www/html/vendor/twig/twig/src/Template.php(378): Twig\\Template->displayWithErrorHandling(Array, Array)\n#27 /var/www/html/vendor/twig/twig/src/Template.php(390): Twig\\Template->display(Array)\n#28 /var/www/html/web/core/themes/engines/twig/twig.engine(65): Twig\\Template->render(Array)\n#29 /var/www/html/web/core/lib/Drupal/Core/Theme/ThemeManager.php(384): twig_render_template(\'themes/custom/H...\', Array)\n#30 /var/www/html/web/core/lib/Drupal/Core/Render/Renderer.php(436): Drupal\\Core\\Theme\\ThemeManager->render(\'layout__twocol_...\', Array)\n#31 /var/www/html/web/core/lib/Drupal/Core/Render/Renderer.php(449): Drupal\\Core\\Render\\Renderer->doRender(Array)\n#32 /var/www/html/web/core/lib/Drupal/Core/Render/Renderer.php(449): Drupal\\Core\\Render\\Renderer->doRender(Array)\n#33 /var/www/html/web/core/lib/Drupal/Core/Render/Renderer.php(201): Drupal\\Core\\Render\\Renderer->doRender(Array, false)\n#34 /var/www/html/web/core/lib/Drupal/Core/Template/TwigExtension.php(450): Drupal\\Core\\Render\\Renderer->render(Array)\n#35 /var/www/html/web/sites/default/files/php/twig/61e150f36d10f_node.html.twig_ekqPacjEAeLBsIhXiYcay71WH/xzmBlkjnjRsAJGgp_Tn0ocLBAXTeo7J5F96t451YPgg.php(100): Drupal\\Core\\Template\\TwigExtension->escapeFilter(Object(Drupal\\Core\\Template\\TwigEnvironment), Array, \'html\', NULL, true)\n#36 /var/www/html/vendor/twig/twig/src/Template.php(405): __TwigTemplate_1e03c3c8414b9ebb308c9ae7daee47a0b0d70ecff71a20ff06a7d094ae2dd365->doDisplay(Array, Array)\n#37 /var/www/html/vendor/twig/twig/src/Template.php(378): Twig\\Template->displayWithErrorHandling(Array, Array)\n#38 /var/www/html/vendor/twig/twig/src/Template.php(390): Twig\\Template->display(Array)\n#39 /var/www/html/web/core/themes/engines/twig/twig.engine(65): Twig\\Template->render(Array)\n#40 /var/www/html/web/core/lib/Drupal/Core/Theme/ThemeManager.php(384): twig_render_template(\'core/themes/sta...\', Array)\n#41 /var/www/html/web/core/lib/Drupal/Core/Render/Renderer.php(436): Drupal\\Core\\Theme\\ThemeManager->render(\'node\', Array)\n#42 /var/www/html/web/core/lib/Drupal/Core/Render/Renderer.php(201): Drupal\\Core\\Render\\Renderer->doRender(Array, false)\n#43 /var/www/html/web/core/lib/Drupal/Core/Render/MainContent/HtmlRenderer.php(241): Drupal\\Core\\Render\\Renderer->render(Array, false)\n#44 /var/www/html/web/core/lib/Drupal/Core/Render/Renderer.php(578): Drupal\\Core\\Render\\MainContent\\HtmlRenderer->Drupal\\Core\\Render\\MainContent\\{closure}()\n#45 /var/www/html/web/core/lib/Drupal/Core/Render/MainContent/HtmlRenderer.php(242): Drupal\\Core\\Render\\Renderer->executeInRenderContext(Object(Drupal\\Core\\Render\\RenderContext), Object(Closure))\n#46 /var/www/html/web/core/lib/Drupal/Core/Render/MainContent/HtmlRenderer.php(132): Drupal\\Core\\Render\\MainContent\\HtmlRenderer->prepare(Array, Object(Symfony\\Component\\HttpFoundation\\Request), Object(Drupal\\Core\\Routing\\CurrentRouteMatch))\n#47 /var/www/html/web/core/lib/Drupal/Core/EventSubscriber/MainContentViewSubscriber.php(90): Drupal\\Core\\Render\\MainContent\\HtmlRenderer->renderResponse(Array, Object(Symfony\\Component\\HttpFoundation\\Request), Object(Drupal\\Core\\Routing\\CurrentRouteMatch))\n#48 [internal function]: Drupal\\Core\\EventSubscriber\\MainContentViewSubscriber->onViewRenderArray(Object(Symfony\\Component\\HttpKernel\\Event\\ViewEvent), \'kernel.view\', Object(Drupal\\Component\\EventDispatcher\\ContainerAwareEventDispatcher))\n#49 /var/www/html/web/core/lib/Drupal/Component/EventDispatcher/ContainerAwareEventDispatcher.php(142): call_user_func(Array, Object(Symfony\\Component\\HttpKernel\\Event\\ViewEvent), \'kernel.view\', Object(Drupal\\Component\\EventDispatcher\\ContainerAwareEventDispatcher))\n#50 /var/www/html/vendor/symfony/http-kernel/HttpKernel.php(163): Drupal\\Component\\EventDispatcher\\ContainerAwareEventDispatcher->dispatch(Object(Symfony\\Component\\HttpKernel\\Event\\ViewEvent), \'kernel.view\')\n#51 /var/www/html/vendor/symfony/http-kernel/HttpKernel.php(80): Symfony\\Component\\HttpKernel\\HttpKernel->handleRaw(Object(Symfony\\Component\\HttpFoundation\\Request), 1)\n#52 /var/www/html/web/core/lib/Drupal/Core/StackMiddleware/Session.php(57): Symfony\\Component\\HttpKernel\\HttpKernel->handle(Object(Symfony\\Component\\HttpFoundation\\Request), 1, true)\n#53 /var/www/html/web/core/lib/Drupal/Core/StackMiddleware/KernelPreHandle.php(47): Drupal\\Core\\StackMiddleware\\Session->handle(Object(Symfony\\Component\\HttpFoundation\\Request), 1, true)\n#54 /var/www/html/web/core/modules/page_cache/src/StackMiddleware/PageCache.php(191): Drupal\\Core\\StackMiddleware\\KernelPreHandle->handle(Object(Symfony\\Component\\HttpFoundation\\Request), 1, true)\n#55 /var/www/html/web/core/modules/page_cache/src/StackMiddleware/PageCache.php(128): Drupal\\page_cache\\StackMiddleware\\PageCache->fetch(Object(Symfony\\Component\\HttpFoundation\\Request), 1, true)\n#56 /var/www/html/web/core/modules/page_cache/src/StackMiddleware/PageCache.php(82): Drupal\\page_cache\\StackMiddleware\\PageCache->lookup(Object(Symfony\\Component\\HttpFoundation\\Request), 1, true)\n#57 /var/www/html/web/core/lib/Drupal/Core/StackMiddleware/ReverseProxyMiddleware.php(47): Drupal\\page_cache\\StackMiddleware\\PageCache->handle(Object(Symfony\\Component\\HttpFoundation\\Request), 1, true)\n#58 /var/www/html/web/core/lib/Drupal/Core/StackMiddleware/NegotiationMiddleware.php(52): Drupal\\Core\\StackMiddleware\\ReverseProxyMiddleware->handle(Object(Symfony\\Component\\HttpFoundation\\Request), 1, true)\n#59 /var/www/html/vendor/stack/builder/src/Stack/StackedHttpKernel.php(23): Drupal\\Core\\StackMiddleware\\NegotiationMiddleware->handle(Object(Symfony\\Component\\HttpFoundation\\Request), 1, true)\n#60 /var/www/html/web/core/lib/Drupal/Core/DrupalKernel.php(717): Stack\\StackedHttpKernel->handle(Object(Symfony\\Component\\HttpFoundation\\Request), 1, true)\n#61 /var/www/html/web/index.php(19): Drupal\\Core\\DrupalKernel->handle(Object(Symfony\\Component\\HttpFoundation\\Request))\n#62 {main}\";}',3,'','https://hed-9lts.ddev.site/homepage','','172.18.0.6',1642156288),(2610,0,'php','%type: @message in %function (line %line of %file).','a:6:{s:5:\"%type\";s:22:\"Twig\\Error\\SyntaxError\";s:8:\"@message\";s:15:\"Unexpected \"}\".\";s:9:\"%function\";s:27:\"Twig\\Lexer->lexExpression()\";s:5:\"%file\";s:107:\"/var/www/html/web/themes/custom/HEDsite/templates/field/field--node--field-texte-who-we-are--home.html.twig\";s:5:\"%line\";i:60;s:17:\"@backtrace_string\";s:9385:\"#0 /var/www/html/vendor/twig/twig/src/Lexer.php(292): Twig\\Lexer->lexExpression()\n#1 /var/www/html/vendor/twig/twig/src/Lexer.php(186): Twig\\Lexer->lexVar()\n#2 /var/www/html/vendor/twig/twig/src/Environment.php(542): Twig\\Lexer->tokenize(Object(Twig\\Source))\n#3 /var/www/html/vendor/twig/twig/src/Environment.php(595): Twig\\Environment->tokenize(Object(Twig\\Source))\n#4 /var/www/html/web/core/lib/Drupal/Core/Template/TwigEnvironment.php(132): Twig\\Environment->compileSource(Object(Twig\\Source))\n#5 /var/www/html/vendor/twig/twig/src/Environment.php(408): Drupal\\Core\\Template\\TwigEnvironment->compileSource(Object(Twig\\Source))\n#6 /var/www/html/vendor/twig/twig/src/Environment.php(381): Twig\\Environment->loadClass(\'__TwigTemplate_...\', \'themes/custom/H...\', NULL)\n#7 /var/www/html/web/core/themes/engines/twig/twig.engine(65): Twig\\Environment->loadTemplate(\'themes/custom/H...\')\n#8 /var/www/html/web/core/lib/Drupal/Core/Theme/ThemeManager.php(384): twig_render_template(\'themes/custom/H...\', Array)\n#9 /var/www/html/web/core/lib/Drupal/Core/Render/Renderer.php(436): Drupal\\Core\\Theme\\ThemeManager->render(\'field\', Array)\n#10 /var/www/html/web/core/lib/Drupal/Core/Render/Renderer.php(201): Drupal\\Core\\Render\\Renderer->doRender(Array, false)\n#11 /var/www/html/web/core/lib/Drupal/Core/Template/TwigExtension.php(450): Drupal\\Core\\Render\\Renderer->render(Array)\n#12 /var/www/html/web/sites/default/files/php/twig/61e151194c65c_block.html.twig_aZTDzy-ZE4V38D-3Rlot-qA36/Z8HQemD5HH3pA3s9R9_-3uRRuMMcX-WKcuLgvM7-VCA.php(76): Drupal\\Core\\Template\\TwigExtension->escapeFilter(Object(Drupal\\Core\\Template\\TwigEnvironment), Array, \'html\', NULL, true)\n#13 /var/www/html/vendor/twig/twig/src/Template.php(182): __TwigTemplate_91857dcbcd5b18e16fc4cc43273112f5c700bb55aef666d6f74b21be23db0872->block_content(Array, Array)\n#14 /var/www/html/web/sites/default/files/php/twig/61e151194c65c_block.html.twig_aZTDzy-ZE4V38D-3Rlot-qA36/Z8HQemD5HH3pA3s9R9_-3uRRuMMcX-WKcuLgvM7-VCA.php(64): Twig\\Template->displayBlock(\'content\', Array, Array)\n#15 /var/www/html/vendor/twig/twig/src/Template.php(405): __TwigTemplate_91857dcbcd5b18e16fc4cc43273112f5c700bb55aef666d6f74b21be23db0872->doDisplay(Array, Array)\n#16 /var/www/html/vendor/twig/twig/src/Template.php(378): Twig\\Template->displayWithErrorHandling(Array, Array)\n#17 /var/www/html/vendor/twig/twig/src/Template.php(390): Twig\\Template->display(Array)\n#18 /var/www/html/web/core/themes/engines/twig/twig.engine(65): Twig\\Template->render(Array)\n#19 /var/www/html/web/core/lib/Drupal/Core/Theme/ThemeManager.php(384): twig_render_template(\'core/themes/sta...\', Array)\n#20 /var/www/html/web/core/lib/Drupal/Core/Render/Renderer.php(436): Drupal\\Core\\Theme\\ThemeManager->render(\'block\', Array)\n#21 /var/www/html/web/core/lib/Drupal/Core/Render/Renderer.php(449): Drupal\\Core\\Render\\Renderer->doRender(Array)\n#22 /var/www/html/web/core/lib/Drupal/Core/Render/Renderer.php(201): Drupal\\Core\\Render\\Renderer->doRender(Array, false)\n#23 /var/www/html/web/core/lib/Drupal/Core/Template/TwigExtension.php(450): Drupal\\Core\\Render\\Renderer->render(Array)\n#24 /var/www/html/web/sites/default/files/php/twig/61e151194c65c_layout--twocol-section.ht_5E0avRrLCPqZjXFaw5P1VYvSf/EXuzfskk7ZSCYEzwv8pZ5U33WnixGeAkisL2Hwuutpk.php(84): Drupal\\Core\\Template\\TwigExtension->escapeFilter(Object(Drupal\\Core\\Template\\TwigEnvironment), Array, \'html\', NULL, true)\n#25 /var/www/html/vendor/twig/twig/src/Template.php(405): __TwigTemplate_2801a1a3fec3baa8106ec47006c49cd0116e4ed4a4646ec6637a80ebab564594->doDisplay(Array, Array)\n#26 /var/www/html/vendor/twig/twig/src/Template.php(378): Twig\\Template->displayWithErrorHandling(Array, Array)\n#27 /var/www/html/vendor/twig/twig/src/Template.php(390): Twig\\Template->display(Array)\n#28 /var/www/html/web/core/themes/engines/twig/twig.engine(65): Twig\\Template->render(Array)\n#29 /var/www/html/web/core/lib/Drupal/Core/Theme/ThemeManager.php(384): twig_render_template(\'themes/custom/H...\', Array)\n#30 /var/www/html/web/core/lib/Drupal/Core/Render/Renderer.php(436): Drupal\\Core\\Theme\\ThemeManager->render(\'layout__twocol_...\', Array)\n#31 /var/www/html/web/core/lib/Drupal/Core/Render/Renderer.php(449): Drupal\\Core\\Render\\Renderer->doRender(Array)\n#32 /var/www/html/web/core/lib/Drupal/Core/Render/Renderer.php(449): Drupal\\Core\\Render\\Renderer->doRender(Array)\n#33 /var/www/html/web/core/lib/Drupal/Core/Render/Renderer.php(201): Drupal\\Core\\Render\\Renderer->doRender(Array, false)\n#34 /var/www/html/web/core/lib/Drupal/Core/Template/TwigExtension.php(450): Drupal\\Core\\Render\\Renderer->render(Array)\n#35 /var/www/html/web/sites/default/files/php/twig/61e151194c65c_node.html.twig_ekqPacjEAeLBsIhXiYcay71WH/OZjH9hWwT9EmnNt0pcOSl8Ps_OaWrvUikmTgwsDVRnI.php(100): Drupal\\Core\\Template\\TwigExtension->escapeFilter(Object(Drupal\\Core\\Template\\TwigEnvironment), Array, \'html\', NULL, true)\n#36 /var/www/html/vendor/twig/twig/src/Template.php(405): __TwigTemplate_1e03c3c8414b9ebb308c9ae7daee47a0b0d70ecff71a20ff06a7d094ae2dd365->doDisplay(Array, Array)\n#37 /var/www/html/vendor/twig/twig/src/Template.php(378): Twig\\Template->displayWithErrorHandling(Array, Array)\n#38 /var/www/html/vendor/twig/twig/src/Template.php(390): Twig\\Template->display(Array)\n#39 /var/www/html/web/core/themes/engines/twig/twig.engine(65): Twig\\Template->render(Array)\n#40 /var/www/html/web/core/lib/Drupal/Core/Theme/ThemeManager.php(384): twig_render_template(\'core/themes/sta...\', Array)\n#41 /var/www/html/web/core/lib/Drupal/Core/Render/Renderer.php(436): Drupal\\Core\\Theme\\ThemeManager->render(\'node\', Array)\n#42 /var/www/html/web/core/lib/Drupal/Core/Render/Renderer.php(201): Drupal\\Core\\Render\\Renderer->doRender(Array, false)\n#43 /var/www/html/web/core/lib/Drupal/Core/Render/MainContent/HtmlRenderer.php(241): Drupal\\Core\\Render\\Renderer->render(Array, false)\n#44 /var/www/html/web/core/lib/Drupal/Core/Render/Renderer.php(578): Drupal\\Core\\Render\\MainContent\\HtmlRenderer->Drupal\\Core\\Render\\MainContent\\{closure}()\n#45 /var/www/html/web/core/lib/Drupal/Core/Render/MainContent/HtmlRenderer.php(242): Drupal\\Core\\Render\\Renderer->executeInRenderContext(Object(Drupal\\Core\\Render\\RenderContext), Object(Closure))\n#46 /var/www/html/web/core/lib/Drupal/Core/Render/MainContent/HtmlRenderer.php(132): Drupal\\Core\\Render\\MainContent\\HtmlRenderer->prepare(Array, Object(Symfony\\Component\\HttpFoundation\\Request), Object(Drupal\\Core\\Routing\\CurrentRouteMatch))\n#47 /var/www/html/web/core/lib/Drupal/Core/EventSubscriber/MainContentViewSubscriber.php(90): Drupal\\Core\\Render\\MainContent\\HtmlRenderer->renderResponse(Array, Object(Symfony\\Component\\HttpFoundation\\Request), Object(Drupal\\Core\\Routing\\CurrentRouteMatch))\n#48 [internal function]: Drupal\\Core\\EventSubscriber\\MainContentViewSubscriber->onViewRenderArray(Object(Symfony\\Component\\HttpKernel\\Event\\ViewEvent), \'kernel.view\', Object(Drupal\\Component\\EventDispatcher\\ContainerAwareEventDispatcher))\n#49 /var/www/html/web/core/lib/Drupal/Component/EventDispatcher/ContainerAwareEventDispatcher.php(142): call_user_func(Array, Object(Symfony\\Component\\HttpKernel\\Event\\ViewEvent), \'kernel.view\', Object(Drupal\\Component\\EventDispatcher\\ContainerAwareEventDispatcher))\n#50 /var/www/html/vendor/symfony/http-kernel/HttpKernel.php(163): Drupal\\Component\\EventDispatcher\\ContainerAwareEventDispatcher->dispatch(Object(Symfony\\Component\\HttpKernel\\Event\\ViewEvent), \'kernel.view\')\n#51 /var/www/html/vendor/symfony/http-kernel/HttpKernel.php(80): Symfony\\Component\\HttpKernel\\HttpKernel->handleRaw(Object(Symfony\\Component\\HttpFoundation\\Request), 1)\n#52 /var/www/html/web/core/lib/Drupal/Core/StackMiddleware/Session.php(57): Symfony\\Component\\HttpKernel\\HttpKernel->handle(Object(Symfony\\Component\\HttpFoundation\\Request), 1, true)\n#53 /var/www/html/web/core/lib/Drupal/Core/StackMiddleware/KernelPreHandle.php(47): Drupal\\Core\\StackMiddleware\\Session->handle(Object(Symfony\\Component\\HttpFoundation\\Request), 1, true)\n#54 /var/www/html/web/core/modules/page_cache/src/StackMiddleware/PageCache.php(191): Drupal\\Core\\StackMiddleware\\KernelPreHandle->handle(Object(Symfony\\Component\\HttpFoundation\\Request), 1, true)\n#55 /var/www/html/web/core/modules/page_cache/src/StackMiddleware/PageCache.php(128): Drupal\\page_cache\\StackMiddleware\\PageCache->fetch(Object(Symfony\\Component\\HttpFoundation\\Request), 1, true)\n#56 /var/www/html/web/core/modules/page_cache/src/StackMiddleware/PageCache.php(82): Drupal\\page_cache\\StackMiddleware\\PageCache->lookup(Object(Symfony\\Component\\HttpFoundation\\Request), 1, true)\n#57 /var/www/html/web/core/lib/Drupal/Core/StackMiddleware/ReverseProxyMiddleware.php(47): Drupal\\page_cache\\StackMiddleware\\PageCache->handle(Object(Symfony\\Component\\HttpFoundation\\Request), 1, true)\n#58 /var/www/html/web/core/lib/Drupal/Core/StackMiddleware/NegotiationMiddleware.php(52): Drupal\\Core\\StackMiddleware\\ReverseProxyMiddleware->handle(Object(Symfony\\Component\\HttpFoundation\\Request), 1, true)\n#59 /var/www/html/vendor/stack/builder/src/Stack/StackedHttpKernel.php(23): Drupal\\Core\\StackMiddleware\\NegotiationMiddleware->handle(Object(Symfony\\Component\\HttpFoundation\\Request), 1, true)\n#60 /var/www/html/web/core/lib/Drupal/Core/DrupalKernel.php(717): Stack\\StackedHttpKernel->handle(Object(Symfony\\Component\\HttpFoundation\\Request), 1, true)\n#61 /var/www/html/web/index.php(19): Drupal\\Core\\DrupalKernel->handle(Object(Symfony\\Component\\HttpFoundation\\Request))\n#62 {main}\";}',3,'','https://hed-9lts.ddev.site/homepage','','172.18.0.6',1642156322),(2611,0,'php','%type: @message in %function (line %line of %file).','a:6:{s:5:\"%type\";s:22:\"Twig\\Error\\SyntaxError\";s:8:\"@message\";s:15:\"Unexpected \"}\".\";s:9:\"%function\";s:27:\"Twig\\Lexer->lexExpression()\";s:5:\"%file\";s:107:\"/var/www/html/web/themes/custom/HEDsite/templates/field/field--node--field-texte-who-we-are--home.html.twig\";s:5:\"%line\";i:60;s:17:\"@backtrace_string\";s:9385:\"#0 /var/www/html/vendor/twig/twig/src/Lexer.php(292): Twig\\Lexer->lexExpression()\n#1 /var/www/html/vendor/twig/twig/src/Lexer.php(186): Twig\\Lexer->lexVar()\n#2 /var/www/html/vendor/twig/twig/src/Environment.php(542): Twig\\Lexer->tokenize(Object(Twig\\Source))\n#3 /var/www/html/vendor/twig/twig/src/Environment.php(595): Twig\\Environment->tokenize(Object(Twig\\Source))\n#4 /var/www/html/web/core/lib/Drupal/Core/Template/TwigEnvironment.php(132): Twig\\Environment->compileSource(Object(Twig\\Source))\n#5 /var/www/html/vendor/twig/twig/src/Environment.php(408): Drupal\\Core\\Template\\TwigEnvironment->compileSource(Object(Twig\\Source))\n#6 /var/www/html/vendor/twig/twig/src/Environment.php(381): Twig\\Environment->loadClass(\'__TwigTemplate_...\', \'themes/custom/H...\', NULL)\n#7 /var/www/html/web/core/themes/engines/twig/twig.engine(65): Twig\\Environment->loadTemplate(\'themes/custom/H...\')\n#8 /var/www/html/web/core/lib/Drupal/Core/Theme/ThemeManager.php(384): twig_render_template(\'themes/custom/H...\', Array)\n#9 /var/www/html/web/core/lib/Drupal/Core/Render/Renderer.php(436): Drupal\\Core\\Theme\\ThemeManager->render(\'field\', Array)\n#10 /var/www/html/web/core/lib/Drupal/Core/Render/Renderer.php(201): Drupal\\Core\\Render\\Renderer->doRender(Array, false)\n#11 /var/www/html/web/core/lib/Drupal/Core/Template/TwigExtension.php(450): Drupal\\Core\\Render\\Renderer->render(Array)\n#12 /var/www/html/web/sites/default/files/php/twig/61e1512e8c26a_block.html.twig_aZTDzy-ZE4V38D-3Rlot-qA36/pAVFEe2mki8w_h8IlOZF209Df8gXGqRfRygRQgQZGUQ.php(76): Drupal\\Core\\Template\\TwigExtension->escapeFilter(Object(Drupal\\Core\\Template\\TwigEnvironment), Array, \'html\', NULL, true)\n#13 /var/www/html/vendor/twig/twig/src/Template.php(182): __TwigTemplate_91857dcbcd5b18e16fc4cc43273112f5c700bb55aef666d6f74b21be23db0872->block_content(Array, Array)\n#14 /var/www/html/web/sites/default/files/php/twig/61e1512e8c26a_block.html.twig_aZTDzy-ZE4V38D-3Rlot-qA36/pAVFEe2mki8w_h8IlOZF209Df8gXGqRfRygRQgQZGUQ.php(64): Twig\\Template->displayBlock(\'content\', Array, Array)\n#15 /var/www/html/vendor/twig/twig/src/Template.php(405): __TwigTemplate_91857dcbcd5b18e16fc4cc43273112f5c700bb55aef666d6f74b21be23db0872->doDisplay(Array, Array)\n#16 /var/www/html/vendor/twig/twig/src/Template.php(378): Twig\\Template->displayWithErrorHandling(Array, Array)\n#17 /var/www/html/vendor/twig/twig/src/Template.php(390): Twig\\Template->display(Array)\n#18 /var/www/html/web/core/themes/engines/twig/twig.engine(65): Twig\\Template->render(Array)\n#19 /var/www/html/web/core/lib/Drupal/Core/Theme/ThemeManager.php(384): twig_render_template(\'core/themes/sta...\', Array)\n#20 /var/www/html/web/core/lib/Drupal/Core/Render/Renderer.php(436): Drupal\\Core\\Theme\\ThemeManager->render(\'block\', Array)\n#21 /var/www/html/web/core/lib/Drupal/Core/Render/Renderer.php(449): Drupal\\Core\\Render\\Renderer->doRender(Array)\n#22 /var/www/html/web/core/lib/Drupal/Core/Render/Renderer.php(201): Drupal\\Core\\Render\\Renderer->doRender(Array, false)\n#23 /var/www/html/web/core/lib/Drupal/Core/Template/TwigExtension.php(450): Drupal\\Core\\Render\\Renderer->render(Array)\n#24 /var/www/html/web/sites/default/files/php/twig/61e1512e8c26a_layout--twocol-section.ht_5E0avRrLCPqZjXFaw5P1VYvSf/kv6n1ftbHYrPlLPgnqyFA6lO_rRRtqluvF8GD9a-NH4.php(84): Drupal\\Core\\Template\\TwigExtension->escapeFilter(Object(Drupal\\Core\\Template\\TwigEnvironment), Array, \'html\', NULL, true)\n#25 /var/www/html/vendor/twig/twig/src/Template.php(405): __TwigTemplate_2801a1a3fec3baa8106ec47006c49cd0116e4ed4a4646ec6637a80ebab564594->doDisplay(Array, Array)\n#26 /var/www/html/vendor/twig/twig/src/Template.php(378): Twig\\Template->displayWithErrorHandling(Array, Array)\n#27 /var/www/html/vendor/twig/twig/src/Template.php(390): Twig\\Template->display(Array)\n#28 /var/www/html/web/core/themes/engines/twig/twig.engine(65): Twig\\Template->render(Array)\n#29 /var/www/html/web/core/lib/Drupal/Core/Theme/ThemeManager.php(384): twig_render_template(\'themes/custom/H...\', Array)\n#30 /var/www/html/web/core/lib/Drupal/Core/Render/Renderer.php(436): Drupal\\Core\\Theme\\ThemeManager->render(\'layout__twocol_...\', Array)\n#31 /var/www/html/web/core/lib/Drupal/Core/Render/Renderer.php(449): Drupal\\Core\\Render\\Renderer->doRender(Array)\n#32 /var/www/html/web/core/lib/Drupal/Core/Render/Renderer.php(449): Drupal\\Core\\Render\\Renderer->doRender(Array)\n#33 /var/www/html/web/core/lib/Drupal/Core/Render/Renderer.php(201): Drupal\\Core\\Render\\Renderer->doRender(Array, false)\n#34 /var/www/html/web/core/lib/Drupal/Core/Template/TwigExtension.php(450): Drupal\\Core\\Render\\Renderer->render(Array)\n#35 /var/www/html/web/sites/default/files/php/twig/61e1512e8c26a_node.html.twig_ekqPacjEAeLBsIhXiYcay71WH/oRi0SFyOosW7meF_T_Lig7QjvUTWliH6ZLi8tDkpKWk.php(100): Drupal\\Core\\Template\\TwigExtension->escapeFilter(Object(Drupal\\Core\\Template\\TwigEnvironment), Array, \'html\', NULL, true)\n#36 /var/www/html/vendor/twig/twig/src/Template.php(405): __TwigTemplate_1e03c3c8414b9ebb308c9ae7daee47a0b0d70ecff71a20ff06a7d094ae2dd365->doDisplay(Array, Array)\n#37 /var/www/html/vendor/twig/twig/src/Template.php(378): Twig\\Template->displayWithErrorHandling(Array, Array)\n#38 /var/www/html/vendor/twig/twig/src/Template.php(390): Twig\\Template->display(Array)\n#39 /var/www/html/web/core/themes/engines/twig/twig.engine(65): Twig\\Template->render(Array)\n#40 /var/www/html/web/core/lib/Drupal/Core/Theme/ThemeManager.php(384): twig_render_template(\'core/themes/sta...\', Array)\n#41 /var/www/html/web/core/lib/Drupal/Core/Render/Renderer.php(436): Drupal\\Core\\Theme\\ThemeManager->render(\'node\', Array)\n#42 /var/www/html/web/core/lib/Drupal/Core/Render/Renderer.php(201): Drupal\\Core\\Render\\Renderer->doRender(Array, false)\n#43 /var/www/html/web/core/lib/Drupal/Core/Render/MainContent/HtmlRenderer.php(241): Drupal\\Core\\Render\\Renderer->render(Array, false)\n#44 /var/www/html/web/core/lib/Drupal/Core/Render/Renderer.php(578): Drupal\\Core\\Render\\MainContent\\HtmlRenderer->Drupal\\Core\\Render\\MainContent\\{closure}()\n#45 /var/www/html/web/core/lib/Drupal/Core/Render/MainContent/HtmlRenderer.php(242): Drupal\\Core\\Render\\Renderer->executeInRenderContext(Object(Drupal\\Core\\Render\\RenderContext), Object(Closure))\n#46 /var/www/html/web/core/lib/Drupal/Core/Render/MainContent/HtmlRenderer.php(132): Drupal\\Core\\Render\\MainContent\\HtmlRenderer->prepare(Array, Object(Symfony\\Component\\HttpFoundation\\Request), Object(Drupal\\Core\\Routing\\CurrentRouteMatch))\n#47 /var/www/html/web/core/lib/Drupal/Core/EventSubscriber/MainContentViewSubscriber.php(90): Drupal\\Core\\Render\\MainContent\\HtmlRenderer->renderResponse(Array, Object(Symfony\\Component\\HttpFoundation\\Request), Object(Drupal\\Core\\Routing\\CurrentRouteMatch))\n#48 [internal function]: Drupal\\Core\\EventSubscriber\\MainContentViewSubscriber->onViewRenderArray(Object(Symfony\\Component\\HttpKernel\\Event\\ViewEvent), \'kernel.view\', Object(Drupal\\Component\\EventDispatcher\\ContainerAwareEventDispatcher))\n#49 /var/www/html/web/core/lib/Drupal/Component/EventDispatcher/ContainerAwareEventDispatcher.php(142): call_user_func(Array, Object(Symfony\\Component\\HttpKernel\\Event\\ViewEvent), \'kernel.view\', Object(Drupal\\Component\\EventDispatcher\\ContainerAwareEventDispatcher))\n#50 /var/www/html/vendor/symfony/http-kernel/HttpKernel.php(163): Drupal\\Component\\EventDispatcher\\ContainerAwareEventDispatcher->dispatch(Object(Symfony\\Component\\HttpKernel\\Event\\ViewEvent), \'kernel.view\')\n#51 /var/www/html/vendor/symfony/http-kernel/HttpKernel.php(80): Symfony\\Component\\HttpKernel\\HttpKernel->handleRaw(Object(Symfony\\Component\\HttpFoundation\\Request), 1)\n#52 /var/www/html/web/core/lib/Drupal/Core/StackMiddleware/Session.php(57): Symfony\\Component\\HttpKernel\\HttpKernel->handle(Object(Symfony\\Component\\HttpFoundation\\Request), 1, true)\n#53 /var/www/html/web/core/lib/Drupal/Core/StackMiddleware/KernelPreHandle.php(47): Drupal\\Core\\StackMiddleware\\Session->handle(Object(Symfony\\Component\\HttpFoundation\\Request), 1, true)\n#54 /var/www/html/web/core/modules/page_cache/src/StackMiddleware/PageCache.php(191): Drupal\\Core\\StackMiddleware\\KernelPreHandle->handle(Object(Symfony\\Component\\HttpFoundation\\Request), 1, true)\n#55 /var/www/html/web/core/modules/page_cache/src/StackMiddleware/PageCache.php(128): Drupal\\page_cache\\StackMiddleware\\PageCache->fetch(Object(Symfony\\Component\\HttpFoundation\\Request), 1, true)\n#56 /var/www/html/web/core/modules/page_cache/src/StackMiddleware/PageCache.php(82): Drupal\\page_cache\\StackMiddleware\\PageCache->lookup(Object(Symfony\\Component\\HttpFoundation\\Request), 1, true)\n#57 /var/www/html/web/core/lib/Drupal/Core/StackMiddleware/ReverseProxyMiddleware.php(47): Drupal\\page_cache\\StackMiddleware\\PageCache->handle(Object(Symfony\\Component\\HttpFoundation\\Request), 1, true)\n#58 /var/www/html/web/core/lib/Drupal/Core/StackMiddleware/NegotiationMiddleware.php(52): Drupal\\Core\\StackMiddleware\\ReverseProxyMiddleware->handle(Object(Symfony\\Component\\HttpFoundation\\Request), 1, true)\n#59 /var/www/html/vendor/stack/builder/src/Stack/StackedHttpKernel.php(23): Drupal\\Core\\StackMiddleware\\NegotiationMiddleware->handle(Object(Symfony\\Component\\HttpFoundation\\Request), 1, true)\n#60 /var/www/html/web/core/lib/Drupal/Core/DrupalKernel.php(717): Stack\\StackedHttpKernel->handle(Object(Symfony\\Component\\HttpFoundation\\Request), 1, true)\n#61 /var/www/html/web/index.php(19): Drupal\\Core\\DrupalKernel->handle(Object(Symfony\\Component\\HttpFoundation\\Request))\n#62 {main}\";}',3,'','https://hed-9lts.ddev.site/homepage','','172.18.0.6',1642156351),(2612,0,'php','%type: @message in %function (line %line of %file).','a:6:{s:5:\"%type\";s:22:\"Twig\\Error\\SyntaxError\";s:8:\"@message\";s:15:\"Unexpected \"}\".\";s:9:\"%function\";s:27:\"Twig\\Lexer->lexExpression()\";s:5:\"%file\";s:107:\"/var/www/html/web/themes/custom/HEDsite/templates/field/field--node--field-texte-who-we-are--home.html.twig\";s:5:\"%line\";i:60;s:17:\"@backtrace_string\";s:9385:\"#0 /var/www/html/vendor/twig/twig/src/Lexer.php(292): Twig\\Lexer->lexExpression()\n#1 /var/www/html/vendor/twig/twig/src/Lexer.php(186): Twig\\Lexer->lexVar()\n#2 /var/www/html/vendor/twig/twig/src/Environment.php(542): Twig\\Lexer->tokenize(Object(Twig\\Source))\n#3 /var/www/html/vendor/twig/twig/src/Environment.php(595): Twig\\Environment->tokenize(Object(Twig\\Source))\n#4 /var/www/html/web/core/lib/Drupal/Core/Template/TwigEnvironment.php(132): Twig\\Environment->compileSource(Object(Twig\\Source))\n#5 /var/www/html/vendor/twig/twig/src/Environment.php(408): Drupal\\Core\\Template\\TwigEnvironment->compileSource(Object(Twig\\Source))\n#6 /var/www/html/vendor/twig/twig/src/Environment.php(381): Twig\\Environment->loadClass(\'__TwigTemplate_...\', \'themes/custom/H...\', NULL)\n#7 /var/www/html/web/core/themes/engines/twig/twig.engine(65): Twig\\Environment->loadTemplate(\'themes/custom/H...\')\n#8 /var/www/html/web/core/lib/Drupal/Core/Theme/ThemeManager.php(384): twig_render_template(\'themes/custom/H...\', Array)\n#9 /var/www/html/web/core/lib/Drupal/Core/Render/Renderer.php(436): Drupal\\Core\\Theme\\ThemeManager->render(\'field\', Array)\n#10 /var/www/html/web/core/lib/Drupal/Core/Render/Renderer.php(201): Drupal\\Core\\Render\\Renderer->doRender(Array, false)\n#11 /var/www/html/web/core/lib/Drupal/Core/Template/TwigExtension.php(450): Drupal\\Core\\Render\\Renderer->render(Array)\n#12 /var/www/html/web/sites/default/files/php/twig/61e151468c780_block.html.twig_aZTDzy-ZE4V38D-3Rlot-qA36/nR9K8ajSa0bmcBQ1DvCeFsmDF8EFkNoMxzEXji5jhOA.php(76): Drupal\\Core\\Template\\TwigExtension->escapeFilter(Object(Drupal\\Core\\Template\\TwigEnvironment), Array, \'html\', NULL, true)\n#13 /var/www/html/vendor/twig/twig/src/Template.php(182): __TwigTemplate_91857dcbcd5b18e16fc4cc43273112f5c700bb55aef666d6f74b21be23db0872->block_content(Array, Array)\n#14 /var/www/html/web/sites/default/files/php/twig/61e151468c780_block.html.twig_aZTDzy-ZE4V38D-3Rlot-qA36/nR9K8ajSa0bmcBQ1DvCeFsmDF8EFkNoMxzEXji5jhOA.php(64): Twig\\Template->displayBlock(\'content\', Array, Array)\n#15 /var/www/html/vendor/twig/twig/src/Template.php(405): __TwigTemplate_91857dcbcd5b18e16fc4cc43273112f5c700bb55aef666d6f74b21be23db0872->doDisplay(Array, Array)\n#16 /var/www/html/vendor/twig/twig/src/Template.php(378): Twig\\Template->displayWithErrorHandling(Array, Array)\n#17 /var/www/html/vendor/twig/twig/src/Template.php(390): Twig\\Template->display(Array)\n#18 /var/www/html/web/core/themes/engines/twig/twig.engine(65): Twig\\Template->render(Array)\n#19 /var/www/html/web/core/lib/Drupal/Core/Theme/ThemeManager.php(384): twig_render_template(\'core/themes/sta...\', Array)\n#20 /var/www/html/web/core/lib/Drupal/Core/Render/Renderer.php(436): Drupal\\Core\\Theme\\ThemeManager->render(\'block\', Array)\n#21 /var/www/html/web/core/lib/Drupal/Core/Render/Renderer.php(449): Drupal\\Core\\Render\\Renderer->doRender(Array)\n#22 /var/www/html/web/core/lib/Drupal/Core/Render/Renderer.php(201): Drupal\\Core\\Render\\Renderer->doRender(Array, false)\n#23 /var/www/html/web/core/lib/Drupal/Core/Template/TwigExtension.php(450): Drupal\\Core\\Render\\Renderer->render(Array)\n#24 /var/www/html/web/sites/default/files/php/twig/61e151468c780_layout--twocol-section.ht_5E0avRrLCPqZjXFaw5P1VYvSf/6ixa2p6nOhiP6O4Y5BK6YGdpxpPH0O-w8-H9o7T2ypQ.php(84): Drupal\\Core\\Template\\TwigExtension->escapeFilter(Object(Drupal\\Core\\Template\\TwigEnvironment), Array, \'html\', NULL, true)\n#25 /var/www/html/vendor/twig/twig/src/Template.php(405): __TwigTemplate_2801a1a3fec3baa8106ec47006c49cd0116e4ed4a4646ec6637a80ebab564594->doDisplay(Array, Array)\n#26 /var/www/html/vendor/twig/twig/src/Template.php(378): Twig\\Template->displayWithErrorHandling(Array, Array)\n#27 /var/www/html/vendor/twig/twig/src/Template.php(390): Twig\\Template->display(Array)\n#28 /var/www/html/web/core/themes/engines/twig/twig.engine(65): Twig\\Template->render(Array)\n#29 /var/www/html/web/core/lib/Drupal/Core/Theme/ThemeManager.php(384): twig_render_template(\'themes/custom/H...\', Array)\n#30 /var/www/html/web/core/lib/Drupal/Core/Render/Renderer.php(436): Drupal\\Core\\Theme\\ThemeManager->render(\'layout__twocol_...\', Array)\n#31 /var/www/html/web/core/lib/Drupal/Core/Render/Renderer.php(449): Drupal\\Core\\Render\\Renderer->doRender(Array)\n#32 /var/www/html/web/core/lib/Drupal/Core/Render/Renderer.php(449): Drupal\\Core\\Render\\Renderer->doRender(Array)\n#33 /var/www/html/web/core/lib/Drupal/Core/Render/Renderer.php(201): Drupal\\Core\\Render\\Renderer->doRender(Array, false)\n#34 /var/www/html/web/core/lib/Drupal/Core/Template/TwigExtension.php(450): Drupal\\Core\\Render\\Renderer->render(Array)\n#35 /var/www/html/web/sites/default/files/php/twig/61e151468c780_node.html.twig_ekqPacjEAeLBsIhXiYcay71WH/vrgY8Bw8vgW5eAC2yqLYhSBmEgBlcUH_5LTrxdS65dQ.php(100): Drupal\\Core\\Template\\TwigExtension->escapeFilter(Object(Drupal\\Core\\Template\\TwigEnvironment), Array, \'html\', NULL, true)\n#36 /var/www/html/vendor/twig/twig/src/Template.php(405): __TwigTemplate_1e03c3c8414b9ebb308c9ae7daee47a0b0d70ecff71a20ff06a7d094ae2dd365->doDisplay(Array, Array)\n#37 /var/www/html/vendor/twig/twig/src/Template.php(378): Twig\\Template->displayWithErrorHandling(Array, Array)\n#38 /var/www/html/vendor/twig/twig/src/Template.php(390): Twig\\Template->display(Array)\n#39 /var/www/html/web/core/themes/engines/twig/twig.engine(65): Twig\\Template->render(Array)\n#40 /var/www/html/web/core/lib/Drupal/Core/Theme/ThemeManager.php(384): twig_render_template(\'core/themes/sta...\', Array)\n#41 /var/www/html/web/core/lib/Drupal/Core/Render/Renderer.php(436): Drupal\\Core\\Theme\\ThemeManager->render(\'node\', Array)\n#42 /var/www/html/web/core/lib/Drupal/Core/Render/Renderer.php(201): Drupal\\Core\\Render\\Renderer->doRender(Array, false)\n#43 /var/www/html/web/core/lib/Drupal/Core/Render/MainContent/HtmlRenderer.php(241): Drupal\\Core\\Render\\Renderer->render(Array, false)\n#44 /var/www/html/web/core/lib/Drupal/Core/Render/Renderer.php(578): Drupal\\Core\\Render\\MainContent\\HtmlRenderer->Drupal\\Core\\Render\\MainContent\\{closure}()\n#45 /var/www/html/web/core/lib/Drupal/Core/Render/MainContent/HtmlRenderer.php(242): Drupal\\Core\\Render\\Renderer->executeInRenderContext(Object(Drupal\\Core\\Render\\RenderContext), Object(Closure))\n#46 /var/www/html/web/core/lib/Drupal/Core/Render/MainContent/HtmlRenderer.php(132): Drupal\\Core\\Render\\MainContent\\HtmlRenderer->prepare(Array, Object(Symfony\\Component\\HttpFoundation\\Request), Object(Drupal\\Core\\Routing\\CurrentRouteMatch))\n#47 /var/www/html/web/core/lib/Drupal/Core/EventSubscriber/MainContentViewSubscriber.php(90): Drupal\\Core\\Render\\MainContent\\HtmlRenderer->renderResponse(Array, Object(Symfony\\Component\\HttpFoundation\\Request), Object(Drupal\\Core\\Routing\\CurrentRouteMatch))\n#48 [internal function]: Drupal\\Core\\EventSubscriber\\MainContentViewSubscriber->onViewRenderArray(Object(Symfony\\Component\\HttpKernel\\Event\\ViewEvent), \'kernel.view\', Object(Drupal\\Component\\EventDispatcher\\ContainerAwareEventDispatcher))\n#49 /var/www/html/web/core/lib/Drupal/Component/EventDispatcher/ContainerAwareEventDispatcher.php(142): call_user_func(Array, Object(Symfony\\Component\\HttpKernel\\Event\\ViewEvent), \'kernel.view\', Object(Drupal\\Component\\EventDispatcher\\ContainerAwareEventDispatcher))\n#50 /var/www/html/vendor/symfony/http-kernel/HttpKernel.php(163): Drupal\\Component\\EventDispatcher\\ContainerAwareEventDispatcher->dispatch(Object(Symfony\\Component\\HttpKernel\\Event\\ViewEvent), \'kernel.view\')\n#51 /var/www/html/vendor/symfony/http-kernel/HttpKernel.php(80): Symfony\\Component\\HttpKernel\\HttpKernel->handleRaw(Object(Symfony\\Component\\HttpFoundation\\Request), 1)\n#52 /var/www/html/web/core/lib/Drupal/Core/StackMiddleware/Session.php(57): Symfony\\Component\\HttpKernel\\HttpKernel->handle(Object(Symfony\\Component\\HttpFoundation\\Request), 1, true)\n#53 /var/www/html/web/core/lib/Drupal/Core/StackMiddleware/KernelPreHandle.php(47): Drupal\\Core\\StackMiddleware\\Session->handle(Object(Symfony\\Component\\HttpFoundation\\Request), 1, true)\n#54 /var/www/html/web/core/modules/page_cache/src/StackMiddleware/PageCache.php(191): Drupal\\Core\\StackMiddleware\\KernelPreHandle->handle(Object(Symfony\\Component\\HttpFoundation\\Request), 1, true)\n#55 /var/www/html/web/core/modules/page_cache/src/StackMiddleware/PageCache.php(128): Drupal\\page_cache\\StackMiddleware\\PageCache->fetch(Object(Symfony\\Component\\HttpFoundation\\Request), 1, true)\n#56 /var/www/html/web/core/modules/page_cache/src/StackMiddleware/PageCache.php(82): Drupal\\page_cache\\StackMiddleware\\PageCache->lookup(Object(Symfony\\Component\\HttpFoundation\\Request), 1, true)\n#57 /var/www/html/web/core/lib/Drupal/Core/StackMiddleware/ReverseProxyMiddleware.php(47): Drupal\\page_cache\\StackMiddleware\\PageCache->handle(Object(Symfony\\Component\\HttpFoundation\\Request), 1, true)\n#58 /var/www/html/web/core/lib/Drupal/Core/StackMiddleware/NegotiationMiddleware.php(52): Drupal\\Core\\StackMiddleware\\ReverseProxyMiddleware->handle(Object(Symfony\\Component\\HttpFoundation\\Request), 1, true)\n#59 /var/www/html/vendor/stack/builder/src/Stack/StackedHttpKernel.php(23): Drupal\\Core\\StackMiddleware\\NegotiationMiddleware->handle(Object(Symfony\\Component\\HttpFoundation\\Request), 1, true)\n#60 /var/www/html/web/core/lib/Drupal/Core/DrupalKernel.php(717): Stack\\StackedHttpKernel->handle(Object(Symfony\\Component\\HttpFoundation\\Request), 1, true)\n#61 /var/www/html/web/index.php(19): Drupal\\Core\\DrupalKernel->handle(Object(Symfony\\Component\\HttpFoundation\\Request))\n#62 {main}\";}',3,'','https://hed-9lts.ddev.site/homepage','','172.18.0.6',1642156362),(2613,0,'cron','Starting execution of @module_cron().','a:1:{s:7:\"@module\";s:7:\"comment\";}',6,'','https://hed-9lts.ddev.site/node/135/edit?destination=%2Fadmin%2Fcontent','https://hed-9lts.ddev.site/node/135/edit?destination=/admin/content','172.18.0.6',1642156966),(2614,0,'cron','Starting execution of @module_cron(), execution of @module_previous_cron() took @time.','a:3:{s:7:\"@module\";s:5:\"dblog\";s:16:\"@module_previous\";s:7:\"comment\";s:5:\"@time\";s:6:\"0.82ms\";}',6,'','https://hed-9lts.ddev.site/node/135/edit?destination=%2Fadmin%2Fcontent','https://hed-9lts.ddev.site/node/135/edit?destination=/admin/content','172.18.0.6',1642156966),(2615,0,'cron','Starting execution of @module_cron(), execution of @module_previous_cron() took @time.','a:3:{s:7:\"@module\";s:5:\"field\";s:16:\"@module_previous\";s:5:\"dblog\";s:5:\"@time\";s:6:\"4.01ms\";}',6,'','https://hed-9lts.ddev.site/node/135/edit?destination=%2Fadmin%2Fcontent','https://hed-9lts.ddev.site/node/135/edit?destination=/admin/content','172.18.0.6',1642156966),(2616,0,'cron','Starting execution of @module_cron(), execution of @module_previous_cron() took @time.','a:3:{s:7:\"@module\";s:4:\"file\";s:16:\"@module_previous\";s:5:\"field\";s:5:\"@time\";s:6:\"2.38ms\";}',6,'','https://hed-9lts.ddev.site/node/135/edit?destination=%2Fadmin%2Fcontent','https://hed-9lts.ddev.site/node/135/edit?destination=/admin/content','172.18.0.6',1642156966),(2617,0,'cron','Starting execution of @module_cron(), execution of @module_previous_cron() took @time.','a:3:{s:7:\"@module\";s:7:\"history\";s:16:\"@module_previous\";s:4:\"file\";s:5:\"@time\";s:6:\"0.66ms\";}',6,'','https://hed-9lts.ddev.site/node/135/edit?destination=%2Fadmin%2Fcontent','https://hed-9lts.ddev.site/node/135/edit?destination=/admin/content','172.18.0.6',1642156966),(2618,0,'cron','Starting execution of @module_cron(), execution of @module_previous_cron() took @time.','a:3:{s:7:\"@module\";s:14:\"layout_builder\";s:16:\"@module_previous\";s:7:\"history\";s:5:\"@time\";s:6:\"0.15ms\";}',6,'','https://hed-9lts.ddev.site/node/135/edit?destination=%2Fadmin%2Fcontent','https://hed-9lts.ddev.site/node/135/edit?destination=/admin/content','172.18.0.6',1642156966),(2619,0,'cron','Starting execution of @module_cron(), execution of @module_previous_cron() took @time.','a:3:{s:7:\"@module\";s:6:\"locale\";s:16:\"@module_previous\";s:14:\"layout_builder\";s:5:\"@time\";s:6:\"1.48ms\";}',6,'','https://hed-9lts.ddev.site/node/135/edit?destination=%2Fadmin%2Fcontent','https://hed-9lts.ddev.site/node/135/edit?destination=/admin/content','172.18.0.6',1642156966),(2620,0,'cron','Starting execution of @module_cron(), execution of @module_previous_cron() took @time.','a:3:{s:7:\"@module\";s:4:\"node\";s:16:\"@module_previous\";s:6:\"locale\";s:5:\"@time\";s:6:\"0.02ms\";}',6,'','https://hed-9lts.ddev.site/node/135/edit?destination=%2Fadmin%2Fcontent','https://hed-9lts.ddev.site/node/135/edit?destination=/admin/content','172.18.0.6',1642156966),(2621,0,'cron','Starting execution of @module_cron(), execution of @module_previous_cron() took @time.','a:3:{s:7:\"@module\";s:6:\"search\";s:16:\"@module_previous\";s:4:\"node\";s:5:\"@time\";s:6:\"1.25ms\";}',6,'','https://hed-9lts.ddev.site/node/135/edit?destination=%2Fadmin%2Fcontent','https://hed-9lts.ddev.site/node/135/edit?destination=/admin/content','172.18.0.6',1642156966),(2622,0,'cron','Starting execution of @module_cron(), execution of @module_previous_cron() took @time.','a:3:{s:7:\"@module\";s:6:\"system\";s:16:\"@module_previous\";s:6:\"search\";s:5:\"@time\";s:7:\"365.4ms\";}',6,'','https://hed-9lts.ddev.site/node/135/edit?destination=%2Fadmin%2Fcontent','https://hed-9lts.ddev.site/node/135/edit?destination=/admin/content','172.18.0.6',1642156966),(2623,0,'cron','Starting execution of @module_cron(), execution of @module_previous_cron() took @time.','a:3:{s:7:\"@module\";s:6:\"update\";s:16:\"@module_previous\";s:6:\"system\";s:5:\"@time\";s:7:\"10.79ms\";}',6,'','https://hed-9lts.ddev.site/node/135/edit?destination=%2Fadmin%2Fcontent','https://hed-9lts.ddev.site/node/135/edit?destination=/admin/content','172.18.0.6',1642156966),(2624,0,'cron','Execution of @module_previous_cron() took @time.','a:2:{s:16:\"@module_previous\";s:6:\"update\";s:5:\"@time\";s:8:\"168.65ms\";}',6,'','https://hed-9lts.ddev.site/node/135/edit?destination=%2Fadmin%2Fcontent','https://hed-9lts.ddev.site/node/135/edit?destination=/admin/content','172.18.0.6',1642156966),(2625,0,'cron','Cron run completed.','a:0:{}',6,'','https://hed-9lts.ddev.site/node/135/edit?destination=%2Fadmin%2Fcontent','https://hed-9lts.ddev.site/node/135/edit?destination=/admin/content','172.18.0.6',1642156966),(2626,1,'content','@type: updated %title.','a:2:{s:5:\"@type\";s:4:\"home\";s:6:\"%title\";s:8:\"Homepage\";}',5,'<a href=\"/homepage\" hreflang=\"fr\">Voir</a>','https://hed-9lts.ddev.site/node/135/edit?destination=%2Fadmin%2Fcontent','https://hed-9lts.ddev.site/node/135/edit?destination=/admin/content','172.18.0.6',1642157441),(2627,1,'content','@type: updated %title.','a:2:{s:5:\"@type\";s:4:\"home\";s:6:\"%title\";s:8:\"Homepage\";}',5,'<a href=\"/homepage\" hreflang=\"fr\">Voir</a>','https://hed-9lts.ddev.site/node/135/edit?destination=%2Fadmin%2Fcontent','https://hed-9lts.ddev.site/node/135/edit?destination=/admin/content','172.18.0.6',1642157727),(2628,0,'access denied','Path: @uri. %type: @message in %function (line %line of %file).','a:6:{s:5:\"%type\";s:61:\"Drupal\\Core\\Http\\Exception\\CacheableAccessDeniedHttpException\";s:8:\"@message\";s:57:\"The \'access administration pages\' permission is required.\";s:9:\"%function\";s:52:\"Drupal\\Core\\Routing\\AccessAwareRouter->checkAccess()\";s:5:\"%file\";s:68:\"/var/www/html/web/core/lib/Drupal/Core/Routing/AccessAwareRouter.php\";s:5:\"%line\";i:117;s:4:\"@uri\";s:16:\"/admin/structure\";}',4,'','https://hed-9lts.ddev.site/admin/structure','','172.18.0.6',1642165580),(2629,1,'user','Session opened for %name.','a:1:{s:5:\"%name\";s:11:\"theo-wseils\";}',5,'','https://hed-9lts.ddev.site/','https://hed-9lts.ddev.site/','172.18.0.6',1642165719),(2630,1,'user','Session closed for %name.','a:1:{s:5:\"%name\";s:11:\"theo-wseils\";}',5,'','https://hed-9lts.ddev.site/user/logout','https://hed-9lts.ddev.site/admin/structure/menu/manage/account?destination=/admin/structure/menu','172.18.0.6',1642165830),(2631,0,'php','%type: @message in %function (line %line of %file).','a:6:{s:5:\"%type\";s:22:\"Twig\\Error\\SyntaxError\";s:8:\"@message\";s:17:\"Unclosed comment.\";s:9:\"%function\";s:24:\"Twig\\Lexer->lexComment()\";s:5:\"%file\";s:90:\"/var/www/html/web/themes/custom/HEDsite/templates/layout/layout--fourcol-section.html.twig\";s:5:\"%line\";i:1;s:17:\"@backtrace_string\";s:6431:\"#0 /var/www/html/vendor/twig/twig/src/Lexer.php(247): Twig\\Lexer->lexComment()\n#1 /var/www/html/vendor/twig/twig/src/Lexer.php(178): Twig\\Lexer->lexData()\n#2 /var/www/html/vendor/twig/twig/src/Environment.php(542): Twig\\Lexer->tokenize(Object(Twig\\Source))\n#3 /var/www/html/vendor/twig/twig/src/Environment.php(595): Twig\\Environment->tokenize(Object(Twig\\Source))\n#4 /var/www/html/web/core/lib/Drupal/Core/Template/TwigEnvironment.php(132): Twig\\Environment->compileSource(Object(Twig\\Source))\n#5 /var/www/html/vendor/twig/twig/src/Environment.php(408): Drupal\\Core\\Template\\TwigEnvironment->compileSource(Object(Twig\\Source))\n#6 /var/www/html/vendor/twig/twig/src/Environment.php(381): Twig\\Environment->loadClass(\'__TwigTemplate_...\', \'themes/custom/H...\', NULL)\n#7 /var/www/html/web/core/themes/engines/twig/twig.engine(65): Twig\\Environment->loadTemplate(\'themes/custom/H...\')\n#8 /var/www/html/web/core/lib/Drupal/Core/Theme/ThemeManager.php(384): twig_render_template(\'themes/custom/H...\', Array)\n#9 /var/www/html/web/core/lib/Drupal/Core/Render/Renderer.php(436): Drupal\\Core\\Theme\\ThemeManager->render(\'layout__fourcol...\', Array)\n#10 /var/www/html/web/core/lib/Drupal/Core/Render/Renderer.php(449): Drupal\\Core\\Render\\Renderer->doRender(Array)\n#11 /var/www/html/web/core/lib/Drupal/Core/Render/Renderer.php(449): Drupal\\Core\\Render\\Renderer->doRender(Array)\n#12 /var/www/html/web/core/lib/Drupal/Core/Render/Renderer.php(201): Drupal\\Core\\Render\\Renderer->doRender(Array, false)\n#13 /var/www/html/web/core/lib/Drupal/Core/Template/TwigExtension.php(450): Drupal\\Core\\Render\\Renderer->render(Array)\n#14 /var/www/html/web/sites/default/files/php/twig/61e176e7ad2e0_node.html.twig_ekqPacjEAeLBsIhXiYcay71WH/1GqDtP-irKK7j512prg6bMribDcJlOUqMfz7ZV8cklM.php(100): Drupal\\Core\\Template\\TwigExtension->escapeFilter(Object(Drupal\\Core\\Template\\TwigEnvironment), Array, \'html\', NULL, true)\n#15 /var/www/html/vendor/twig/twig/src/Template.php(405): __TwigTemplate_1e03c3c8414b9ebb308c9ae7daee47a0b0d70ecff71a20ff06a7d094ae2dd365->doDisplay(Array, Array)\n#16 /var/www/html/vendor/twig/twig/src/Template.php(378): Twig\\Template->displayWithErrorHandling(Array, Array)\n#17 /var/www/html/vendor/twig/twig/src/Template.php(390): Twig\\Template->display(Array)\n#18 /var/www/html/web/core/themes/engines/twig/twig.engine(65): Twig\\Template->render(Array)\n#19 /var/www/html/web/core/lib/Drupal/Core/Theme/ThemeManager.php(384): twig_render_template(\'core/themes/sta...\', Array)\n#20 /var/www/html/web/core/lib/Drupal/Core/Render/Renderer.php(436): Drupal\\Core\\Theme\\ThemeManager->render(\'node\', Array)\n#21 /var/www/html/web/core/lib/Drupal/Core/Render/Renderer.php(201): Drupal\\Core\\Render\\Renderer->doRender(Array, false)\n#22 /var/www/html/web/core/lib/Drupal/Core/Render/MainContent/HtmlRenderer.php(241): Drupal\\Core\\Render\\Renderer->render(Array, false)\n#23 /var/www/html/web/core/lib/Drupal/Core/Render/Renderer.php(578): Drupal\\Core\\Render\\MainContent\\HtmlRenderer->Drupal\\Core\\Render\\MainContent\\{closure}()\n#24 /var/www/html/web/core/lib/Drupal/Core/Render/MainContent/HtmlRenderer.php(242): Drupal\\Core\\Render\\Renderer->executeInRenderContext(Object(Drupal\\Core\\Render\\RenderContext), Object(Closure))\n#25 /var/www/html/web/core/lib/Drupal/Core/Render/MainContent/HtmlRenderer.php(132): Drupal\\Core\\Render\\MainContent\\HtmlRenderer->prepare(Array, Object(Symfony\\Component\\HttpFoundation\\Request), Object(Drupal\\Core\\Routing\\CurrentRouteMatch))\n#26 /var/www/html/web/core/lib/Drupal/Core/EventSubscriber/MainContentViewSubscriber.php(90): Drupal\\Core\\Render\\MainContent\\HtmlRenderer->renderResponse(Array, Object(Symfony\\Component\\HttpFoundation\\Request), Object(Drupal\\Core\\Routing\\CurrentRouteMatch))\n#27 [internal function]: Drupal\\Core\\EventSubscriber\\MainContentViewSubscriber->onViewRenderArray(Object(Symfony\\Component\\HttpKernel\\Event\\ViewEvent), \'kernel.view\', Object(Drupal\\Component\\EventDispatcher\\ContainerAwareEventDispatcher))\n#28 /var/www/html/web/core/lib/Drupal/Component/EventDispatcher/ContainerAwareEventDispatcher.php(142): call_user_func(Array, Object(Symfony\\Component\\HttpKernel\\Event\\ViewEvent), \'kernel.view\', Object(Drupal\\Component\\EventDispatcher\\ContainerAwareEventDispatcher))\n#29 /var/www/html/vendor/symfony/http-kernel/HttpKernel.php(163): Drupal\\Component\\EventDispatcher\\ContainerAwareEventDispatcher->dispatch(Object(Symfony\\Component\\HttpKernel\\Event\\ViewEvent), \'kernel.view\')\n#30 /var/www/html/vendor/symfony/http-kernel/HttpKernel.php(80): Symfony\\Component\\HttpKernel\\HttpKernel->handleRaw(Object(Symfony\\Component\\HttpFoundation\\Request), 1)\n#31 /var/www/html/web/core/lib/Drupal/Core/StackMiddleware/Session.php(57): Symfony\\Component\\HttpKernel\\HttpKernel->handle(Object(Symfony\\Component\\HttpFoundation\\Request), 1, true)\n#32 /var/www/html/web/core/lib/Drupal/Core/StackMiddleware/KernelPreHandle.php(47): Drupal\\Core\\StackMiddleware\\Session->handle(Object(Symfony\\Component\\HttpFoundation\\Request), 1, true)\n#33 /var/www/html/web/core/modules/page_cache/src/StackMiddleware/PageCache.php(191): Drupal\\Core\\StackMiddleware\\KernelPreHandle->handle(Object(Symfony\\Component\\HttpFoundation\\Request), 1, true)\n#34 /var/www/html/web/core/modules/page_cache/src/StackMiddleware/PageCache.php(128): Drupal\\page_cache\\StackMiddleware\\PageCache->fetch(Object(Symfony\\Component\\HttpFoundation\\Request), 1, true)\n#35 /var/www/html/web/core/modules/page_cache/src/StackMiddleware/PageCache.php(82): Drupal\\page_cache\\StackMiddleware\\PageCache->lookup(Object(Symfony\\Component\\HttpFoundation\\Request), 1, true)\n#36 /var/www/html/web/core/lib/Drupal/Core/StackMiddleware/ReverseProxyMiddleware.php(47): Drupal\\page_cache\\StackMiddleware\\PageCache->handle(Object(Symfony\\Component\\HttpFoundation\\Request), 1, true)\n#37 /var/www/html/web/core/lib/Drupal/Core/StackMiddleware/NegotiationMiddleware.php(52): Drupal\\Core\\StackMiddleware\\ReverseProxyMiddleware->handle(Object(Symfony\\Component\\HttpFoundation\\Request), 1, true)\n#38 /var/www/html/vendor/stack/builder/src/Stack/StackedHttpKernel.php(23): Drupal\\Core\\StackMiddleware\\NegotiationMiddleware->handle(Object(Symfony\\Component\\HttpFoundation\\Request), 1, true)\n#39 /var/www/html/web/core/lib/Drupal/Core/DrupalKernel.php(717): Stack\\StackedHttpKernel->handle(Object(Symfony\\Component\\HttpFoundation\\Request), 1, true)\n#40 /var/www/html/web/index.php(19): Drupal\\Core\\DrupalKernel->handle(Object(Symfony\\Component\\HttpFoundation\\Request))\n#41 {main}\";}',3,'','https://hed-9lts.ddev.site/homepage','','172.18.0.6',1642165998),(2632,1,'content','@type: updated %title.','a:2:{s:5:\"@type\";s:4:\"home\";s:6:\"%title\";s:8:\"Homepage\";}',5,'<a href=\"/homepage\" hreflang=\"fr\">Voir</a>','https://hed-9lts.ddev.site/node/135/edit?destination=%2Fadmin%2Fcontent','https://hed-9lts.ddev.site/node/135/edit?destination=/admin/content','172.18.0.6',1642167599),(2633,0,'cron','Starting execution of @module_cron().','a:1:{s:7:\"@module\";s:7:\"comment\";}',6,'','https://hed-9lts.ddev.site/admin/config/development/performance','https://hed-9lts.ddev.site/admin/config/development/performance','172.18.0.6',1642167929),(2634,0,'cron','Starting execution of @module_cron(), execution of @module_previous_cron() took @time.','a:3:{s:7:\"@module\";s:5:\"dblog\";s:16:\"@module_previous\";s:7:\"comment\";s:5:\"@time\";s:6:\"0.75ms\";}',6,'','https://hed-9lts.ddev.site/admin/config/development/performance','https://hed-9lts.ddev.site/admin/config/development/performance','172.18.0.6',1642167929),(2635,0,'cron','Starting execution of @module_cron(), execution of @module_previous_cron() took @time.','a:3:{s:7:\"@module\";s:5:\"field\";s:16:\"@module_previous\";s:5:\"dblog\";s:5:\"@time\";s:6:\"5.19ms\";}',6,'','https://hed-9lts.ddev.site/admin/config/development/performance','https://hed-9lts.ddev.site/admin/config/development/performance','172.18.0.6',1642167929),(2636,0,'cron','Starting execution of @module_cron(), execution of @module_previous_cron() took @time.','a:3:{s:7:\"@module\";s:4:\"file\";s:16:\"@module_previous\";s:5:\"field\";s:5:\"@time\";s:6:\"2.46ms\";}',6,'','https://hed-9lts.ddev.site/admin/config/development/performance','https://hed-9lts.ddev.site/admin/config/development/performance','172.18.0.6',1642167929),(2637,0,'cron','Starting execution of @module_cron(), execution of @module_previous_cron() took @time.','a:3:{s:7:\"@module\";s:7:\"history\";s:16:\"@module_previous\";s:4:\"file\";s:5:\"@time\";s:6:\"3.25ms\";}',6,'','https://hed-9lts.ddev.site/admin/config/development/performance','https://hed-9lts.ddev.site/admin/config/development/performance','172.18.0.6',1642167929),(2638,0,'cron','Starting execution of @module_cron(), execution of @module_previous_cron() took @time.','a:3:{s:7:\"@module\";s:14:\"layout_builder\";s:16:\"@module_previous\";s:7:\"history\";s:5:\"@time\";s:6:\"0.25ms\";}',6,'','https://hed-9lts.ddev.site/admin/config/development/performance','https://hed-9lts.ddev.site/admin/config/development/performance','172.18.0.6',1642167929),(2639,0,'cron','Starting execution of @module_cron(), execution of @module_previous_cron() took @time.','a:3:{s:7:\"@module\";s:6:\"locale\";s:16:\"@module_previous\";s:14:\"layout_builder\";s:5:\"@time\";s:6:\"3.91ms\";}',6,'','https://hed-9lts.ddev.site/admin/config/development/performance','https://hed-9lts.ddev.site/admin/config/development/performance','172.18.0.6',1642167929),(2640,0,'cron','Starting execution of @module_cron(), execution of @module_previous_cron() took @time.','a:3:{s:7:\"@module\";s:4:\"node\";s:16:\"@module_previous\";s:6:\"locale\";s:5:\"@time\";s:6:\"0.03ms\";}',6,'','https://hed-9lts.ddev.site/admin/config/development/performance','https://hed-9lts.ddev.site/admin/config/development/performance','172.18.0.6',1642167929),(2641,0,'cron','Starting execution of @module_cron(), execution of @module_previous_cron() took @time.','a:3:{s:7:\"@module\";s:6:\"search\";s:16:\"@module_previous\";s:4:\"node\";s:5:\"@time\";s:5:\"1.7ms\";}',6,'','https://hed-9lts.ddev.site/admin/config/development/performance','https://hed-9lts.ddev.site/admin/config/development/performance','172.18.0.6',1642167929),(2642,0,'cron','Starting execution of @module_cron(), execution of @module_previous_cron() took @time.','a:3:{s:7:\"@module\";s:6:\"system\";s:16:\"@module_previous\";s:6:\"search\";s:5:\"@time\";s:9:\"1158.17ms\";}',6,'','https://hed-9lts.ddev.site/admin/config/development/performance','https://hed-9lts.ddev.site/admin/config/development/performance','172.18.0.6',1642167930),(2643,0,'cron','Attempting to re-run cron while it is already running.','a:0:{}',4,'','https://hed-9lts.ddev.site/admin/config/development/performance','https://hed-9lts.ddev.site/admin/config/development/performance','172.18.0.6',1642167930),(2644,0,'cron','Starting execution of @module_cron(), execution of @module_previous_cron() took @time.','a:3:{s:7:\"@module\";s:6:\"update\";s:16:\"@module_previous\";s:6:\"system\";s:5:\"@time\";s:8:\"196.42ms\";}',6,'','https://hed-9lts.ddev.site/admin/config/development/performance','https://hed-9lts.ddev.site/admin/config/development/performance','172.18.0.6',1642167930),(2645,0,'cron','Execution of @module_previous_cron() took @time.','a:2:{s:16:\"@module_previous\";s:6:\"update\";s:5:\"@time\";s:8:\"322.81ms\";}',6,'','https://hed-9lts.ddev.site/admin/config/development/performance','https://hed-9lts.ddev.site/admin/config/development/performance','172.18.0.6',1642167930),(2646,0,'cron','Cron run completed.','a:0:{}',6,'','https://hed-9lts.ddev.site/admin/config/development/performance','https://hed-9lts.ddev.site/admin/config/development/performance','172.18.0.6',1642167930),(2647,1,'content','@type: updated %title.','a:2:{s:5:\"@type\";s:4:\"home\";s:6:\"%title\";s:8:\"Homepage\";}',5,'<a href=\"/homepage\" hreflang=\"fr\">Voir</a>','https://hed-9lts.ddev.site/node/135/edit?destination=%2Fadmin%2Fcontent','https://hed-9lts.ddev.site/node/135/edit?destination=/admin/content','172.18.0.6',1642168130),(2648,1,'content','@type: updated %title.','a:2:{s:5:\"@type\";s:4:\"home\";s:6:\"%title\";s:8:\"Homepage\";}',5,'<a href=\"/homepage\" hreflang=\"fr\">Voir</a>','https://hed-9lts.ddev.site/node/135/edit?destination=%2Fadmin%2Fcontent','https://hed-9lts.ddev.site/node/135/edit?destination=/admin/content','172.18.0.6',1642168888),(2649,1,'content','@type: updated %title.','a:2:{s:5:\"@type\";s:4:\"home\";s:6:\"%title\";s:8:\"Homepage\";}',5,'<a href=\"/homepage\" hreflang=\"fr\">Voir</a>','https://hed-9lts.ddev.site/node/135/edit?destination=%2Fadmin%2Fcontent','https://hed-9lts.ddev.site/node/135/edit?destination=/admin/content','172.18.0.6',1642169049),(2650,1,'content','@type: updated %title.','a:2:{s:5:\"@type\";s:4:\"home\";s:6:\"%title\";s:8:\"Homepage\";}',5,'<a href=\"/homepage\" hreflang=\"fr\">Voir</a>','https://hed-9lts.ddev.site/node/135/edit?destination=%2Fadmin%2Fcontent','https://hed-9lts.ddev.site/node/135/edit?destination=/admin/content','172.18.0.6',1642174316),(2651,1,'content','@type: updated %title.','a:2:{s:5:\"@type\";s:4:\"home\";s:6:\"%title\";s:8:\"Homepage\";}',5,'<a href=\"/homepage\" hreflang=\"fr\">Voir</a>','https://hed-9lts.ddev.site/node/135/edit?destination=%2Fadmin%2Fcontent','https://hed-9lts.ddev.site/node/135/edit?destination=/admin/content','172.18.0.6',1642174597),(2652,1,'content','@type: updated %title.','a:2:{s:5:\"@type\";s:4:\"home\";s:6:\"%title\";s:8:\"Homepage\";}',5,'<a href=\"/homepage\" hreflang=\"fr\">Voir</a>','https://hed-9lts.ddev.site/node/135/edit?destination=%2Fadmin%2Fcontent','https://hed-9lts.ddev.site/node/135/edit?destination=/admin/content','172.18.0.6',1642174920),(2653,1,'content','@type: updated %title.','a:2:{s:5:\"@type\";s:4:\"home\";s:6:\"%title\";s:8:\"Homepage\";}',5,'<a href=\"/homepage\" hreflang=\"fr\">Voir</a>','https://hed-9lts.ddev.site/node/135/edit?destination=%2Fadmin%2Fcontent','https://hed-9lts.ddev.site/node/135/edit?destination=/admin/content','172.18.0.6',1642175151),(2654,1,'content','@type: updated %title.','a:2:{s:5:\"@type\";s:4:\"home\";s:6:\"%title\";s:8:\"Homepage\";}',5,'<a href=\"/homepage\" hreflang=\"fr\">Voir</a>','https://hed-9lts.ddev.site/node/135/edit?destination=%2Fadmin%2Fcontent','https://hed-9lts.ddev.site/node/135/edit?destination=/admin/content','172.18.0.6',1642176785),(2655,1,'content','@type: updated %title.','a:2:{s:5:\"@type\";s:4:\"home\";s:6:\"%title\";s:8:\"Homepage\";}',5,'<a href=\"/homepage\" hreflang=\"fr\">Voir</a>','https://hed-9lts.ddev.site/node/135/edit?destination=%2Fadmin%2Fcontent','https://hed-9lts.ddev.site/node/135/edit?destination=/admin/content','172.18.0.6',1642177644),(2656,1,'content','@type: updated %title.','a:2:{s:5:\"@type\";s:4:\"home\";s:6:\"%title\";s:8:\"Homepage\";}',5,'<a href=\"/homepage\" hreflang=\"fr\">Voir</a>','https://hed-9lts.ddev.site/node/135/edit?destination=%2Fadmin%2Fcontent','https://hed-9lts.ddev.site/node/135/edit?destination=/admin/content','172.18.0.6',1642178117),(2657,0,'cron','Starting execution of @module_cron().','a:1:{s:7:\"@module\";s:7:\"comment\";}',6,'','https://hed-9lts.ddev.site/admin/structure/types/manage/home/fields','https://hed-9lts.ddev.site/admin/structure/types/manage/home/fields','172.18.0.6',1642407765),(2658,0,'cron','Starting execution of @module_cron(), execution of @module_previous_cron() took @time.','a:3:{s:7:\"@module\";s:5:\"dblog\";s:16:\"@module_previous\";s:7:\"comment\";s:5:\"@time\";s:7:\"11.36ms\";}',6,'','https://hed-9lts.ddev.site/admin/structure/types/manage/home/fields','https://hed-9lts.ddev.site/admin/structure/types/manage/home/fields','172.18.0.6',1642407765),(2659,0,'cron','Starting execution of @module_cron(), execution of @module_previous_cron() took @time.','a:3:{s:7:\"@module\";s:5:\"field\";s:16:\"@module_previous\";s:5:\"dblog\";s:5:\"@time\";s:7:\"51.19ms\";}',6,'','https://hed-9lts.ddev.site/admin/structure/types/manage/home/fields','https://hed-9lts.ddev.site/admin/structure/types/manage/home/fields','172.18.0.6',1642407765),(2660,0,'cron','Starting execution of @module_cron(), execution of @module_previous_cron() took @time.','a:3:{s:7:\"@module\";s:4:\"file\";s:16:\"@module_previous\";s:5:\"field\";s:5:\"@time\";s:6:\"6.87ms\";}',6,'','https://hed-9lts.ddev.site/admin/structure/types/manage/home/fields','https://hed-9lts.ddev.site/admin/structure/types/manage/home/fields','172.18.0.6',1642407765),(2661,0,'cron','Starting execution of @module_cron(), execution of @module_previous_cron() took @time.','a:3:{s:7:\"@module\";s:7:\"history\";s:16:\"@module_previous\";s:4:\"file\";s:5:\"@time\";s:8:\"445.84ms\";}',6,'','https://hed-9lts.ddev.site/admin/structure/types/manage/home/fields','https://hed-9lts.ddev.site/admin/structure/types/manage/home/fields','172.18.0.6',1642407765),(2662,0,'cron','Starting execution of @module_cron(), execution of @module_previous_cron() took @time.','a:3:{s:7:\"@module\";s:14:\"layout_builder\";s:16:\"@module_previous\";s:7:\"history\";s:5:\"@time\";s:6:\"0.15ms\";}',6,'','https://hed-9lts.ddev.site/admin/structure/types/manage/home/fields','https://hed-9lts.ddev.site/admin/structure/types/manage/home/fields','172.18.0.6',1642407765),(2663,0,'cron','Starting execution of @module_cron(), execution of @module_previous_cron() took @time.','a:3:{s:7:\"@module\";s:6:\"locale\";s:16:\"@module_previous\";s:14:\"layout_builder\";s:5:\"@time\";s:6:\"0.17ms\";}',6,'','https://hed-9lts.ddev.site/admin/structure/types/manage/home/fields','https://hed-9lts.ddev.site/admin/structure/types/manage/home/fields','172.18.0.6',1642407765),(2664,0,'cron','Starting execution of @module_cron(), execution of @module_previous_cron() took @time.','a:3:{s:7:\"@module\";s:4:\"node\";s:16:\"@module_previous\";s:6:\"locale\";s:5:\"@time\";s:6:\"8.15ms\";}',6,'','https://hed-9lts.ddev.site/admin/structure/types/manage/home/fields','https://hed-9lts.ddev.site/admin/structure/types/manage/home/fields','172.18.0.6',1642407765),(2665,0,'cron','Starting execution of @module_cron(), execution of @module_previous_cron() took @time.','a:3:{s:7:\"@module\";s:6:\"search\";s:16:\"@module_previous\";s:4:\"node\";s:5:\"@time\";s:7:\"54.79ms\";}',6,'','https://hed-9lts.ddev.site/admin/structure/types/manage/home/fields','https://hed-9lts.ddev.site/admin/structure/types/manage/home/fields','172.18.0.6',1642407765),(2666,0,'cron','Starting execution of @module_cron(), execution of @module_previous_cron() took @time.','a:3:{s:7:\"@module\";s:6:\"system\";s:16:\"@module_previous\";s:6:\"search\";s:5:\"@time\";s:8:\"567.24ms\";}',6,'','https://hed-9lts.ddev.site/admin/structure/types/manage/home/fields','https://hed-9lts.ddev.site/admin/structure/types/manage/home/fields','172.18.0.6',1642407766),(2667,0,'cron','Starting execution of @module_cron(), execution of @module_previous_cron() took @time.','a:3:{s:7:\"@module\";s:6:\"update\";s:16:\"@module_previous\";s:6:\"system\";s:5:\"@time\";s:7:\"279.6ms\";}',6,'','https://hed-9lts.ddev.site/admin/structure/types/manage/home/fields','https://hed-9lts.ddev.site/admin/structure/types/manage/home/fields','172.18.0.6',1642407766),(2668,0,'cron','Execution of @module_previous_cron() took @time.','a:2:{s:16:\"@module_previous\";s:6:\"update\";s:5:\"@time\";s:8:\"563.56ms\";}',6,'','https://hed-9lts.ddev.site/admin/structure/types/manage/home/fields','https://hed-9lts.ddev.site/admin/structure/types/manage/home/fields','172.18.0.6',1642407767),(2669,0,'cron','Cron run completed.','a:0:{}',6,'','https://hed-9lts.ddev.site/admin/structure/types/manage/home/fields','https://hed-9lts.ddev.site/admin/structure/types/manage/home/fields','172.18.0.6',1642407767),(2670,1,'content','@type: updated %title.','a:2:{s:5:\"@type\";s:4:\"home\";s:6:\"%title\";s:8:\"Homepage\";}',5,'<a href=\"/homepage\" hreflang=\"fr\">Voir</a>','https://hed-9lts.ddev.site/node/135/edit?destination=%2Fadmin%2Fcontent','https://hed-9lts.ddev.site/node/135/edit?destination=/admin/content','172.18.0.6',1642407909),(2671,1,'system','%module module installed.','a:1:{s:7:\"%module\";s:11:\"field_group\";}',6,'','https://hed-9lts.ddev.site/admin/modules','https://hed-9lts.ddev.site/admin/modules','172.18.0.6',1642408546),(2672,1,'locale','Translations imported: %number added, %update updated, %delete removed.','a:3:{s:7:\"%number\";i:30;s:7:\"%update\";i:33;s:7:\"%delete\";i:0;}',5,'','https://hed-9lts.ddev.site/batch?id=36&op=finished','https://hed-9lts.ddev.site/batch?id=36&op=start','172.18.0.6',1642408552),(2673,1,'content','@type: updated %title.','a:2:{s:5:\"@type\";s:4:\"home\";s:6:\"%title\";s:8:\"Homepage\";}',5,'<a href=\"/homepage\" hreflang=\"fr\">Voir</a>','https://hed-9lts.ddev.site/node/135/edit?destination=%2Fadmin%2Fcontent','https://hed-9lts.ddev.site/node/135/edit?destination=/admin/content','172.18.0.6',1642409634),(2674,1,'content','@type: updated %title.','a:2:{s:5:\"@type\";s:4:\"home\";s:6:\"%title\";s:8:\"Homepage\";}',5,'<a href=\"/homepage\" hreflang=\"fr\">Voir</a>','https://hed-9lts.ddev.site/node/135/edit?destination=%2Fadmin%2Fcontent','https://hed-9lts.ddev.site/node/135/edit?destination=/admin/content','172.18.0.6',1642411047),(2675,1,'content','@type: updated %title.','a:2:{s:5:\"@type\";s:4:\"home\";s:6:\"%title\";s:8:\"Homepage\";}',5,'<a href=\"/homepage\" hreflang=\"fr\">Voir</a>','https://hed-9lts.ddev.site/node/135/edit?destination=%2Fadmin%2Fcontent','https://hed-9lts.ddev.site/node/135/edit?destination=/admin/content','172.18.0.6',1642413438),(2676,1,'content','@type: updated %title.','a:2:{s:5:\"@type\";s:4:\"home\";s:6:\"%title\";s:8:\"Homepage\";}',5,'<a href=\"/homepage\" hreflang=\"fr\">Voir</a>','https://hed-9lts.ddev.site/node/135/edit?destination=%2Fadmin%2Fcontent','https://hed-9lts.ddev.site/node/135/edit?destination=/admin/content','172.18.0.6',1642413782),(2677,1,'content','@type: updated %title.','a:2:{s:5:\"@type\";s:4:\"home\";s:6:\"%title\";s:8:\"Homepage\";}',5,'<a href=\"/homepage\" hreflang=\"fr\">Voir</a>','https://hed-9lts.ddev.site/node/135/edit','https://hed-9lts.ddev.site/node/135/edit','172.18.0.6',1642415518),(2678,1,'content','@type: updated %title.','a:2:{s:5:\"@type\";s:4:\"home\";s:6:\"%title\";s:8:\"Homepage\";}',5,'<a href=\"/homepage\" hreflang=\"fr\">Voir</a>','https://hed-9lts.ddev.site/node/135/edit?destination=%2Fadmin%2Fcontent','https://hed-9lts.ddev.site/node/135/edit?destination=/admin/content','172.18.0.6',1642416530),(2679,0,'cron','Starting execution of @module_cron().','a:1:{s:7:\"@module\";s:7:\"comment\";}',6,'','https://hed-9lts.ddev.site/admin/modules','https://hed-9lts.ddev.site/admin/config/development/performance','172.18.0.6',1642418635),(2680,0,'cron','Starting execution of @module_cron(), execution of @module_previous_cron() took @time.','a:3:{s:7:\"@module\";s:5:\"dblog\";s:16:\"@module_previous\";s:7:\"comment\";s:5:\"@time\";s:6:\"0.63ms\";}',6,'','https://hed-9lts.ddev.site/admin/modules','https://hed-9lts.ddev.site/admin/config/development/performance','172.18.0.6',1642418635),(2681,0,'cron','Starting execution of @module_cron(), execution of @module_previous_cron() took @time.','a:3:{s:7:\"@module\";s:5:\"field\";s:16:\"@module_previous\";s:5:\"dblog\";s:5:\"@time\";s:6:\"3.15ms\";}',6,'','https://hed-9lts.ddev.site/admin/modules','https://hed-9lts.ddev.site/admin/config/development/performance','172.18.0.6',1642418635),(2682,0,'cron','Starting execution of @module_cron(), execution of @module_previous_cron() took @time.','a:3:{s:7:\"@module\";s:4:\"file\";s:16:\"@module_previous\";s:5:\"field\";s:5:\"@time\";s:6:\"1.88ms\";}',6,'','https://hed-9lts.ddev.site/admin/modules','https://hed-9lts.ddev.site/admin/config/development/performance','172.18.0.6',1642418635),(2683,0,'cron','Starting execution of @module_cron(), execution of @module_previous_cron() took @time.','a:3:{s:7:\"@module\";s:7:\"history\";s:16:\"@module_previous\";s:4:\"file\";s:5:\"@time\";s:6:\"1.79ms\";}',6,'','https://hed-9lts.ddev.site/admin/modules','https://hed-9lts.ddev.site/admin/config/development/performance','172.18.0.6',1642418635),(2684,0,'cron','Starting execution of @module_cron(), execution of @module_previous_cron() took @time.','a:3:{s:7:\"@module\";s:14:\"layout_builder\";s:16:\"@module_previous\";s:7:\"history\";s:5:\"@time\";s:6:\"0.15ms\";}',6,'','https://hed-9lts.ddev.site/admin/modules','https://hed-9lts.ddev.site/admin/config/development/performance','172.18.0.6',1642418635),(2685,0,'cron','Starting execution of @module_cron(), execution of @module_previous_cron() took @time.','a:3:{s:7:\"@module\";s:6:\"locale\";s:16:\"@module_previous\";s:14:\"layout_builder\";s:5:\"@time\";s:6:\"1.38ms\";}',6,'','https://hed-9lts.ddev.site/admin/modules','https://hed-9lts.ddev.site/admin/config/development/performance','172.18.0.6',1642418635),(2686,0,'cron','Starting execution of @module_cron(), execution of @module_previous_cron() took @time.','a:3:{s:7:\"@module\";s:4:\"node\";s:16:\"@module_previous\";s:6:\"locale\";s:5:\"@time\";s:6:\"0.02ms\";}',6,'','https://hed-9lts.ddev.site/admin/modules','https://hed-9lts.ddev.site/admin/config/development/performance','172.18.0.6',1642418635),(2687,0,'cron','Starting execution of @module_cron(), execution of @module_previous_cron() took @time.','a:3:{s:7:\"@module\";s:6:\"search\";s:16:\"@module_previous\";s:4:\"node\";s:5:\"@time\";s:6:\"9.09ms\";}',6,'','https://hed-9lts.ddev.site/admin/modules','https://hed-9lts.ddev.site/admin/config/development/performance','172.18.0.6',1642418635),(2688,0,'cron','Starting execution of @module_cron(), execution of @module_previous_cron() took @time.','a:3:{s:7:\"@module\";s:6:\"system\";s:16:\"@module_previous\";s:6:\"search\";s:5:\"@time\";s:8:\"241.45ms\";}',6,'','https://hed-9lts.ddev.site/admin/modules','https://hed-9lts.ddev.site/admin/config/development/performance','172.18.0.6',1642418635),(2689,0,'cron','Starting execution of @module_cron(), execution of @module_previous_cron() took @time.','a:3:{s:7:\"@module\";s:6:\"update\";s:16:\"@module_previous\";s:6:\"system\";s:5:\"@time\";s:6:\"8.87ms\";}',6,'','https://hed-9lts.ddev.site/admin/modules','https://hed-9lts.ddev.site/admin/config/development/performance','172.18.0.6',1642418635),(2690,0,'cron','Execution of @module_previous_cron() took @time.','a:2:{s:16:\"@module_previous\";s:6:\"update\";s:5:\"@time\";s:8:\"137.72ms\";}',6,'','https://hed-9lts.ddev.site/admin/modules','https://hed-9lts.ddev.site/admin/config/development/performance','172.18.0.6',1642418635),(2691,0,'cron','Cron run completed.','a:0:{}',6,'','https://hed-9lts.ddev.site/admin/modules','https://hed-9lts.ddev.site/admin/config/development/performance','172.18.0.6',1642418635),(2692,0,'access denied','Path: @uri. %type: @message in %function (line %line of %file).','a:6:{s:5:\"%type\";s:61:\"Drupal\\Core\\Http\\Exception\\CacheableAccessDeniedHttpException\";s:8:\"@message\";s:58:\"The \'administer node form display\' permission is required.\";s:9:\"%function\";s:52:\"Drupal\\Core\\Routing\\AccessAwareRouter->checkAccess()\";s:5:\"%file\";s:68:\"/var/www/html/web/core/lib/Drupal/Core/Routing/AccessAwareRouter.php\";s:5:\"%line\";i:117;s:4:\"@uri\";s:47:\"/admin/structure/types/manage/home/form-display\";}',4,'','https://hed-9lts.ddev.site/admin/structure/types/manage/home/form-display','https://hed-9lts.ddev.site/admin/structure/types/manage/home/form-display','172.18.0.6',1642419605),(2693,1,'user','Session opened for %name.','a:1:{s:5:\"%name\";s:11:\"theo-wseils\";}',5,'','https://hed-9lts.ddev.site/user/login','https://hed-9lts.ddev.site/user/login','172.18.0.6',1642419705),(2694,1,'php','%type: @message in %function (line %line of %file) @backtrace_string.','a:6:{s:5:\"%type\";s:6:\"Notice\";s:8:\"@message\";O:25:\"Drupal\\Core\\Render\\Markup\":1:{s:9:\"\0*\0string\";s:21:\"Undefined index: name\";}s:9:\"%function\";s:51:\"Drupal\\field_ui\\Element\\FieldUiTable::reduceOrder()\";s:5:\"%file\";s:68:\"/var/www/html/web/core/modules/field_ui/src/Element/FieldUiTable.php\";s:5:\"%line\";i:228;s:17:\"@backtrace_string\";s:5354:\"#0 /var/www/html/web/core/includes/bootstrap.inc(312): _drupal_error_handler_real(8, \'Undefined index...\', \'/var/www/html/w...\', 228)\n#1 /var/www/html/web/core/modules/field_ui/src/Element/FieldUiTable.php(228): _drupal_error_handler(8, \'Undefined index...\', \'/var/www/html/w...\', 228, Array)\n#2 [internal function]: Drupal\\field_ui\\Element\\FieldUiTable::reduceOrder(Array, Array)\n#3 /var/www/html/web/core/modules/field_ui/src/Element/FieldUiTable.php(233): array_reduce(Array, Array)\n#4 [internal function]: Drupal\\field_ui\\Element\\FieldUiTable::reduceOrder(Array, Array)\n#5 /var/www/html/web/core/modules/field_ui/src/Element/FieldUiTable.php(233): array_reduce(Array, Array)\n#6 [internal function]: Drupal\\field_ui\\Element\\FieldUiTable::reduceOrder(Array, Array)\n#7 /var/www/html/web/core/modules/field_ui/src/Element/FieldUiTable.php(233): array_reduce(Array, Array)\n#8 [internal function]: Drupal\\field_ui\\Element\\FieldUiTable::reduceOrder(Array, Array)\n#9 /var/www/html/web/core/modules/field_ui/src/Element/FieldUiTable.php(108): array_reduce(Array, Array)\n#10 [internal function]: Drupal\\field_ui\\Element\\FieldUiTable::tablePreRender(Array)\n#11 /var/www/html/web/core/lib/Drupal/Core/Security/DoTrustedCallbackTrait.php(101): call_user_func_array(Array, Array)\n#12 /var/www/html/web/core/lib/Drupal/Core/Render/Renderer.php(786): Drupal\\Core\\Render\\Renderer->doTrustedCallback(Array, Array, \'Render #pre_ren...\', \'exception\', \'Drupal\\\\Core\\\\Ren...\')\n#13 /var/www/html/web/core/lib/Drupal/Core/Render/Renderer.php(377): Drupal\\Core\\Render\\Renderer->doCallback(\'#pre_render\', Array, Array)\n#14 /var/www/html/web/core/lib/Drupal/Core/Render/Renderer.php(449): Drupal\\Core\\Render\\Renderer->doRender(Array)\n#15 /var/www/html/web/core/lib/Drupal/Core/Render/Renderer.php(201): Drupal\\Core\\Render\\Renderer->doRender(Array, false)\n#16 /var/www/html/web/core/lib/Drupal/Core/Render/MainContent/HtmlRenderer.php(241): Drupal\\Core\\Render\\Renderer->render(Array, false)\n#17 /var/www/html/web/core/lib/Drupal/Core/Render/Renderer.php(578): Drupal\\Core\\Render\\MainContent\\HtmlRenderer->Drupal\\Core\\Render\\MainContent\\{closure}()\n#18 /var/www/html/web/core/lib/Drupal/Core/Render/MainContent/HtmlRenderer.php(242): Drupal\\Core\\Render\\Renderer->executeInRenderContext(Object(Drupal\\Core\\Render\\RenderContext), Object(Closure))\n#19 /var/www/html/web/core/lib/Drupal/Core/Render/MainContent/HtmlRenderer.php(132): Drupal\\Core\\Render\\MainContent\\HtmlRenderer->prepare(Array, Object(Symfony\\Component\\HttpFoundation\\Request), Object(Drupal\\Core\\Routing\\CurrentRouteMatch))\n#20 /var/www/html/web/core/lib/Drupal/Core/EventSubscriber/MainContentViewSubscriber.php(90): Drupal\\Core\\Render\\MainContent\\HtmlRenderer->renderResponse(Array, Object(Symfony\\Component\\HttpFoundation\\Request), Object(Drupal\\Core\\Routing\\CurrentRouteMatch))\n#21 [internal function]: Drupal\\Core\\EventSubscriber\\MainContentViewSubscriber->onViewRenderArray(Object(Symfony\\Component\\HttpKernel\\Event\\ViewEvent), \'kernel.view\', Object(Drupal\\Component\\EventDispatcher\\ContainerAwareEventDispatcher))\n#22 /var/www/html/web/core/lib/Drupal/Component/EventDispatcher/ContainerAwareEventDispatcher.php(142): call_user_func(Array, Object(Symfony\\Component\\HttpKernel\\Event\\ViewEvent), \'kernel.view\', Object(Drupal\\Component\\EventDispatcher\\ContainerAwareEventDispatcher))\n#23 /var/www/html/vendor/symfony/http-kernel/HttpKernel.php(163): Drupal\\Component\\EventDispatcher\\ContainerAwareEventDispatcher->dispatch(Object(Symfony\\Component\\HttpKernel\\Event\\ViewEvent), \'kernel.view\')\n#24 /var/www/html/vendor/symfony/http-kernel/HttpKernel.php(80): Symfony\\Component\\HttpKernel\\HttpKernel->handleRaw(Object(Symfony\\Component\\HttpFoundation\\Request), 1)\n#25 /var/www/html/web/core/lib/Drupal/Core/StackMiddleware/Session.php(57): Symfony\\Component\\HttpKernel\\HttpKernel->handle(Object(Symfony\\Component\\HttpFoundation\\Request), 1, true)\n#26 /var/www/html/web/core/lib/Drupal/Core/StackMiddleware/KernelPreHandle.php(47): Drupal\\Core\\StackMiddleware\\Session->handle(Object(Symfony\\Component\\HttpFoundation\\Request), 1, true)\n#27 /var/www/html/web/core/modules/page_cache/src/StackMiddleware/PageCache.php(106): Drupal\\Core\\StackMiddleware\\KernelPreHandle->handle(Object(Symfony\\Component\\HttpFoundation\\Request), 1, true)\n#28 /var/www/html/web/core/modules/page_cache/src/StackMiddleware/PageCache.php(85): Drupal\\page_cache\\StackMiddleware\\PageCache->pass(Object(Symfony\\Component\\HttpFoundation\\Request), 1, true)\n#29 /var/www/html/web/core/lib/Drupal/Core/StackMiddleware/ReverseProxyMiddleware.php(47): Drupal\\page_cache\\StackMiddleware\\PageCache->handle(Object(Symfony\\Component\\HttpFoundation\\Request), 1, true)\n#30 /var/www/html/web/core/lib/Drupal/Core/StackMiddleware/NegotiationMiddleware.php(52): Drupal\\Core\\StackMiddleware\\ReverseProxyMiddleware->handle(Object(Symfony\\Component\\HttpFoundation\\Request), 1, true)\n#31 /var/www/html/vendor/stack/builder/src/Stack/StackedHttpKernel.php(23): Drupal\\Core\\StackMiddleware\\NegotiationMiddleware->handle(Object(Symfony\\Component\\HttpFoundation\\Request), 1, true)\n#32 /var/www/html/web/core/lib/Drupal/Core/DrupalKernel.php(717): Stack\\StackedHttpKernel->handle(Object(Symfony\\Component\\HttpFoundation\\Request), 1, true)\n#33 /var/www/html/web/index.php(19): Drupal\\Core\\DrupalKernel->handle(Object(Symfony\\Component\\HttpFoundation\\Request))\n#34 {main}\";}',5,'','https://hed-9lts.ddev.site/admin/structure/types/manage/home/form-display','https://hed-9lts.ddev.site/admin/structure/types/manage/home/form-display','172.18.0.6',1642427310),(2695,1,'php','%type: @message in %function (line %line of %file) @backtrace_string.','a:6:{s:5:\"%type\";s:6:\"Notice\";s:8:\"@message\";O:25:\"Drupal\\Core\\Render\\Markup\":1:{s:9:\"\0*\0string\";s:21:\"Undefined index: name\";}s:9:\"%function\";s:51:\"Drupal\\field_ui\\Element\\FieldUiTable::reduceOrder()\";s:5:\"%file\";s:68:\"/var/www/html/web/core/modules/field_ui/src/Element/FieldUiTable.php\";s:5:\"%line\";i:228;s:17:\"@backtrace_string\";s:4964:\"#0 /var/www/html/web/core/includes/bootstrap.inc(312): _drupal_error_handler_real(8, \'Undefined index...\', \'/var/www/html/w...\', 228)\n#1 /var/www/html/web/core/modules/field_ui/src/Element/FieldUiTable.php(228): _drupal_error_handler(8, \'Undefined index...\', \'/var/www/html/w...\', 228, Array)\n#2 [internal function]: Drupal\\field_ui\\Element\\FieldUiTable::reduceOrder(Array, Array)\n#3 /var/www/html/web/core/modules/field_ui/src/Element/FieldUiTable.php(233): array_reduce(Array, Array)\n#4 [internal function]: Drupal\\field_ui\\Element\\FieldUiTable::reduceOrder(Array, Array)\n#5 /var/www/html/web/core/modules/field_ui/src/Element/FieldUiTable.php(108): array_reduce(Array, Array)\n#6 [internal function]: Drupal\\field_ui\\Element\\FieldUiTable::tablePreRender(Array)\n#7 /var/www/html/web/core/lib/Drupal/Core/Security/DoTrustedCallbackTrait.php(101): call_user_func_array(Array, Array)\n#8 /var/www/html/web/core/lib/Drupal/Core/Render/Renderer.php(786): Drupal\\Core\\Render\\Renderer->doTrustedCallback(Array, Array, \'Render #pre_ren...\', \'exception\', \'Drupal\\\\Core\\\\Ren...\')\n#9 /var/www/html/web/core/lib/Drupal/Core/Render/Renderer.php(377): Drupal\\Core\\Render\\Renderer->doCallback(\'#pre_render\', Array, Array)\n#10 /var/www/html/web/core/lib/Drupal/Core/Render/Renderer.php(449): Drupal\\Core\\Render\\Renderer->doRender(Array)\n#11 /var/www/html/web/core/lib/Drupal/Core/Render/Renderer.php(201): Drupal\\Core\\Render\\Renderer->doRender(Array, false)\n#12 /var/www/html/web/core/lib/Drupal/Core/Render/MainContent/HtmlRenderer.php(241): Drupal\\Core\\Render\\Renderer->render(Array, false)\n#13 /var/www/html/web/core/lib/Drupal/Core/Render/Renderer.php(578): Drupal\\Core\\Render\\MainContent\\HtmlRenderer->Drupal\\Core\\Render\\MainContent\\{closure}()\n#14 /var/www/html/web/core/lib/Drupal/Core/Render/MainContent/HtmlRenderer.php(242): Drupal\\Core\\Render\\Renderer->executeInRenderContext(Object(Drupal\\Core\\Render\\RenderContext), Object(Closure))\n#15 /var/www/html/web/core/lib/Drupal/Core/Render/MainContent/HtmlRenderer.php(132): Drupal\\Core\\Render\\MainContent\\HtmlRenderer->prepare(Array, Object(Symfony\\Component\\HttpFoundation\\Request), Object(Drupal\\Core\\Routing\\CurrentRouteMatch))\n#16 /var/www/html/web/core/lib/Drupal/Core/EventSubscriber/MainContentViewSubscriber.php(90): Drupal\\Core\\Render\\MainContent\\HtmlRenderer->renderResponse(Array, Object(Symfony\\Component\\HttpFoundation\\Request), Object(Drupal\\Core\\Routing\\CurrentRouteMatch))\n#17 [internal function]: Drupal\\Core\\EventSubscriber\\MainContentViewSubscriber->onViewRenderArray(Object(Symfony\\Component\\HttpKernel\\Event\\ViewEvent), \'kernel.view\', Object(Drupal\\Component\\EventDispatcher\\ContainerAwareEventDispatcher))\n#18 /var/www/html/web/core/lib/Drupal/Component/EventDispatcher/ContainerAwareEventDispatcher.php(142): call_user_func(Array, Object(Symfony\\Component\\HttpKernel\\Event\\ViewEvent), \'kernel.view\', Object(Drupal\\Component\\EventDispatcher\\ContainerAwareEventDispatcher))\n#19 /var/www/html/vendor/symfony/http-kernel/HttpKernel.php(163): Drupal\\Component\\EventDispatcher\\ContainerAwareEventDispatcher->dispatch(Object(Symfony\\Component\\HttpKernel\\Event\\ViewEvent), \'kernel.view\')\n#20 /var/www/html/vendor/symfony/http-kernel/HttpKernel.php(80): Symfony\\Component\\HttpKernel\\HttpKernel->handleRaw(Object(Symfony\\Component\\HttpFoundation\\Request), 1)\n#21 /var/www/html/web/core/lib/Drupal/Core/StackMiddleware/Session.php(57): Symfony\\Component\\HttpKernel\\HttpKernel->handle(Object(Symfony\\Component\\HttpFoundation\\Request), 1, true)\n#22 /var/www/html/web/core/lib/Drupal/Core/StackMiddleware/KernelPreHandle.php(47): Drupal\\Core\\StackMiddleware\\Session->handle(Object(Symfony\\Component\\HttpFoundation\\Request), 1, true)\n#23 /var/www/html/web/core/modules/page_cache/src/StackMiddleware/PageCache.php(106): Drupal\\Core\\StackMiddleware\\KernelPreHandle->handle(Object(Symfony\\Component\\HttpFoundation\\Request), 1, true)\n#24 /var/www/html/web/core/modules/page_cache/src/StackMiddleware/PageCache.php(85): Drupal\\page_cache\\StackMiddleware\\PageCache->pass(Object(Symfony\\Component\\HttpFoundation\\Request), 1, true)\n#25 /var/www/html/web/core/lib/Drupal/Core/StackMiddleware/ReverseProxyMiddleware.php(47): Drupal\\page_cache\\StackMiddleware\\PageCache->handle(Object(Symfony\\Component\\HttpFoundation\\Request), 1, true)\n#26 /var/www/html/web/core/lib/Drupal/Core/StackMiddleware/NegotiationMiddleware.php(52): Drupal\\Core\\StackMiddleware\\ReverseProxyMiddleware->handle(Object(Symfony\\Component\\HttpFoundation\\Request), 1, true)\n#27 /var/www/html/vendor/stack/builder/src/Stack/StackedHttpKernel.php(23): Drupal\\Core\\StackMiddleware\\NegotiationMiddleware->handle(Object(Symfony\\Component\\HttpFoundation\\Request), 1, true)\n#28 /var/www/html/web/core/lib/Drupal/Core/DrupalKernel.php(717): Stack\\StackedHttpKernel->handle(Object(Symfony\\Component\\HttpFoundation\\Request), 1, true)\n#29 /var/www/html/web/index.php(19): Drupal\\Core\\DrupalKernel->handle(Object(Symfony\\Component\\HttpFoundation\\Request))\n#30 {main}\";}',5,'','https://hed-9lts.ddev.site/admin/structure/types/manage/home/form-display','https://hed-9lts.ddev.site/admin/structure/types/manage/home/form-display','172.18.0.6',1642427310),(2696,1,'php','%type: @message in %function (line %line of %file) @backtrace_string.','a:6:{s:5:\"%type\";s:6:\"Notice\";s:8:\"@message\";O:25:\"Drupal\\Core\\Render\\Markup\":1:{s:9:\"\0*\0string\";s:21:\"Undefined index: name\";}s:9:\"%function\";s:51:\"Drupal\\field_ui\\Element\\FieldUiTable::reduceOrder()\";s:5:\"%file\";s:68:\"/var/www/html/web/core/modules/field_ui/src/Element/FieldUiTable.php\";s:5:\"%line\";i:228;s:17:\"@backtrace_string\";s:5159:\"#0 /var/www/html/web/core/includes/bootstrap.inc(312): _drupal_error_handler_real(8, \'Undefined index...\', \'/var/www/html/w...\', 228)\n#1 /var/www/html/web/core/modules/field_ui/src/Element/FieldUiTable.php(228): _drupal_error_handler(8, \'Undefined index...\', \'/var/www/html/w...\', 228, Array)\n#2 [internal function]: Drupal\\field_ui\\Element\\FieldUiTable::reduceOrder(Array, Array)\n#3 /var/www/html/web/core/modules/field_ui/src/Element/FieldUiTable.php(233): array_reduce(Array, Array)\n#4 [internal function]: Drupal\\field_ui\\Element\\FieldUiTable::reduceOrder(Array, Array)\n#5 /var/www/html/web/core/modules/field_ui/src/Element/FieldUiTable.php(233): array_reduce(Array, Array)\n#6 [internal function]: Drupal\\field_ui\\Element\\FieldUiTable::reduceOrder(Array, Array)\n#7 /var/www/html/web/core/modules/field_ui/src/Element/FieldUiTable.php(108): array_reduce(Array, Array)\n#8 [internal function]: Drupal\\field_ui\\Element\\FieldUiTable::tablePreRender(Array)\n#9 /var/www/html/web/core/lib/Drupal/Core/Security/DoTrustedCallbackTrait.php(101): call_user_func_array(Array, Array)\n#10 /var/www/html/web/core/lib/Drupal/Core/Render/Renderer.php(786): Drupal\\Core\\Render\\Renderer->doTrustedCallback(Array, Array, \'Render #pre_ren...\', \'exception\', \'Drupal\\\\Core\\\\Ren...\')\n#11 /var/www/html/web/core/lib/Drupal/Core/Render/Renderer.php(377): Drupal\\Core\\Render\\Renderer->doCallback(\'#pre_render\', Array, Array)\n#12 /var/www/html/web/core/lib/Drupal/Core/Render/Renderer.php(449): Drupal\\Core\\Render\\Renderer->doRender(Array)\n#13 /var/www/html/web/core/lib/Drupal/Core/Render/Renderer.php(201): Drupal\\Core\\Render\\Renderer->doRender(Array, false)\n#14 /var/www/html/web/core/lib/Drupal/Core/Render/MainContent/HtmlRenderer.php(241): Drupal\\Core\\Render\\Renderer->render(Array, false)\n#15 /var/www/html/web/core/lib/Drupal/Core/Render/Renderer.php(578): Drupal\\Core\\Render\\MainContent\\HtmlRenderer->Drupal\\Core\\Render\\MainContent\\{closure}()\n#16 /var/www/html/web/core/lib/Drupal/Core/Render/MainContent/HtmlRenderer.php(242): Drupal\\Core\\Render\\Renderer->executeInRenderContext(Object(Drupal\\Core\\Render\\RenderContext), Object(Closure))\n#17 /var/www/html/web/core/lib/Drupal/Core/Render/MainContent/HtmlRenderer.php(132): Drupal\\Core\\Render\\MainContent\\HtmlRenderer->prepare(Array, Object(Symfony\\Component\\HttpFoundation\\Request), Object(Drupal\\Core\\Routing\\CurrentRouteMatch))\n#18 /var/www/html/web/core/lib/Drupal/Core/EventSubscriber/MainContentViewSubscriber.php(90): Drupal\\Core\\Render\\MainContent\\HtmlRenderer->renderResponse(Array, Object(Symfony\\Component\\HttpFoundation\\Request), Object(Drupal\\Core\\Routing\\CurrentRouteMatch))\n#19 [internal function]: Drupal\\Core\\EventSubscriber\\MainContentViewSubscriber->onViewRenderArray(Object(Symfony\\Component\\HttpKernel\\Event\\ViewEvent), \'kernel.view\', Object(Drupal\\Component\\EventDispatcher\\ContainerAwareEventDispatcher))\n#20 /var/www/html/web/core/lib/Drupal/Component/EventDispatcher/ContainerAwareEventDispatcher.php(142): call_user_func(Array, Object(Symfony\\Component\\HttpKernel\\Event\\ViewEvent), \'kernel.view\', Object(Drupal\\Component\\EventDispatcher\\ContainerAwareEventDispatcher))\n#21 /var/www/html/vendor/symfony/http-kernel/HttpKernel.php(163): Drupal\\Component\\EventDispatcher\\ContainerAwareEventDispatcher->dispatch(Object(Symfony\\Component\\HttpKernel\\Event\\ViewEvent), \'kernel.view\')\n#22 /var/www/html/vendor/symfony/http-kernel/HttpKernel.php(80): Symfony\\Component\\HttpKernel\\HttpKernel->handleRaw(Object(Symfony\\Component\\HttpFoundation\\Request), 1)\n#23 /var/www/html/web/core/lib/Drupal/Core/StackMiddleware/Session.php(57): Symfony\\Component\\HttpKernel\\HttpKernel->handle(Object(Symfony\\Component\\HttpFoundation\\Request), 1, true)\n#24 /var/www/html/web/core/lib/Drupal/Core/StackMiddleware/KernelPreHandle.php(47): Drupal\\Core\\StackMiddleware\\Session->handle(Object(Symfony\\Component\\HttpFoundation\\Request), 1, true)\n#25 /var/www/html/web/core/modules/page_cache/src/StackMiddleware/PageCache.php(106): Drupal\\Core\\StackMiddleware\\KernelPreHandle->handle(Object(Symfony\\Component\\HttpFoundation\\Request), 1, true)\n#26 /var/www/html/web/core/modules/page_cache/src/StackMiddleware/PageCache.php(85): Drupal\\page_cache\\StackMiddleware\\PageCache->pass(Object(Symfony\\Component\\HttpFoundation\\Request), 1, true)\n#27 /var/www/html/web/core/lib/Drupal/Core/StackMiddleware/ReverseProxyMiddleware.php(47): Drupal\\page_cache\\StackMiddleware\\PageCache->handle(Object(Symfony\\Component\\HttpFoundation\\Request), 1, true)\n#28 /var/www/html/web/core/lib/Drupal/Core/StackMiddleware/NegotiationMiddleware.php(52): Drupal\\Core\\StackMiddleware\\ReverseProxyMiddleware->handle(Object(Symfony\\Component\\HttpFoundation\\Request), 1, true)\n#29 /var/www/html/vendor/stack/builder/src/Stack/StackedHttpKernel.php(23): Drupal\\Core\\StackMiddleware\\NegotiationMiddleware->handle(Object(Symfony\\Component\\HttpFoundation\\Request), 1, true)\n#30 /var/www/html/web/core/lib/Drupal/Core/DrupalKernel.php(717): Stack\\StackedHttpKernel->handle(Object(Symfony\\Component\\HttpFoundation\\Request), 1, true)\n#31 /var/www/html/web/index.php(19): Drupal\\Core\\DrupalKernel->handle(Object(Symfony\\Component\\HttpFoundation\\Request))\n#32 {main}\";}',5,'','https://hed-9lts.ddev.site/admin/structure/types/manage/home/form-display','https://hed-9lts.ddev.site/admin/structure/types/manage/home/form-display','172.18.0.6',1642427310),